-- Table structure for table `catalog_product_entity_tier_price`
--

CREATE TABLE `catalog_product_entity_tier_price` (
  `value_id` int(11) NOT NULL AUTO_INCREMENT COMMENT 'Value ID',
  `entity_id` int(10) unsigned NOT NULL DEFAULT '0' COMMENT 'Entity ID',
  `all_groups` smallint(5) unsigned NOT NULL DEFAULT '1' COMMENT 'Is Applicable To All Customer Groups',
  `customer_group_id` smallint(5) unsigned NOT NULL DEFAULT '0' COMMENT 'Customer Group ID',
  `qty` decimal(12,4) NOT NULL DEFAULT '1.0000' COMMENT 'QTY',
  `value` decimal(12,4) NOT NULL DEFAULT '0.0000' COMMENT 'Value',
  `website_id` smallint(5) unsigned NOT NULL COMMENT 'Website ID',
  PRIMARY KEY (`value_id`),
  UNIQUE KEY `UNQ_E8AB433B9ACB00343ABB312AD2FAB087` (`entity_id`,`all_groups`,`customer_group_id`,`qty`,`website_id`),
  KEY `CATALOG_PRODUCT_ENTITY_TIER_PRICE_CUSTOMER_GROUP_ID` (`customer_group_id`),
  KEY `CATALOG_PRODUCT_ENTITY_TIER_PRICE_WEBSITE_ID` (`website_id`)
) ENGINE=InnoDB DEFAULT CHARSET=utf8 COMMENT='Catalog Product Tier Price Attribute Backend Table';

--
-- Table structure for table `catalog_product_entity_varchar`
--

CREATE TABLE `catalog_product_entity_varchar` (
  `value_id` int(11) NOT NULL AUTO_INCREMENT COMMENT 'Value ID',
  `attribute_id` smallint(5) unsigned NOT NULL DEFAULT '0' COMMENT 'Attribute ID',
  `store_id` smallint(5) unsigned NOT NULL DEFAULT '0' COMMENT 'Store ID',
  `entity_id` int(10) unsigned NOT NULL DEFAULT '0' COMMENT 'Entity ID',
  `value` varchar(255) DEFAULT NULL COMMENT 'Value',
  PRIMARY KEY (`value_id`),
  UNIQUE KEY `CATALOG_PRODUCT_ENTITY_VARCHAR_ENTITY_ID_ATTRIBUTE_ID_STORE_ID` (`entity_id`,`attribute_id`,`store_id`),
  KEY `CATALOG_PRODUCT_ENTITY_VARCHAR_ATTRIBUTE_ID` (`attribute_id`),
  KEY `CATALOG_PRODUCT_ENTITY_VARCHAR_STORE_ID` (`store_id`)
) ENGINE=InnoDB AUTO_INCREMENT=925 DEFAULT CHARSET=utf8 COMMENT='Catalog Product Varchar Attribute Backend Table';

--
-- Dumping data for table `catalog_product_entity_varchar`
--

INSERT INTO `catalog_product_entity_varchar` VALUES ('1',73,0,'1','Joust Duffle Bag'),('2',84,0,'1','Joust Duffle Bag'),('3',86,0,'1','Joust Duffle Bag The sporty Joust Duffle Bag can\'t be beat - not in the gym, not on the luggage carousel, not anywhere. Big enough to haul a basketball or soccer ball and some sneakers with plenty of room to spare, it\'s ideal for athletes with places to g'),('4',106,0,'1','container2'),('5',119,0,'1','joust-duffle-bag'),('6',134,0,'1','2'),('7',73,0,'2','Chaz Kangeroo Hoodie'),('8',84,0,'2','Chaz Kangeroo Hoodie'),('9',86,0,'2','Chaz Kangeroo Hoodie Ideal for cold-weather training or work outdoors, the Chaz Hoodie promises superior warmth with every wear. Thick material blocks out the wind as ribbed cuffs and bottom band seal in body heat.\r\n• Two-tone gray heather hoodie.• Drawst'),('10',106,0,'2','container2'),('11',119,0,'2','chaz-kangeroo-hoodie'),('12',134,0,'2','2'),('37',73,0,'7','MH01-Black'),('38',84,0,'7','Chaz Kangeroo Hoodie'),('39',86,0,'7','Chaz Kangeroo Hoodie Ideal for cold-weather training or work outdoors, the Chaz Hoodie promises superior warmth with every wear. Thick material blocks out the wind as ribbed cuffs and bottom band seal in body heat.\r\n• Two-tone gray heather hoodie.• Drawst'),('40',106,0,'7','container2'),('41',119,0,'7','mh01-black'),('42',134,0,'7','2'),('49',73,0,'9','Set of Sprite Yoga Straps'),('50',84,0,'9','Set of Sprite Yoga Straps'),('51',86,0,'9','Set of Sprite Yoga Straps Great set of Sprite Yoga Straps for every stretch and hold you need. There are three straps in this set: 6\', 8\' and 10\'.\r\n\r\n100% soft and durable cotton.\r\nPlastic cinch buckle is easy to use.\r\nChoice of three natural colors made '),('52',106,0,'9','container2'),('53',119,0,'9','set-of-sprite-yoga-straps'),('54',134,0,'9','2'),('55',73,0,'10','Sprite Yoga Companion Kit'),('56',84,0,'10','Sprite Yoga Companion Kit'),('57',86,0,'10','Sprite Yoga Companion Kit <p>A well-rounded yoga workout takes more than a mat. The Sprite Yoga Companion Kit helps stock your studio with the basics you need for a full-range workout. The kit is composed of four best-selling Luma Sprite accessories in on'),('58',106,0,'10','container2'),('59',119,0,'10','sprite-yoga-companion-kit'),('60',134,0,'10','2'),('97',73,0,'17','Beginner\'s Yoga'),('98',84,0,'17','Beginner\'s Yoga'),('99',86,0,'17','Beginner\'s Yoga '),('100',106,0,'17','container2'),('101',119,0,'17','beginner-s-yoga'),('102',129,0,'17','Trailers'),('103',130,0,'17','Links'),('104',134,0,'17','2'),('105',73,0,'18','Strive Shoulder Pack'),('106',84,0,'18','Strive Shoulder Pack'),('107',86,0,'18','Strive Shoulder Pack Convenience is next to nothing when your day is crammed with action. So whether you\'re heading to class, gym, or the unbeaten path, make sure you\'ve got your Strive Shoulder Pack stuffed with all your essentials, and extras as well.\r\n'),('108',106,0,'18','container2'),('109',119,0,'18','strive-shoulder-pack'),('110',134,0,'18','2'),('111',73,0,'19','Crown Summit Backpack'),('112',84,0,'19','Crown Summit Backpack'),('113',86,0,'19','Crown Summit Backpack <p>The Crown Summit Backpack is equally at home in a gym locker, study cube or a pup tent, so be sure yours is packed with books, a bag lunch, water bottles, yoga block, laptop, or whatever else you want in hand. Rugged enough for da'),('114',106,0,'19','container2'),('115',119,0,'19','crown-summit-backpack'),('116',134,0,'19','2'),('117',73,0,'20','Wayfarer Messenger Bag'),('118',84,0,'20','Wayfarer Messenger Bag'),('119',86,0,'20','Wayfarer Messenger Bag Perfect for class, work or the gym, the Wayfarer Messenger Bag is packed with pockets. The dual-buckle flap closure reveals an organizational panel, and the roomy main compartment has spaces for your laptop and a change of clothes. '),('120',106,0,'20','container2'),('121',119,0,'20','wayfarer-messenger-bag'),('122',134,0,'20','2'),('123',73,0,'21','Rival Field Messenger'),('124',84,0,'21','Rival Field Messenger'),('125',86,0,'21','Rival Field Messenger The Rival Field Messenger packs all your campus, studio or trail essentials inside a unique design of soft, textured leather - with loads of character to spare. Two exterior pockets keep all your smaller items handy, and the roomy in'),('126',106,0,'21','container2'),('127',119,0,'21','rival-field-messenger'),('128',134,0,'21','2'),('129',87,0,'1','/1/_/1.jpg'),('130',88,0,'1','/1/_/1.jpg'),('131',89,0,'1','/1/_/1.jpg'),('132',132,0,'1','/1/_/1.jpg'),('133',73,0,'22','MH01-Gray'),('134',84,0,'22','Chaz Kangeroo Hoodie'),('135',86,0,'22','Chaz Kangeroo Hoodie Ideal for cold-weather training or work outdoors, the Chaz Hoodie promises superior warmth with every wear. Thick material blocks out the wind as ribbed cuffs and bottom band seal in body heat.\r\n• Two-tone gray heather hoodie.• Drawst'),('136',106,0,'22','container2'),('137',119,0,'22','mh01-gray'),('138',134,0,'22','2'),('139',87,0,'2','/2/_/2_10.jpg'),('140',88,0,'2','/2/_/2_10.jpg'),('141',89,0,'2','/2/_/2_10.jpg'),('145',87,0,'7','/3/_/3_12.jpg'),('146',88,0,'7','/3/_/3_12.jpg'),('147',89,0,'7','/3/_/3_12.jpg'),('148',132,0,'7','/3/_/3_12.jpg'),('153',87,0,'22','/1/2/12_10.jpg'),('154',88,0,'22','/1/2/12_10.jpg'),('155',89,0,'22','/1/2/12_10.jpg'),('156',132,0,'22','/1/2/12_10.jpg'),('161',73,0,'23','Fusion Backpack'),('162',84,0,'23','Fusion Backpack'),('163',86,0,'23','Fusion Backpack With the Fusion Backpack strapped on, every trek is an adventure - even a bus ride to work. That\'s partly because two large zippered compartments store everything you need, while a front zippered pocket and side mesh pouches are perfect fo'),('164',106,0,'23','container2'),('165',119,0,'23','fusion-backpack'),('166',134,0,'23','2'),('167',73,0,'24','Impulse Duffle'),('168',84,0,'24','Impulse Duffle'),('169',86,0,'24','Impulse Duffle Good for beach trips, track meets, yoga retreats and more, the Impulse Duffle is the companion you\'ll want at your side. A large U-shaped opening makes packing a hassle-free affair, while a zippered interior pocket keeps jewelry and other s'),('170',106,0,'24','container2'),('171',119,0,'24','impulse-duffle'),('172',134,0,'24','2'),('173',73,0,'25','Voyage Yoga Bag'),('174',84,0,'25','Voyage Yoga Bag'),('175',86,0,'25','Voyage Yoga Bag Everything you need for a trip to the gym will fit inside this surprisingly spacious Voyage Yoga Bag. Stock it with a water bottle, change of clothes, pair of shoes, and even a few beauty products. Fits inside a locker and zips shut for se'),('176',106,0,'25','container2'),('177',119,0,'25','voyage-yoga-bag'),('178',134,0,'25','2'),('179',73,0,'26','Compete Track Tote'),('180',84,0,'26','Compete Track Tote'),('181',86,0,'26','Compete Track Tote The Compete Track Tote holds a host of exercise supplies with ease. Stash your towel, jacket and street shoes inside. Tuck water bottles in easy-access external spaces. Perfect for trips to gym or yoga studio, with dual top handles for '),('182',106,0,'26','container2'),('183',119,0,'26','compete-track-tote'),('184',134,0,'26','2'),('185',73,0,'27','Savvy Shoulder Tote'),('186',84,0,'27','Savvy Shoulder Tote'),('187',86,0,'27','Savvy Shoulder Tote Powerwalking to the gym or strolling to the local coffeehouse, the Savvy Shoulder Tote lets you stash your essentials in sporty style! A top-loading compartment provides quick and easy access to larger items, while zippered pockets on '),('188',106,0,'27','container2'),('189',119,0,'27','savvy-shoulder-tote'),('190',134,0,'27','2'),('191',73,0,'28','Endeavor Daytrip Backpack'),('192',84,0,'28','Endeavor Daytrip Backpack'),('193',86,0,'28','Endeavor Daytrip Backpack With more room than it appears, the Endeavor Daytrip Backpack will hold a whole day\'s worth of books, binders and gym clothes. The spacious main compartment includes a dedicated laptop sleeve. Two other compartments offer extra s'),('194',106,0,'28','container2'),('195',119,0,'28','endeavor-daytrip-backpack'),('196',134,0,'28','2'),('197',73,0,'29','Driven Backpack'),('198',84,0,'29','Driven Backpack'),('199',86,0,'29','Driven Backpack School books, camp gear and yoga clothes get along just fine in the all-purpose Driven Backpack. Crafted with tough polyester ripstop fabric, it\'s outfitted with rubberized end panels and padded, adjustable shoulder straps. The roomy main '),('200',106,0,'29','container2'),('201',119,0,'29','driven-backpack'),('202',134,0,'29','2'),('203',73,0,'30','MH02-Black'),('204',84,0,'30','Teton Pullover Hoodie'),('205',86,0,'30','Teton Pullover Hoodie This Teton Pullover Hoodie gives you more than laid-back style. It\'s equipped with moisture-wicking fabric to keep light and dry inside, especially in chilly-weather workouts. An elasticized hem lets you move about freely.\r\n• Black p'),('206',106,0,'30','container2'),('207',119,0,'30','mh02-black'),('208',134,0,'30','0'),('209',73,0,'31','MH02-Gray'),('210',84,0,'31','Teton Pullover Hoodie'),('211',86,0,'31','Teton Pullover Hoodie This Teton Pullover Hoodie gives you more than laid-back style. It\'s equipped with moisture-wicking fabric to keep light and dry inside, especially in chilly-weather workouts. An elasticized hem lets you move about freely.\r\n• Black p'),('212',106,0,'31','container2'),('213',119,0,'31','mh02-gray'),('214',134,0,'31','0'),('215',73,0,'32','Teton Pullover Hoodie'),('216',84,0,'32','Teton Pullover Hoodie'),('217',86,0,'32','Teton Pullover Hoodie This Teton Pullover Hoodie gives you more than laid-back style. It\'s equipped with moisture-wicking fabric to keep light and dry inside, especially in chilly-weather workouts. An elasticized hem lets you move about freely.\r\n• Black p'),('218',106,0,'32','container2'),('219',119,0,'32','teton-pullover-hoodie'),('220',134,0,'32','2'),('221',73,0,'33','Overnight Duffle'),('222',84,0,'33','Overnight Duffle'),('223',86,0,'33','Overnight Duffle For long weekends away, camping outings and business trips, the Overnight Duffle can\'t be beat. The dual handles make it a cinch to carry, while the durable waterproof exterior helps you worry less about the weather. With multiple organiz'),('224',106,0,'33','container2'),('225',119,0,'33','overnight-duffle'),('226',134,0,'33','2'),('227',73,0,'34','Push It Messenger Bag'),('228',84,0,'34','Push It Messenger Bag'),('229',86,0,'34','Push It Messenger Bag The name says so, but the Push It Messenger Bag is much more than a busy commuter\'s tote. It\'s a closet away from home when you\'re pedaling from class or work to gym and back or home again. It\'s the perfect size and shape for laptop,'),('230',106,0,'34','container2'),('231',119,0,'34','push-it-messenger-bag'),('232',134,0,'34','2'),('233',73,0,'35','Affirm Water Bottle '),('234',84,0,'35','Affirm Water Bottle '),('235',86,0,'35','Affirm Water Bottle  You\'ll stay hydrated with ease with the Affirm Water Bottle by your side or in hand. Measurements on the outside help you keep track of how much you\'re drinking, while the screw-top lid prevents spills. A metal carabiner clip allows y'),('236',106,0,'35','container2'),('237',119,0,'35','affirm-water-bottle'),('238',134,0,'35','2'),('239',73,0,'36','Dual Handle Cardio Ball'),('240',84,0,'36','Dual Handle Cardio Ball'),('241',86,0,'36','Dual Handle Cardio Ball Make the most of your limited workout window with our Dual-Handle Cardio Ball. The 15-lb ball maximizes the effort-impact to your abdominal, upper arm and lower-body muscles. It features a handle on each side for a firm, secure gri'),('242',106,0,'36','container2'),('243',119,0,'36','dual-handle-cardio-ball'),('244',134,0,'36','2'),('249',73,0,'37','Zing Jump Rope'),('250',84,0,'37','Zing Jump Rope'),('251',86,0,'37','Zing Jump Rope One of the world\'s simplest and most portable exercise devices, a jump rope enables endless variations and fitness output. The Zing Jump Rope goes anywhere and can be used any time. It is adjustable in length and has contoured foam handles '),('252',106,0,'37','container2'),('253',119,0,'37','zing-jump-rope'),('254',134,0,'37','2'),('315',73,0,'48','MH03-Black'),('316',84,0,'48','Bruno Compete Hoodie'),('317',86,0,'48','Bruno Compete Hoodie Stay comfortable and stay in the race no matter what the weather\'s up to. The Bruno Compete Hoodie\'s water-repellent exterior shields you from the elements, while advanced fabric technology inside wicks moisture to keep you dry.\r\n• Fu'),('318',106,0,'48','container2'),('319',119,0,'48','mh03-black'),('320',134,0,'48','0'),('321',73,0,'49','MH03-Gray'),('322',84,0,'49','Bruno Compete Hoodie'),('323',86,0,'49','Bruno Compete Hoodie Stay comfortable and stay in the race no matter what the weather\'s up to. The Bruno Compete Hoodie\'s water-repellent exterior shields you from the elements, while advanced fabric technology inside wicks moisture to keep you dry.\r\n• Fu'),('324',106,0,'49','container2'),('325',119,0,'49','mh03-gray'),('326',134,0,'49','0'),('327',73,0,'50','Bruno Compete Hoodie'),('328',84,0,'50','Bruno Compete Hoodie'),('329',86,0,'50','Bruno Compete Hoodie Stay comfortable and stay in the race no matter what the weather\'s up to. The Bruno Compete Hoodie\'s water-repellent exterior shields you from the elements, while advanced fabric technology inside wicks moisture to keep you dry.\r\n• Fu'),('330',106,0,'50','container2'),('331',119,0,'50','bruno-compete-hoodie'),('332',134,0,'50','2'),('333',87,0,'21','/1/1/11_11.jpg'),('334',88,0,'21','/1/1/11_11.jpg'),('335',89,0,'21','/1/1/11_11.jpg'),('336',132,0,'21','/1/1/11_11.jpg'),('356',87,0,'9','/4/_/4_14.jpg'),('357',88,0,'9','/4/_/4_14.jpg'),('358',89,0,'9','/4/_/4_14.jpg'),('362',87,0,'10','/5/_/5_18.jpg'),('363',88,0,'10','/5/_/5_18.jpg'),('364',89,0,'10','/5/_/5_18.jpg'),('368',87,0,'17','/6/_/6_16.jpg'),('369',88,0,'17','/6/_/6_16.jpg'),('370',89,0,'17','/6/_/6_16.jpg'),('374',87,0,'18','/7/_/7_9.jpg'),('375',88,0,'18','/7/_/7_9.jpg'),('376',89,0,'18','/7/_/7_9.jpg'),('377',132,0,'18','/7/_/7_9.jpg'),('382',87,0,'19','/9/_/9_9.jpg'),('383',88,0,'19','/9/_/9_9.jpg'),('384',89,0,'19','/9/_/9_9.jpg'),('385',132,0,'19','/9/_/9_9.jpg'),('390',87,0,'20','/1/0/10_10.jpg'),('391',88,0,'20','/1/0/10_10.jpg'),('392',89,0,'20','/1/0/10_10.jpg'),('393',132,0,'20','/1/0/10_10.jpg'),('406',87,0,'23','/1/3/13_13.jpg'),('407',88,0,'23','/1/3/13_13.jpg'),('408',89,0,'23','/1/3/13_13.jpg'),('409',132,0,'23','/1/3/13_13.jpg'),('414',87,0,'24','/1/1/11_2.jpg'),('415',88,0,'24','/1/1/11_2.jpg'),('416',89,0,'24','/1/1/11_2.jpg'),('417',132,0,'24','/1/1/11_2.jpg'),('422',87,0,'25','/1/4/14_13.jpg'),('423',88,0,'25','/1/4/14_13.jpg'),('424',89,0,'25','/1/4/14_13.jpg'),('425',132,0,'25','/1/4/14_13.jpg'),('430',87,0,'26','/1/5/15_16.jpg'),('431',88,0,'26','/1/5/15_16.jpg'),('432',89,0,'26','/1/5/15_16.jpg'),('433',132,0,'26','/1/5/15_16.jpg'),('438',87,0,'27','/2/_/2_11.jpg'),('439',88,0,'27','/2/_/2_11.jpg'),('440',89,0,'27','/2/_/2_11.jpg'),('441',132,0,'27','/2/_/2_11.jpg'),('446',87,0,'28','/7/_/7.jpg'),('447',88,0,'28','/7/_/7.jpg'),('448',89,0,'28','/7/_/7.jpg'),('449',132,0,'28','/7/_/7.jpg'),('454',87,0,'29','/1/_/1_9.jpg'),('455',88,0,'29','/1/_/1_9.jpg'),('456',89,0,'29','/1/_/1_9.jpg'),('457',132,0,'29','/1/_/1_9.jpg'),('462',87,0,'30','/2/_/2_13.jpg'),('463',88,0,'30','/2/_/2_13.jpg'),('464',89,0,'30','/2/_/2_13.jpg'),('465',132,0,'30','/2/_/2_13.jpg'),('470',87,0,'31','/5/_/5_22.jpg'),('471',88,0,'31','/5/_/5_22.jpg'),('472',89,0,'31','/5/_/5_22.jpg'),('473',132,0,'31','/5/_/5_22.jpg'),('486',87,0,'32','/6/_/6_17.jpg'),('487',88,0,'32','/6/_/6_17.jpg'),('488',89,0,'32','/6/_/6_17.jpg'),('492',87,0,'33','/7/_/7_10.jpg'),('493',88,0,'33','/7/_/7_10.jpg'),('494',89,0,'33','/7/_/7_10.jpg'),('495',132,0,'33','/7/_/7_10.jpg'),('500',87,0,'34','/8/_/8_2.jpg'),('501',88,0,'34','/8/_/8_2.jpg'),('502',89,0,'34','/8/_/8_2.jpg'),('503',132,0,'34','/8/_/8_2.jpg'),('508',87,0,'35','/9/_/9_2.jpg'),('509',88,0,'35','/9/_/9_2.jpg'),('510',89,0,'35','/9/_/9_2.jpg'),('511',132,0,'35','/9/_/9_2.jpg'),('516',87,0,'36','/1/5/15_11.jpg'),('517',88,0,'36','/1/5/15_11.jpg'),('518',89,0,'36','/1/5/15_11.jpg'),('519',132,0,'36','/1/5/15_11.jpg'),('524',87,0,'37','/3/_/3_16.jpg'),('525',88,0,'37','/3/_/3_16.jpg'),('526',89,0,'37','/3/_/3_16.jpg'),('527',132,0,'37','/3/_/3_16.jpg'),('532',87,0,'48','/1/3/13_10.jpg'),('533',88,0,'48','/1/3/13_10.jpg'),('534',89,0,'48','/1/3/13_10.jpg'),('535',132,0,'48','/1/3/13_10.jpg'),('540',87,0,'49','/1/1/11_5.jpg'),('541',88,0,'49','/1/1/11_5.jpg'),('542',89,0,'49','/1/1/11_5.jpg'),('543',132,0,'49','/1/1/11_5.jpg'),('556',87,0,'50','/6/_/6_18.jpg'),('557',88,0,'50','/6/_/6_18.jpg'),('558',89,0,'50','/6/_/6_18.jpg'),('559',73,0,'51',' Diam Special '),('560',84,0,'51',' Diam Special '),('561',86,0,'51',' Diam Special  The sporty Joust Duffle Bag can\'t be beat - not in the gym, not on the luggage carousel, not anywhere. Big enough to haul a basketball or soccer ball and some sneakers with plenty of room to spare, it\'s ideal for athletes with places to go.'),('562',87,0,'51','/1/_/1_11.jpg'),('563',88,0,'51','/1/_/1_11.jpg'),('564',89,0,'51','/1/_/1_11.jpg'),('565',106,0,'51','container2'),('566',119,0,'51','diam-special'),('567',132,0,'51','/1/_/1_11.jpg'),('568',134,0,'51','2'),('573',73,0,'52',' New Diam '),('574',84,0,'52',' New Diam '),('575',86,0,'52',' New Diam  Ideal for cold-weather training or work outdoors, the Chaz Hoodie promises superior warmth with every wear. Thick material blocks out the wind as ribbed cuffs and bottom band seal in body heat.\r\n• Two-tone gray heather hoodie.• Drawstring-adjus'),('576',87,0,'52','/3/_/3_17.jpg'),('577',88,0,'52','/3/_/3_17.jpg'),('578',89,0,'52','/3/_/3_17.jpg'),('579',106,0,'52','container2'),('580',119,0,'52','new-diam'),('581',132,0,'52','/3/_/3_17.jpg'),('582',134,0,'52','2'),('587',73,0,'53','Diam Top'),('588',84,0,'53','Diam Top'),('589',86,0,'53','Diam Top Ideal for cold-weather training or work outdoors, the Chaz Hoodie promises superior warmth with every wear. Thick material blocks out the wind as ribbed cuffs and bottom band seal in body heat.\r\n• Two-tone gray heather hoodie.• Drawstring-adjusta'),('590',87,0,'53','/4/_/4_20.jpg'),('591',88,0,'53','/4/_/4_20.jpg'),('592',89,0,'53','/4/_/4_20.jpg'),('593',106,0,'53','container2'),('594',119,0,'53','diam-top'),('595',132,0,'53','/4/_/4_20.jpg'),('596',134,0,'53','2'),('601',73,0,'54','Donec Shoes'),('602',84,0,'54','Donec Shoes'),('603',86,0,'54','Donec Shoes Convenience is next to nothing when your day is crammed with action. So whether you\'re heading to class, gym, or the unbeaten path, make sure you\'ve got your Strive Shoulder Pack stuffed with all your essentials, and extras as well.\r\n\r\nZippere'),('604',87,0,'54','/5/_/5_25.jpg'),('605',88,0,'54','/5/_/5_25.jpg'),('606',89,0,'54','/5/_/5_25.jpg'),('607',106,0,'54','container2'),('608',119,0,'54','donec-shoes'),('609',132,0,'54','/5/_/5_25.jpg'),('610',134,0,'54','2'),('615',73,0,'55',' Summer Frame '),('616',84,0,'55',' Summer Frame '),('617',86,0,'55',' Summer Frame  Ideal for cold-weather training or work outdoors, the Chaz Hoodie promises superior warmth with every wear. Thick material blocks out the wind as ribbed cuffs and bottom band seal in body heat.\r\n• Two-tone gray heather hoodie.• Drawstring-a'),('618',87,0,'55','/6/_/6_22.jpg'),('619',88,0,'55','/6/_/6_22.jpg'),('620',89,0,'55','/6/_/6_22.jpg'),('621',106,0,'55','container2'),('622',119,0,'55','summer-frame'),('623',132,0,'55','/6/_/6_22.jpg'),('624',134,0,'55','2'),('629',73,0,'56','Adidas Concepts Black'),('630',84,0,'56','Adidas Concepts Black'),('631',86,0,'56','Adidas Concepts Black Convenience is next to nothing when your day is crammed with action. So whether you\'re heading to class, gym, or the unbeaten path, make sure you\'ve got your Strive Shoulder Pack stuffed with all your essentials, and extras as well.'),('632',87,0,'56','/7/_/7_14.jpg'),('633',88,0,'56','/7/_/7_14.jpg'),('634',89,0,'56','/7/_/7_14.jpg'),('635',106,0,'56','container2'),('636',119,0,'56','adidas-concepts-black'),('637',132,0,'56','/7/_/7_14.jpg'),('638',134,0,'56','2'),('643',73,0,'57','Seeulater PK White1'),('644',84,0,'57','Seeulater PK White1'),('645',86,0,'57','Seeulater PK White1 Convenience is next to nothing when your day is crammed with action. So whether you\'re heading to class, gym, or the unbeaten path, make sure you\'ve got your Strive Shoulder Pack stuffed with all your essentials, and extras as well.\r\n\r'),('646',87,0,'57','/8/_/8_9.jpg'),('647',88,0,'57','/8/_/8_9.jpg'),('648',89,0,'57','/8/_/8_9.jpg'),('649',106,0,'57','container2'),('650',119,0,'57','seeulater-pk-white1'),('651',132,0,'57','/8/_/8_9.jpg'),('652',134,0,'57','2'),('657',73,0,'58','Wings Horns Beige'),('658',84,0,'58','Wings Horns Beige'),('659',86,0,'58','Wings Horns Beige Ideal for cold-weather training or work outdoors, the Chaz Hoodie promises superior warmth with every wear. Thick material blocks out the wind as ribbed cuffs and bottom band seal in body heat.\r\n• Two-tone gray heather hoodie.• Drawstrin'),('660',87,0,'58','/9/_/9_12.jpg'),('661',88,0,'58','/9/_/9_12.jpg'),('662',89,0,'58','/9/_/9_12.jpg'),('663',106,0,'58','container2'),('664',119,0,'58','wings-horns-beige'),('665',132,0,'58','/9/_/9_12.jpg'),('666',134,0,'58','2'),('671',73,0,'59','Reigning Champ Grey'),('672',84,0,'59','Reigning Champ Grey'),('673',86,0,'59','Reigning Champ Grey Ideal for cold-weather training or work outdoors, the Chaz Hoodie promises superior warmth with every wear. Thick material blocks out the wind as ribbed cuffs and bottom band seal in body heat.\r\n• Two-tone gray heather hoodie.• Drawstr'),('674',87,0,'59','/1/0/10_15.jpg'),('675',88,0,'59','/1/0/10_15.jpg'),('676',89,0,'59','/1/0/10_15.jpg'),('677',106,0,'59','container2'),('678',119,0,'59','reigning-champ-grey'),('679',132,0,'59','/1/0/10_15.jpg'),('680',134,0,'59','2'),('685',73,0,'60','Nike Air  Deluxe White'),('686',84,0,'60','Nike Air  Deluxe White'),('687',86,0,'60','Nike Air  Deluxe White Convenience is next to nothing when your day is crammed with action. So whether you\'re heading to class, gym, or the unbeaten path, make sure you\'ve got your Strive Shoulder Pack stuffed with all your essentials, and extras as well.'),('688',87,0,'60','/1/1/11_19.jpg'),('689',88,0,'60','/1/1/11_19.jpg'),('690',89,0,'60','/1/1/11_19.jpg'),('691',106,0,'60','container2'),('692',119,0,'60','nike-air-deluxe-white'),('693',132,0,'60','/1/1/11_19.jpg'),('694',134,0,'60','2'),('699',73,0,'61','Lavadome Ultra Light'),('700',84,0,'61','Lavadome Ultra Light'),('701',86,0,'61','Lavadome Ultra Light Convenience is next to nothing when your day is crammed with action. So whether you\'re heading to class, gym, or the unbeaten path, make sure you\'ve got your Strive Shoulder Pack stuffed with all your essentials, and extras as well.'),('702',87,0,'61','/1/4/14_16.jpg'),('703',88,0,'61','/1/4/14_16.jpg'),('704',89,0,'61','/1/4/14_16.jpg'),('705',106,0,'61','container2'),('706',119,0,'61','lavadome-ultra-light'),('707',132,0,'61','/1/4/14_16.jpg'),('708',134,0,'61','2'),('713',73,0,'62','seeulater PK White2'),('714',84,0,'62','seeulater PK White2'),('715',86,0,'62','seeulater PK White2 Convenience is next to nothing when your day is crammed with action. So whether you\'re heading to class, gym, or the unbeaten path, make sure you\'ve got your Strive Shoulder Pack stuffed with all your essentials, and extras as well.\r\n\r'),('716',87,0,'62','/1/5/15_18.jpg'),('717',88,0,'62','/1/5/15_18.jpg'),('718',89,0,'62','/1/5/15_18.jpg'),('719',106,0,'62','container2'),('720',119,0,'62','seeulater-pk-white2'),('721',132,0,'62','/1/5/15_18.jpg'),('722',134,0,'62','2'),('723',73,0,'63','CTX 4pc Starter Set'),('724',84,0,'63','CTX 4pc Starter Set'),('725',86,0,'63','CTX 4pc Starter Set Ideal for cold-weather training or work outdoors, the Chaz Hoodie promises superior warmth with every wear. Thick material blocks out the wind as ribbed cuffs and bottom band seal in body heat.\r\n• Two-tone gray heather hoodie.• Drawstr'),('726',87,0,'63','/1/_/1_12.jpg'),('727',88,0,'63','/1/_/1_12.jpg'),('728',89,0,'63','/1/_/1_12.jpg'),('729',106,0,'63','container2'),('730',119,0,'63','ctx-4pc-starter-set'),('731',132,0,'63','/1/_/1_12.jpg'),('732',134,0,'63','2'),('737',73,0,'64','Chasseur Escoffier'),('738',84,0,'64','Chasseur Escoffier'),('739',86,0,'64','Chasseur Escoffier The sporty Joust Duffle Bag can\'t be beat - not in the gym, not on the luggage carousel, not anywhere. Big enough to haul a basketball or soccer ball and some sneakers with plenty of room to spare, it\'s ideal for athletes with places to'),('740',87,0,'64','/2/_/2_16.jpg'),('741',88,0,'64','/2/_/2_16.jpg'),('742',89,0,'64','/2/_/2_16.jpg'),('743',106,0,'64','container2'),('744',119,0,'64','chasseur-escoffier'),('745',132,0,'64','/2/_/2_16.jpg'),('746',134,0,'64','2'),('751',73,0,'65','5pc Knife Block Set'),('752',84,0,'65','5pc Knife Block Set'),('753',86,0,'65','5pc Knife Block Set Ideal for cold-weather training or work outdoors, the Chaz Hoodie promises superior warmth with every wear. Thick material blocks out the wind as ribbed cuffs and bottom band seal in body heat.\r\n• Two-tone gray heather hoodie.• Drawstr'),('754',87,0,'65','/3/_/3_21.jpg'),('755',88,0,'65','/3/_/3_21.jpg'),('756',89,0,'65','/3/_/3_21.jpg'),('757',106,0,'65','container2'),('758',119,0,'65','5pc-knife-block-set'),('759',132,0,'65','/3/_/3_21.jpg'),('760',134,0,'65','2'),('775',73,0,'67','5pc Knife Block Set1'),('776',84,0,'67','5pc Knife Block Set1'),('777',86,0,'67','5pc Knife Block Set1 The sporty Joust Duffle Bag can\'t be beat - not in the gym, not on the luggage carousel, not anywhere. Big enough to haul a basketball or soccer ball and some sneakers with plenty of room to spare, it\'s ideal for athletes with places '),('778',87,0,'67','/4/_/4_25.jpg'),('779',88,0,'67','/4/_/4_25.jpg'),('780',89,0,'67','/4/_/4_25.jpg'),('781',106,0,'67','container2'),('782',119,0,'67','5pc-knife-block-set1'),('783',132,0,'67','/4/_/4_25.jpg'),('784',134,0,'67','2'),('789',73,0,'68','3pc Knife Block Set'),('790',84,0,'68','3pc Knife Block Set'),('791',86,0,'68','3pc Knife Block Set Ideal for cold-weather training or work outdoors, the Chaz Hoodie promises superior warmth with every wear. Thick material blocks out the wind as ribbed cuffs and bottom band seal in body heat.\r\n• Two-tone gray heather hoodie.• Drawstr'),('792',87,0,'68','/5/_/5_30.jpg'),('793',88,0,'68','/5/_/5_30.jpg'),('794',89,0,'68','/5/_/5_30.jpg'),('795',106,0,'68','container2'),('796',119,0,'68','3pc-knife-block-set'),('797',132,0,'68','/5/_/5_30.jpg'),('798',134,0,'68','2'),('803',73,0,'69','Serroni Unbreakable'),('804',84,0,'69','Serroni Unbreakable'),('805',86,0,'69','Serroni Unbreakable Ideal for cold-weather training or work outdoors, the Chaz Hoodie promises superior warmth with every wear. Thick material blocks out the wind as ribbed cuffs and bottom band seal in body heat.\r\n• Two-tone gray heather hoodie.• Drawstr'),('806',87,0,'69','/6/_/6_28.jpg'),('807',88,0,'69','/6/_/6_28.jpg'),('808',89,0,'69','/6/_/6_28.jpg'),('809',106,0,'69','container2'),('810',119,0,'69','serroni-unbreakable'),('811',132,0,'69','/6/_/6_28.jpg'),('812',134,0,'69','2'),('817',73,0,'70','Infusion Pitcher'),('818',84,0,'70','Infusion Pitcher'),('819',86,0,'70','Infusion Pitcher Ideal for cold-weather training or work outdoors, the Chaz Hoodie promises superior warmth with every wear. Thick material blocks out the wind as ribbed cuffs and bottom band seal in body heat.\r\n• Two-tone gray heather hoodie.• Drawstring'),('820',87,0,'70','/7/_/7_19.jpg'),('821',88,0,'70','/7/_/7_19.jpg'),('822',89,0,'70','/7/_/7_19.jpg'),('823',106,0,'70','container2'),('824',119,0,'70','infusion-pitcher'),('825',132,0,'70','/7/_/7_19.jpg'),('826',134,0,'70','2'),('831',73,0,'71','Totally Bamboo'),('832',84,0,'71','Totally Bamboo'),('833',86,0,'71','Totally Bamboo The sporty Joust Duffle Bag can\'t be beat - not in the gym, not on the luggage carousel, not anywhere. Big enough to haul a basketball or soccer ball and some sneakers with plenty of room to spare, it\'s ideal for athletes with places to go.'),('834',87,0,'71','/8/_/8_14.jpg'),('835',88,0,'71','/8/_/8_14.jpg'),('836',89,0,'71','/8/_/8_14.jpg'),('837',106,0,'71','container2'),('838',119,0,'71','totally-bamboo'),('839',132,0,'71','/8/_/8_14.jpg'),('840',134,0,'71','2'),('845',73,0,'72','Scanpan Spectrum'),('846',84,0,'72','Scanpan Spectrum'),('847',86,0,'72','Scanpan Spectrum Ideal for cold-weather training or work outdoors, the Chaz Hoodie promises superior warmth with every wear. Thick material blocks out the wind as ribbed cuffs and bottom band seal in body heat.\r\n• Two-tone gray heather hoodie.• Drawstring'),('848',87,0,'72','/9/_/9_18.jpg'),('849',88,0,'72','/9/_/9_18.jpg'),('850',89,0,'72','/9/_/9_18.jpg'),('851',106,0,'72','container2'),('852',119,0,'72','scanpan-spectrum'),('853',132,0,'72','/9/_/9_18.jpg'),('854',134,0,'72','2'),('859',73,0,'73','Chasseur La Cuisson'),('860',84,0,'73','Chasseur La Cuisson'),('861',86,0,'73','Chasseur La Cuisson The sporty Joust Duffle Bag can\'t be beat - not in the gym, not on the luggage carousel, not anywhere. Big enough to haul a basketball or soccer ball and some sneakers with plenty of room to spare, it\'s ideal for athletes with places t'),('862',87,0,'73','/1/0/10_20.jpg'),('863',88,0,'73','/1/0/10_20.jpg'),('864',89,0,'73','/1/0/10_20.jpg'),('865',106,0,'73','container2'),('866',119,0,'73','chasseur-la-cuisson'),('867',132,0,'73','/1/0/10_20.jpg'),('868',134,0,'73','2'),('873',73,0,'74','KitchenAid Pro'),('874',84,0,'74','KitchenAid Pro'),('875',86,0,'74','KitchenAid Pro Ideal for cold-weather training or work outdoors, the Chaz Hoodie promises superior warmth with every wear. Thick material blocks out the wind as ribbed cuffs and bottom band seal in body heat.\r\n• Two-tone gray heather hoodie.• Drawstring-a'),('876',87,0,'74','/1/1/11_25.jpg'),('877',88,0,'74','/1/1/11_25.jpg'),('878',89,0,'74','/1/1/11_25.jpg'),('879',106,0,'74','container2'),('880',119,0,'74','kitchenaid-pro'),('881',132,0,'74','/1/1/11_25.jpg'),('882',134,0,'74','2'),('887',73,0,'75','Scanpan CTX Coveredr'),('888',84,0,'75','Scanpan CTX Coveredr'),('889',86,0,'75','Scanpan CTX Coveredr Ideal for cold-weather training or work outdoors, the Chaz Hoodie promises superior warmth with every wear. Thick material blocks out the wind as ribbed cuffs and bottom band seal in body heat.\r\n• Two-tone gray heather hoodie.• Drawst'),('890',87,0,'75','/1/2/12_24.jpg'),('891',88,0,'75','/1/2/12_24.jpg'),('892',89,0,'75','/1/2/12_24.jpg'),('893',106,0,'75','container2'),('894',119,0,'75','scanpan-ctx-coveredr'),('895',132,0,'75','/1/2/12_24.jpg'),('896',134,0,'75','2'),('901',73,0,'76','Raco Contemporaryde'),('902',84,0,'76','Raco Contemporaryde'),('903',86,0,'76','Raco Contemporaryde The sporty Joust Duffle Bag can\'t be beat - not in the gym, not on the luggage carousel, not anywhere. Big enough to haul a basketball or soccer ball and some sneakers with plenty of room to spare, it\'s ideal for athletes with places t'),('904',87,0,'76','/1/3/13_24.jpg'),('905',88,0,'76','/1/3/13_24.jpg'),('906',89,0,'76','/1/3/13_24.jpg'),('907',106,0,'76','container2'),('908',119,0,'76','raco-contemporaryde'),('909',132,0,'76','/1/3/13_24.jpg'),('910',134,0,'76','2'),('915',73,0,'77','Emile Henry Braiserr'),('916',84,0,'77','Emile Henry Braiserr'),('917',86,0,'77','Emile Henry Braiserr The sporty Joust Duffle Bag can\'t be beat - not in the gym, not on the luggage carousel, not anywhere. Big enough to haul a basketball or soccer ball and some sneakers with plenty of room to spare, it\'s ideal for athletes with places '),('918',87,0,'77','/1/4/14_19.jpg'),('919',88,0,'77','/1/4/14_19.jpg'),('920',89,0,'77','/1/4/14_19.jpg'),('921',106,0,'77','container2'),('922',119,0,'77','emile-henry-braiserr'),('923',132,0,'77','/1/4/14_19.jpg'),('924',134,0,'77','2');

--
-- Table structure for table `catalog_product_index_eav`
--

CREATE TABLE `catalog_product_index_eav` (
  `entity_id` int(10) unsigned NOT NULL COMMENT 'Entity ID',
  `attribute_id` smallint(5) unsigned NOT NULL COMMENT 'Attribute ID',
  `store_id` smallint(5) unsigned NOT NULL COMMENT 'Store ID',
  `value` int(10) unsigned NOT NULL COMMENT 'Value',
  PRIMARY KEY (`entity_id`,`attribute_id`,`store_id`,`value`),
  KEY `CATALOG_PRODUCT_INDEX_EAV_ATTRIBUTE_ID` (`attribute_id`),
  KEY `CATALOG_PRODUCT_INDEX_EAV_STORE_ID` (`store_id`),
  KEY `CATALOG_PRODUCT_INDEX_EAV_VALUE` (`value`)
) ENGINE=InnoDB DEFAULT CHARSET=utf8 COMMENT='Catalog Product EAV Index Table';

--
-- Dumping data for table `catalog_product_index_eav`
--

INSERT INTO `catalog_product_index_eav` VALUES ('1',83,1,'16'),('1',83,2,'16'),('1',83,3,'16'),('1',83,4,'16'),('1',83,5,'16'),('1',83,6,'16'),('1',93,1,'4'),('1',93,2,'4'),('1',93,3,'4'),('1',93,4,'4'),('1',93,5,'4'),('1',93,6,'4'),('2',83,1,'17'),('2',83,1,'22'),('2',83,2,'17'),('2',83,2,'22'),('2',83,3,'17'),('2',83,3,'22'),('2',83,4,'17'),('2',83,4,'22'),('2',83,5,'17'),('2',83,5,'22'),('2',83,6,'17'),('2',83,6,'22'),('2',93,1,'4'),('2',93,1,'7'),('2',93,2,'4'),('2',93,2,'7'),('2',93,3,'4'),('2',93,3,'7'),('2',93,4,'4'),('2',93,4,'7'),('2',93,5,'4'),('2',93,5,'7'),('2',93,6,'4'),('2',93,6,'7'),('7',83,1,'17'),('7',83,2,'17'),('7',83,3,'17'),('7',83,4,'17'),('7',83,5,'17'),('7',83,6,'17'),('7',93,1,'4'),('7',93,2,'4'),('7',93,3,'4'),('7',93,4,'4'),('7',93,5,'4'),('7',93,6,'4'),('9',83,1,'16'),('9',83,1,'17'),('9',83,1,'19'),('9',83,2,'16'),('9',83,2,'17'),('9',83,2,'19'),('9',83,3,'16'),('9',83,3,'17'),('9',83,3,'19'),('9',83,4,'16'),('9',83,4,'17'),('9',83,4,'19'),('9',83,5,'16'),('9',83,5,'17'),('9',83,5,'19'),('9',83,6,'16'),('9',83,6,'17'),('9',83,6,'19'),('9',93,1,'4'),('9',93,1,'7'),('9',93,2,'4'),('9',93,2,'7'),('9',93,3,'4'),('9',93,3,'7'),('9',93,4,'4'),('9',93,4,'7'),('9',93,5,'4'),('9',93,5,'7'),('9',93,6,'4'),('9',93,6,'7'),('10',83,1,'16'),('10',83,1,'17'),('10',83,1,'20'),('10',83,2,'16'),('10',83,2,'17'),('10',83,2,'20'),('10',83,3,'16'),('10',83,3,'17'),('10',83,3,'20'),('10',83,4,'16'),('10',83,4,'17'),('10',83,4,'20'),('10',83,5,'16'),('10',83,5,'17'),('10',83,5,'20'),('10',83,6,'16'),('10',83,6,'17'),('10',83,6,'20'),('10',93,1,'4'),('10',93,1,'9'),('10',93,2,'4'),('10',93,2,'9'),('10',93,3,'4'),('10',93,3,'9'),('10',93,4,'4'),('10',93,4,'9'),('10',93,5,'4'),('10',93,5,'9'),('10',93,6,'4'),('10',93,6,'9'),('17',83,1,'21'),('17',83,2,'21'),('17',83,3,'21'),('17',83,4,'21'),('17',83,5,'21'),('17',83,6,'21'),('17',93,1,'12'),('17',93,2,'12'),('17',93,3,'12'),('17',93,4,'12'),('17',93,5,'12'),('17',93,6,'12'),('18',83,1,'18'),('18',83,2,'18'),('18',83,3,'18'),('18',83,4,'18'),('18',83,5,'18'),('18',83,6,'18'),('18',93,1,'15'),('18',93,2,'15'),('18',93,3,'15'),('18',93,4,'15'),('18',93,5,'15'),('18',93,6,'15'),('19',83,1,'18'),('19',83,2,'18'),('19',83,3,'18'),('19',83,4,'18'),('19',83,5,'18'),('19',83,6,'18'),('19',93,1,'13'),('19',93,2,'13'),('19',93,3,'13'),('19',93,4,'13'),('19',93,5,'13'),('19',93,6,'13'),('20',83,1,'21'),('20',83,2,'21'),('20',83,3,'21'),('20',83,4,'21'),('20',83,5,'21'),('20',83,6,'21'),('20',93,1,'11'),('20',93,2,'11'),('20',93,3,'11'),('20',93,4,'11'),('20',93,5,'11'),('20',93,6,'11'),('21',83,1,'17'),('21',83,2,'17'),('21',83,3,'17'),('21',83,4,'17'),('21',83,5,'17'),('21',83,6,'17'),('21',93,1,'8'),('21',93,2,'8'),('21',93,3,'8'),('21',93,4,'8'),('21',93,5,'8'),('21',93,6,'8'),('22',83,1,'22'),('22',83,2,'22'),('22',83,3,'22'),('22',83,4,'22'),('22',83,5,'22'),('22',83,6,'22'),('22',93,1,'7'),('22',93,2,'7'),('22',93,3,'7'),('22',93,4,'7'),('22',93,5,'7'),('22',93,6,'7'),('23',83,1,'17'),('23',83,2,'17'),('23',83,3,'17'),('23',83,4,'17'),('23',83,5,'17'),('23',83,6,'17'),('23',93,1,'9'),('23',93,2,'9'),('23',93,3,'9'),('23',93,4,'9'),('23',93,5,'9'),('23',93,6,'9'),('24',83,1,'16'),('24',83,2,'16'),('24',83,3,'16'),('24',83,4,'16'),('24',83,5,'16'),('24',83,6,'16'),('24',93,1,'13'),('24',93,2,'13'),('24',93,3,'13'),('24',93,4,'13'),('24',93,5,'13'),('24',93,6,'13'),('25',83,1,'18'),('25',83,2,'18'),('25',83,3,'18'),('25',83,4,'18'),('25',83,5,'18'),('25',83,6,'18'),('25',93,1,'12'),('25',93,2,'12'),('25',93,3,'12'),('25',93,4,'12'),('25',93,5,'12'),('25',93,6,'12'),('26',83,1,'21'),('26',83,2,'21'),('26',83,3,'21'),('26',83,4,'21'),('26',83,5,'21'),('26',83,6,'21'),('26',93,1,'8'),('26',93,2,'8'),('26',93,3,'8'),('26',93,4,'8'),('26',93,5,'8'),('26',93,6,'8'),('27',83,1,'19'),('27',83,2,'19'),('27',83,3,'19'),('27',83,4,'19'),('27',83,5,'19'),('27',83,6,'19'),('27',93,1,'11'),('27',93,2,'11'),('27',93,3,'11'),('27',93,4,'11'),('27',93,5,'11'),('27',93,6,'11'),('28',83,1,'20'),('28',83,2,'20'),('28',83,3,'20'),('28',83,4,'20'),('28',83,5,'20'),('28',83,6,'20'),('28',93,1,'5'),('28',93,2,'5'),('28',93,3,'5'),('28',93,4,'5'),('28',93,5,'5'),('28',93,6,'5'),('29',83,1,'17'),('29',83,2,'17'),('29',83,3,'17'),('29',83,4,'17'),('29',83,5,'17'),('29',83,6,'17'),('29',93,1,'5'),('29',93,2,'5'),('29',93,3,'5'),('29',93,4,'5'),('29',93,5,'5'),('29',93,6,'5'),('30',83,1,'17'),('30',83,2,'17'),('30',83,3,'17'),('30',83,4,'17'),('30',83,5,'17'),('30',83,6,'17'),('30',93,1,'4'),('30',93,2,'4'),('30',93,3,'4'),('30',93,4,'4'),('30',93,5,'4'),('30',93,6,'4'),('31',83,1,'17'),('31',83,2,'17'),('31',83,3,'17'),('31',83,4,'17'),('31',83,5,'17'),('31',83,6,'17'),('31',93,1,'5'),('31',93,2,'5'),('31',93,3,'5'),('31',93,4,'5'),('31',93,5,'5'),('31',93,6,'5'),('32',83,1,'17'),('32',83,2,'17'),('32',83,3,'17'),('32',83,4,'17'),('32',83,5,'17'),('32',83,6,'17'),('32',93,1,'4'),('32',93,1,'5'),('32',93,2,'4'),('32',93,2,'5'),('32',93,3,'4'),('32',93,3,'5'),('32',93,4,'4'),('32',93,4,'5'),('32',93,5,'4'),('32',93,5,'5'),('32',93,6,'4'),('32',93,6,'5'),('33',83,1,'18'),('33',83,2,'18'),('33',83,3,'18'),('33',83,4,'18'),('33',83,5,'18'),('33',83,6,'18'),('33',93,1,'12'),('33',93,2,'12'),('33',93,3,'12'),('33',93,4,'12'),('33',93,5,'12'),('33',93,6,'12'),('34',83,1,'20'),('34',83,2,'20'),('34',83,3,'20'),('34',83,4,'20'),('34',83,5,'20'),('34',83,6,'20'),('34',93,1,'9'),('34',93,2,'9'),('34',93,3,'9'),('34',93,4,'9'),('34',93,5,'9'),('34',93,6,'9'),('35',83,1,'19'),('35',83,2,'19'),('35',83,3,'19'),('35',83,4,'19'),('35',83,5,'19'),('35',83,6,'19'),('35',93,1,'8'),('35',93,2,'8'),('35',93,3,'8'),('35',93,4,'8'),('35',93,5,'8'),('35',93,6,'8'),('36',83,1,'17'),('36',83,2,'17'),('36',83,3,'17'),('36',83,4,'17'),('36',83,5,'17'),('36',83,6,'17'),('36',93,1,'14'),('36',93,2,'14'),('36',93,3,'14'),('36',93,4,'14'),('36',93,5,'14'),('36',93,6,'14'),('37',83,1,'19'),('37',83,2,'19'),('37',83,3,'19'),('37',83,4,'19'),('37',83,5,'19'),('37',83,6,'19'),('37',93,1,'8'),('37',93,2,'8'),('37',93,3,'8'),('37',93,4,'8'),('37',93,5,'8'),('37',93,6,'8'),('48',83,1,'18'),('48',83,2,'18'),('48',83,3,'18'),('48',83,4,'18'),('48',83,5,'18'),('48',83,6,'18'),('48',93,1,'4'),('48',93,2,'4'),('48',93,3,'4'),('48',93,4,'4'),('48',93,5,'4'),('48',93,6,'4'),('49',83,1,'18'),('49',83,2,'18'),('49',83,3,'18'),('49',83,4,'18'),('49',83,5,'18'),('49',83,6,'18'),('49',93,1,'12'),('49',93,2,'12'),('49',93,3,'12'),('49',93,4,'12'),('49',93,5,'12'),('49',93,6,'12'),('50',83,1,'18'),('50',83,2,'18'),('50',83,3,'18'),('50',83,4,'18'),('50',83,5,'18'),('50',83,6,'18'),('50',93,1,'4'),('50',93,1,'12'),('50',93,2,'4'),('50',93,2,'12'),('50',93,3,'4'),('50',93,3,'12'),('50',93,4,'4'),('50',93,4,'12'),('50',93,5,'4'),('50',93,5,'12'),('50',93,6,'4'),('50',93,6,'12'),('51',83,1,'16'),('51',83,2,'16'),('51',83,3,'16'),('51',83,4,'16'),('51',83,5,'16'),('51',83,6,'16'),('51',93,1,'4'),('51',93,2,'4'),('51',93,3,'4'),('51',93,4,'4'),('51',93,5,'4'),('51',93,6,'4'),('52',83,1,'17'),('52',83,2,'17'),('52',83,3,'17'),('52',83,4,'17'),('52',83,5,'17'),('52',83,6,'17'),('52',93,1,'5'),('52',93,2,'5'),('52',93,3,'5'),('52',93,4,'5'),('52',93,5,'5'),('52',93,6,'5'),('53',83,1,'18'),('53',83,2,'18'),('53',83,3,'18'),('53',83,4,'18'),('53',83,5,'18'),('53',83,6,'18'),('53',93,1,'7'),('53',93,2,'7'),('53',93,3,'7'),('53',93,4,'7'),('53',93,5,'7'),('53',93,6,'7'),('54',83,1,'19'),('54',83,2,'19'),('54',83,3,'19'),('54',83,4,'19'),('54',83,5,'19'),('54',83,6,'19'),('54',93,1,'8'),('54',93,2,'8'),('54',93,3,'8'),('54',93,4,'8'),('54',93,5,'8'),('54',93,6,'8'),('55',83,1,'20'),('55',83,2,'20'),('55',83,3,'20'),('55',83,4,'20'),('55',83,5,'20'),('55',83,6,'20'),('55',93,1,'9'),('55',93,2,'9'),('55',93,3,'9'),('55',93,4,'9'),('55',93,5,'9'),('55',93,6,'9'),('56',83,1,'21'),('56',83,2,'21'),('56',83,3,'21'),('56',83,4,'21'),('56',83,5,'21'),('56',83,6,'21'),('56',93,1,'10'),('56',93,2,'10'),('56',93,3,'10'),('56',93,4,'10'),('56',93,5,'10'),('56',93,6,'10'),('57',83,1,'22'),('57',83,2,'22'),('57',83,3,'22'),('57',83,4,'22'),('57',83,5,'22'),('57',83,6,'22'),('57',93,1,'13'),('57',93,2,'13'),('57',93,3,'13'),('57',93,4,'13'),('57',93,5,'13'),('57',93,6,'13'),('58',83,1,'17'),('58',83,2,'17'),('58',83,3,'17'),('58',83,4,'17'),('58',83,5,'17'),('58',83,6,'17'),('58',93,1,'15'),('58',93,2,'15'),('58',93,3,'15'),('58',93,4,'15'),('58',93,5,'15'),('58',93,6,'15'),('59',83,1,'16'),('59',83,2,'16'),('59',83,3,'16'),('59',83,4,'16'),('59',83,5,'16'),('59',83,6,'16'),('59',93,1,'5'),('59',93,2,'5'),('59',93,3,'5'),('59',93,4,'5'),('59',93,5,'5'),('59',93,6,'5'),('60',83,1,'21'),('60',83,2,'21'),('60',83,3,'21'),('60',83,4,'21'),('60',83,5,'21'),('60',83,6,'21'),('60',93,1,'8'),('60',93,2,'8'),('60',93,3,'8'),('60',93,4,'8'),('60',93,5,'8'),('60',93,6,'8'),('61',83,1,'17'),('61',83,2,'17'),('61',83,3,'17'),('61',83,4,'17'),('61',83,5,'17'),('61',83,6,'17'),('61',93,1,'14'),('61',93,2,'14'),('61',93,3,'14'),('61',93,4,'14'),('61',93,5,'14'),('61',93,6,'14'),('62',83,1,'21'),('62',83,2,'21'),('62',83,3,'21'),('62',83,4,'21'),('62',83,5,'21'),('62',83,6,'21'),('62',93,1,'13'),('62',93,2,'13'),('62',93,3,'13'),('62',93,4,'13'),('62',93,5,'13'),('62',93,6,'13'),('63',83,1,'21'),('63',83,2,'21'),('63',83,3,'21'),('63',83,4,'21'),('63',83,5,'21'),('63',83,6,'21'),('63',93,1,'5'),('63',93,2,'5'),('63',93,3,'5'),('63',93,4,'5'),('63',93,5,'5'),('63',93,6,'5'),('64',83,1,'16'),('64',83,2,'16'),('64',83,3,'16'),('64',83,4,'16'),('64',83,5,'16'),('64',83,6,'16'),('64',93,1,'4'),('64',93,2,'4'),('64',93,3,'4'),('64',93,4,'4'),('64',93,5,'4'),('64',93,6,'4'),('65',83,1,'18'),('65',83,2,'18'),('65',83,3,'18'),('65',83,4,'18'),('65',83,5,'18'),('65',83,6,'18'),('65',93,1,'6'),('65',93,2,'6'),('65',93,3,'6'),('65',93,4,'6'),('65',93,5,'6'),('65',93,6,'6'),('67',83,1,'17'),('67',83,2,'17'),('67',83,3,'17'),('67',83,4,'17'),('67',83,5,'17'),('67',83,6,'17'),('67',93,1,'6'),('67',93,2,'6'),('67',93,3,'6'),('67',93,4,'6'),('67',93,5,'6'),('67',93,6,'6'),('68',83,1,'19'),('68',83,2,'19'),('68',83,3,'19'),('68',83,4,'19'),('68',83,5,'19'),('68',83,6,'19'),('68',93,1,'7'),('68',93,2,'7'),('68',93,3,'7'),('68',93,4,'7'),('68',93,5,'7'),('68',93,6,'7'),('69',83,1,'19'),('69',83,2,'19'),('69',83,3,'19'),('69',83,4,'19'),('69',83,5,'19'),('69',83,6,'19'),('69',93,1,'10'),('69',93,2,'10'),('69',93,3,'10'),('69',93,4,'10'),('69',93,5,'10'),('69',93,6,'10'),('70',83,1,'17'),('70',83,2,'17'),('70',83,3,'17'),('70',83,4,'17'),('70',83,5,'17'),('70',83,6,'17'),('70',93,1,'14'),('70',93,2,'14'),('70',93,3,'14'),('70',93,4,'14'),('70',93,5,'14'),('70',93,6,'14'),('71',83,1,'19'),('71',83,2,'19'),('71',83,3,'19'),('71',83,4,'19'),('71',83,5,'19'),('71',83,6,'19'),('71',93,1,'6'),('71',93,2,'6'),('71',93,3,'6'),('71',93,4,'6'),('71',93,5,'6'),('71',93,6,'6'),('72',83,1,'18'),('72',83,2,'18'),('72',83,3,'18'),('72',83,4,'18'),('72',83,5,'18'),('72',83,6,'18'),('72',93,1,'8'),('72',93,2,'8'),('72',93,3,'8'),('72',93,4,'8'),('72',93,5,'8'),('72',93,6,'8'),('73',83,1,'20'),('73',83,2,'20'),('73',83,3,'20'),('73',83,4,'20'),('73',83,5,'20'),('73',83,6,'20'),('73',93,1,'9'),('73',93,2,'9'),('73',93,3,'9'),('73',93,4,'9'),('73',93,5,'9'),('73',93,6,'9'),('74',83,1,'20'),('74',83,2,'20'),('74',83,3,'20'),('74',83,4,'20'),('74',83,5,'20'),('74',83,6,'20'),('74',93,1,'13'),('74',93,2,'13'),('74',93,3,'13'),('74',93,4,'13'),('74',93,5,'13'),('74',93,6,'13'),('75',83,1,'17'),('75',83,2,'17'),('75',83,3,'17'),('75',83,4,'17'),('75',83,5,'17'),('75',83,6,'17'),('75',93,1,'14'),('75',93,2,'14'),('75',93,3,'14'),('75',93,4,'14'),('75',93,5,'14'),('75',93,6,'14'),('76',83,1,'18'),('76',83,2,'18'),('76',83,3,'18'),('76',83,4,'18'),('76',83,5,'18'),('76',83,6,'18'),('76',93,1,'7'),('76',93,2,'7'),('76',93,3,'7'),('76',93,4,'7'),('76',93,5,'7'),('76',93,6,'7'),('77',83,1,'18'),('77',83,2,'18'),('77',83,3,'18'),('77',83,4,'18'),('77',83,5,'18'),('77',83,6,'18'),('77',93,1,'12'),('77',93,2,'12'),('77',93,3,'12'),('77',93,4,'12'),('77',93,5,'12'),('77',93,6,'12');

--
-- Table structure for table `catalog_product_index_eav_decimal`
--

CREATE TABLE `catalog_product_index_eav_decimal` (
  `entity_id` int(10) unsigned NOT NULL COMMENT 'Entity ID',
  `attribute_id` smallint(5) unsigned NOT NULL COMMENT 'Attribute ID',
  `store_id` smallint(5) unsigned NOT NULL COMMENT 'Store ID',
  `value` decimal(12,4) NOT NULL COMMENT 'Value',
  PRIMARY KEY (`entity_id`,`attribute_id`,`store_id`),
  KEY `CATALOG_PRODUCT_INDEX_EAV_DECIMAL_ATTRIBUTE_ID` (`attribute_id`),
  KEY `CATALOG_PRODUCT_INDEX_EAV_DECIMAL_STORE_ID` (`store_id`),
  KEY `CATALOG_PRODUCT_INDEX_EAV_DECIMAL_VALUE` (`value`)
) ENGINE=InnoDB DEFAULT CHARSET=utf8 COMMENT='Catalog Product EAV Decimal Index Table';

--
-- Table structure for table `catalog_product_index_eav_decimal_idx`
--

CREATE TABLE `catalog_product_index_eav_decimal_idx` (
  `entity_id` int(10) unsigned NOT NULL COMMENT 'Entity ID',
  `attribute_id` smallint(5) unsigned NOT NULL COMMENT 'Attribute ID',
  `store_id` smallint(5) unsigned NOT NULL COMMENT 'Store ID',
  `value` decimal(12,4) NOT NULL COMMENT 'Value',
  PRIMARY KEY (`entity_id`,`attribute_id`,`store_id`,`value`),
  KEY `CATALOG_PRODUCT_INDEX_EAV_DECIMAL_IDX_ATTRIBUTE_ID` (`attribute_id`),
  KEY `CATALOG_PRODUCT_INDEX_EAV_DECIMAL_IDX_STORE_ID` (`store_id`),
  KEY `CATALOG_PRODUCT_INDEX_EAV_DECIMAL_IDX_VALUE` (`value`)
) ENGINE=InnoDB DEFAULT CHARSET=utf8 COMMENT='Catalog Product EAV Decimal Indexer Index Table';

--
-- Table structure for table `catalog_product_index_eav_decimal_tmp`
--

CREATE TABLE `catalog_product_index_eav_decimal_tmp` (
  `entity_id` int(10) unsigned NOT NULL COMMENT 'Entity ID',
  `attribute_id` smallint(5) unsigned NOT NULL COMMENT 'Attribute ID',
  `store_id` smallint(5) unsigned NOT NULL COMMENT 'Store ID',
  `value` decimal(12,4) NOT NULL COMMENT 'Value',
  PRIMARY KEY (`entity_id`,`attribute_id`,`store_id`),
  KEY `CATALOG_PRODUCT_INDEX_EAV_DECIMAL_TMP_ATTRIBUTE_ID` (`attribute_id`),
  KEY `CATALOG_PRODUCT_INDEX_EAV_DECIMAL_TMP_STORE_ID` (`store_id`),
  KEY `CATALOG_PRODUCT_INDEX_EAV_DECIMAL_TMP_VALUE` (`value`)
) ENGINE=MEMORY DEFAULT CHARSET=utf8 COMMENT='Catalog Product EAV Decimal Indexer Temp Table';

--
-- Table structure for table `catalog_product_index_eav_idx`
--

CREATE TABLE `catalog_product_index_eav_idx` (
  `entity_id` int(10) unsigned NOT NULL COMMENT 'Entity ID',
  `attribute_id` smallint(5) unsigned NOT NULL COMMENT 'Attribute ID',
  `store_id` smallint(5) unsigned NOT NULL COMMENT 'Store ID',
  `value` int(10) unsigned NOT NULL COMMENT 'Value',
  PRIMARY KEY (`entity_id`,`attribute_id`,`store_id`,`value`),
  KEY `CATALOG_PRODUCT_INDEX_EAV_IDX_ATTRIBUTE_ID` (`attribute_id`),
  KEY `CATALOG_PRODUCT_INDEX_EAV_IDX_STORE_ID` (`store_id`),
  KEY `CATALOG_PRODUCT_INDEX_EAV_IDX_VALUE` (`value`)
) ENGINE=InnoDB DEFAULT CHARSET=utf8 COMMENT='Catalog Product EAV Indexer Index Table';

--
-- Dumping data for table `catalog_product_index_eav_idx`
--

INSERT INTO `catalog_product_index_eav_idx` VALUES ('1',83,1,'16'),('1',83,2,'16'),('1',83,3,'16'),('1',83,4,'16'),('1',83,5,'16'),('1',83,6,'16'),('1',93,1,'4'),('1',93,2,'4'),('1',93,3,'4'),('1',93,4,'4'),('1',93,5,'4'),('1',93,6,'4'),('2',83,1,'17'),('2',83,1,'22'),('2',83,2,'17'),('2',83,2,'22'),('2',83,3,'17'),('2',83,3,'22'),('2',83,4,'17'),('2',83,4,'22'),('2',83,5,'17'),('2',83,5,'22'),('2',83,6,'17'),('2',83,6,'22'),('2',93,1,'4'),('2',93,1,'7'),('2',93,2,'4'),('2',93,2,'7'),('2',93,3,'4'),('2',93,3,'7'),('2',93,4,'4'),('2',93,4,'7'),('2',93,5,'4'),('2',93,5,'7'),('2',93,6,'4'),('2',93,6,'7'),('7',83,1,'17'),('7',83,2,'17'),('7',83,3,'17'),('7',83,4,'17'),('7',83,5,'17'),('7',83,6,'17'),('7',93,1,'4'),('7',93,2,'4'),('7',93,3,'4'),('7',93,4,'4'),('7',93,5,'4'),('7',93,6,'4'),('9',83,1,'16'),('9',83,1,'17'),('9',83,1,'19'),('9',83,2,'16'),('9',83,2,'17'),('9',83,2,'19'),('9',83,3,'16'),('9',83,3,'17'),('9',83,3,'19'),('9',83,4,'16'),('9',83,4,'17'),('9',83,4,'19'),('9',83,5,'16'),('9',83,5,'17'),('9',83,5,'19'),('9',83,6,'16'),('9',83,6,'17'),('9',83,6,'19'),('9',93,1,'4'),('9',93,1,'7'),('9',93,2,'4'),('9',93,2,'7'),('9',93,3,'4'),('9',93,3,'7'),('9',93,4,'4'),('9',93,4,'7'),('9',93,5,'4'),('9',93,5,'7'),('9',93,6,'4'),('9',93,6,'7'),('10',83,1,'16'),('10',83,1,'17'),('10',83,1,'20'),('10',83,2,'16'),('10',83,2,'17'),('10',83,2,'20'),('10',83,3,'16'),('10',83,3,'17'),('10',83,3,'20'),('10',83,4,'16'),('10',83,4,'17'),('10',83,4,'20'),('10',83,5,'16'),('10',83,5,'17'),('10',83,5,'20'),('10',83,6,'16'),('10',83,6,'17'),('10',83,6,'20'),('10',93,1,'4'),('10',93,1,'9'),('10',93,2,'4'),('10',93,2,'9'),('10',93,3,'4'),('10',93,3,'9'),('10',93,4,'4'),('10',93,4,'9'),('10',93,5,'4'),('10',93,5,'9'),('10',93,6,'4'),('10',93,6,'9'),('17',83,1,'21'),('17',83,2,'21'),('17',83,3,'21'),('17',83,4,'21'),('17',83,5,'21'),('17',83,6,'21'),('17',93,1,'12'),('17',93,2,'12'),('17',93,3,'12'),('17',93,4,'12'),('17',93,5,'12'),('17',93,6,'12'),('18',83,1,'18'),('18',83,2,'18'),('18',83,3,'18'),('18',83,4,'18'),('18',83,5,'18'),('18',83,6,'18'),('18',93,1,'15'),('18',93,2,'15'),('18',93,3,'15'),('18',93,4,'15'),('18',93,5,'15'),('18',93,6,'15'),('19',83,1,'18'),('19',83,2,'18'),('19',83,3,'18'),('19',83,4,'18'),('19',83,5,'18'),('19',83,6,'18'),('19',93,1,'13'),('19',93,2,'13'),('19',93,3,'13'),('19',93,4,'13'),('19',93,5,'13'),('19',93,6,'13'),('20',83,1,'21'),('20',83,2,'21'),('20',83,3,'21'),('20',83,4,'21'),('20',83,5,'21'),('20',83,6,'21'),('20',93,1,'11'),('20',93,2,'11'),('20',93,3,'11'),('20',93,4,'11'),('20',93,5,'11'),('20',93,6,'11'),('21',83,1,'17'),('21',83,2,'17'),('21',83,3,'17'),('21',83,4,'17'),('21',83,5,'17'),('21',83,6,'17'),('21',93,1,'8'),('21',93,2,'8'),('21',93,3,'8'),('21',93,4,'8'),('21',93,5,'8'),('21',93,6,'8'),('22',83,1,'22'),('22',83,2,'22'),('22',83,3,'22'),('22',83,4,'22'),('22',83,5,'22'),('22',83,6,'22'),('22',93,1,'7'),('22',93,2,'7'),('22',93,3,'7'),('22',93,4,'7'),('22',93,5,'7'),('22',93,6,'7'),('23',83,1,'17'),('23',83,2,'17'),('23',83,3,'17'),('23',83,4,'17'),('23',83,5,'17'),('23',83,6,'17'),('23',93,1,'9'),('23',93,2,'9'),('23',93,3,'9'),('23',93,4,'9'),('23',93,5,'9'),('23',93,6,'9'),('24',83,1,'16'),('24',83,2,'16'),('24',83,3,'16'),('24',83,4,'16'),('24',83,5,'16'),('24',83,6,'16'),('24',93,1,'13'),('24',93,2,'13'),('24',93,3,'13'),('24',93,4,'13'),('24',93,5,'13'),('24',93,6,'13'),('25',83,1,'18'),('25',83,2,'18'),('25',83,3,'18'),('25',83,4,'18'),('25',83,5,'18'),('25',83,6,'18'),('25',93,1,'12'),('25',93,2,'12'),('25',93,3,'12'),('25',93,4,'12'),('25',93,5,'12'),('25',93,6,'12'),('26',83,1,'21'),('26',83,2,'21'),('26',83,3,'21'),('26',83,4,'21'),('26',83,5,'21'),('26',83,6,'21'),('26',93,1,'8'),('26',93,2,'8'),('26',93,3,'8'),('26',93,4,'8'),('26',93,5,'8'),('26',93,6,'8'),('27',83,1,'19'),('27',83,2,'19'),('27',83,3,'19'),('27',83,4,'19'),('27',83,5,'19'),('27',83,6,'19'),('27',93,1,'11'),('27',93,2,'11'),('27',93,3,'11'),('27',93,4,'11'),('27',93,5,'11'),('27',93,6,'11'),('28',83,1,'20'),('28',83,2,'20'),('28',83,3,'20'),('28',83,4,'20'),('28',83,5,'20'),('28',83,6,'20'),('28',93,1,'5'),('28',93,2,'5'),('28',93,3,'5'),('28',93,4,'5'),('28',93,5,'5'),('28',93,6,'5'),('29',83,1,'17'),('29',83,2,'17'),('29',83,3,'17'),('29',83,4,'17'),('29',83,5,'17'),('29',83,6,'17'),('29',93,1,'5'),('29',93,2,'5'),('29',93,3,'5'),('29',93,4,'5'),('29',93,5,'5'),('29',93,6,'5'),('30',83,1,'17'),('30',83,2,'17'),('30',83,3,'17'),('30',83,4,'17'),('30',83,5,'17'),('30',83,6,'17'),('30',93,1,'4'),('30',93,2,'4'),('30',93,3,'4'),('30',93,4,'4'),('30',93,5,'4'),('30',93,6,'4'),('31',83,1,'17'),('31',83,2,'17'),('31',83,3,'17'),('31',83,4,'17'),('31',83,5,'17'),('31',83,6,'17'),('31',93,1,'5'),('31',93,2,'5'),('31',93,3,'5'),('31',93,4,'5'),('31',93,5,'5'),('31',93,6,'5'),('32',83,1,'17'),('32',83,2,'17'),('32',83,3,'17'),('32',83,4,'17'),('32',83,5,'17'),('32',83,6,'17'),('32',93,1,'4'),('32',93,1,'5'),('32',93,2,'4'),('32',93,2,'5'),('32',93,3,'4'),('32',93,3,'5'),('32',93,4,'4'),('32',93,4,'5'),('32',93,5,'4'),('32',93,5,'5'),('32',93,6,'4'),('32',93,6,'5'),('33',83,1,'18'),('33',83,2,'18'),('33',83,3,'18'),('33',83,4,'18'),('33',83,5,'18'),('33',83,6,'18'),('33',93,1,'12'),('33',93,2,'12'),('33',93,3,'12'),('33',93,4,'12'),('33',93,5,'12'),('33',93,6,'12'),('34',83,1,'20'),('34',83,2,'20'),('34',83,3,'20'),('34',83,4,'20'),('34',83,5,'20'),('34',83,6,'20'),('34',93,1,'9'),('34',93,2,'9'),('34',93,3,'9'),('34',93,4,'9'),('34',93,5,'9'),('34',93,6,'9'),('35',83,1,'19'),('35',83,2,'19'),('35',83,3,'19'),('35',83,4,'19'),('35',83,5,'19'),('35',83,6,'19'),('35',93,1,'8'),('35',93,2,'8'),('35',93,3,'8'),('35',93,4,'8'),('35',93,5,'8'),('35',93,6,'8'),('36',83,1,'17'),('36',83,2,'17'),('36',83,3,'17'),('36',83,4,'17'),('36',83,5,'17'),('36',83,6,'17'),('36',93,1,'14'),('36',93,2,'14'),('36',93,3,'14'),('36',93,4,'14'),('36',93,5,'14'),('36',93,6,'14'),('37',83,1,'19'),('37',83,2,'19'),('37',83,3,'19'),('37',83,4,'19'),('37',83,5,'19'),('37',83,6,'19'),('37',93,1,'8'),('37',93,2,'8'),('37',93,3,'8'),('37',93,4,'8'),('37',93,5,'8'),('37',93,6,'8'),('48',83,1,'18'),('48',83,2,'18'),('48',83,3,'18'),('48',83,4,'18'),('48',83,5,'18'),('48',83,6,'18'),('48',93,1,'4'),('48',93,2,'4'),('48',93,3,'4'),('48',93,4,'4'),('48',93,5,'4'),('48',93,6,'4'),('49',83,1,'18'),('49',83,2,'18'),('49',83,3,'18'),('49',83,4,'18'),('49',83,5,'18'),('49',83,6,'18'),('49',93,1,'12'),('49',93,2,'12'),('49',93,3,'12'),('49',93,4,'12'),('49',93,5,'12'),('49',93,6,'12'),('50',83,1,'18'),('50',83,2,'18'),('50',83,3,'18'),('50',83,4,'18'),('50',83,5,'18'),('50',83,6,'18'),('50',93,1,'4'),('50',93,1,'12'),('50',93,2,'4'),('50',93,2,'12'),('50',93,3,'4'),('50',93,3,'12'),('50',93,4,'4'),('50',93,4,'12'),('50',93,5,'4'),('50',93,5,'12'),('50',93,6,'4'),('50',93,6,'12'),('51',83,1,'16'),('51',83,2,'16'),('51',83,3,'16'),('51',83,4,'16'),('51',83,5,'16'),('51',83,6,'16'),('51',93,1,'4'),('51',93,2,'4'),('51',93,3,'4'),('51',93,4,'4'),('51',93,5,'4'),('51',93,6,'4'),('52',83,1,'17'),('52',83,2,'17'),('52',83,3,'17'),('52',83,4,'17'),('52',83,5,'17'),('52',83,6,'17'),('52',93,1,'5'),('52',93,2,'5'),('52',93,3,'5'),('52',93,4,'5'),('52',93,5,'5'),('52',93,6,'5'),('53',83,1,'18'),('53',83,2,'18'),('53',83,3,'18'),('53',83,4,'18'),('53',83,5,'18'),('53',83,6,'18'),('53',93,1,'7'),('53',93,2,'7'),('53',93,3,'7'),('53',93,4,'7'),('53',93,5,'7'),('53',93,6,'7'),('54',83,1,'19'),('54',83,2,'19'),('54',83,3,'19'),('54',83,4,'19'),('54',83,5,'19'),('54',83,6,'19'),('54',93,1,'8'),('54',93,2,'8'),('54',93,3,'8'),('54',93,4,'8'),('54',93,5,'8'),('54',93,6,'8'),('55',83,1,'20'),('55',83,2,'20'),('55',83,3,'20'),('55',83,4,'20'),('55',83,5,'20'),('55',83,6,'20'),('55',93,1,'9'),('55',93,2,'9'),('55',93,3,'9'),('55',93,4,'9'),('55',93,5,'9'),('55',93,6,'9'),('56',83,1,'21'),('56',83,2,'21'),('56',83,3,'21'),('56',83,4,'21'),('56',83,5,'21'),('56',83,6,'21'),('56',93,1,'10'),('56',93,2,'10'),('56',93,3,'10'),('56',93,4,'10'),('56',93,5,'10'),('56',93,6,'10'),('57',83,1,'22'),('57',83,2,'22'),('57',83,3,'22'),('57',83,4,'22'),('57',83,5,'22'),('57',83,6,'22'),('57',93,1,'13'),('57',93,2,'13'),('57',93,3,'13'),('57',93,4,'13'),('57',93,5,'13'),('57',93,6,'13'),('58',83,1,'17'),('58',83,2,'17'),('58',83,3,'17'),('58',83,4,'17'),('58',83,5,'17'),('58',83,6,'17'),('58',93,1,'15'),('58',93,2,'15'),('58',93,3,'15'),('58',93,4,'15'),('58',93,5,'15'),('58',93,6,'15'),('59',83,1,'16'),('59',83,2,'16'),('59',83,3,'16'),('59',83,4,'16'),('59',83,5,'16'),('59',83,6,'16'),('59',93,1,'5'),('59',93,2,'5'),('59',93,3,'5'),('59',93,4,'5'),('59',93,5,'5'),('59',93,6,'5'),('60',83,1,'21'),('60',83,2,'21'),('60',83,3,'21'),('60',83,4,'21'),('60',83,5,'21'),('60',83,6,'21'),('60',93,1,'8'),('60',93,2,'8'),('60',93,3,'8'),('60',93,4,'8'),('60',93,5,'8'),('60',93,6,'8'),('61',83,1,'17'),('61',83,2,'17'),('61',83,3,'17'),('61',83,4,'17'),('61',83,5,'17'),('61',83,6,'17'),('61',93,1,'14'),('61',93,2,'14'),('61',93,3,'14'),('61',93,4,'14'),('61',93,5,'14'),('61',93,6,'14'),('62',83,1,'21'),('62',83,2,'21'),('62',83,3,'21'),('62',83,4,'21'),('62',83,5,'21'),('62',83,6,'21'),('62',93,1,'13'),('62',93,2,'13'),('62',93,3,'13'),('62',93,4,'13'),('62',93,5,'13'),('62',93,6,'13');

--
-- Table structure for table `catalog_product_index_eav_tmp`
--

CREATE TABLE `catalog_product_index_eav_tmp` (
  `entity_id` int(10) unsigned NOT NULL COMMENT 'Entity ID',
  `attribute_id` smallint(5) unsigned NOT NULL COMMENT 'Attribute ID',
  `store_id` smallint(5) unsigned NOT NULL COMMENT 'Store ID',
  `value` int(10) unsigned NOT NULL COMMENT 'Value',
  PRIMARY KEY (`entity_id`,`attribute_id`,`store_id`,`value`),
  KEY `CATALOG_PRODUCT_INDEX_EAV_TMP_ATTRIBUTE_ID` (`attribute_id`),
  KEY `CATALOG_PRODUCT_INDEX_EAV_TMP_STORE_ID` (`store_id`),
  KEY `CATALOG_PRODUCT_INDEX_EAV_TMP_VALUE` (`value`)
) ENGINE=MEMORY DEFAULT CHARSET=utf8 COMMENT='Catalog Product EAV Indexer Temp Table';

--
-- Table structure for table `catalog_product_index_price`
--

CREATE TABLE `catalog_product_index_price` (
  `entity_id` int(10) unsigned NOT NULL COMMENT 'Entity ID',
  `customer_group_id` smallint(5) unsigned NOT NULL COMMENT 'Customer Group ID',
  `website_id` smallint(5) unsigned NOT NULL COMMENT 'Website ID',
  `tax_class_id` smallint(5) unsigned DEFAULT '0' COMMENT 'Tax Class ID',
  `price` decimal(12,4) DEFAULT NULL COMMENT 'Price',
  `final_price` decimal(12,4) DEFAULT NULL COMMENT 'Final Price',
  `min_price` decimal(12,4) DEFAULT NULL COMMENT 'Min Price',
  `max_price` decimal(12,4) DEFAULT NULL COMMENT 'Max Price',
  `tier_price` decimal(12,4) DEFAULT NULL COMMENT 'Tier Price',
  PRIMARY KEY (`entity_id`,`customer_group_id`,`website_id`),
  KEY `CATALOG_PRODUCT_INDEX_PRICE_CUSTOMER_GROUP_ID` (`customer_group_id`),
  KEY `CATALOG_PRODUCT_INDEX_PRICE_MIN_PRICE` (`min_price`),
  KEY `CAT_PRD_IDX_PRICE_WS_ID_CSTR_GROUP_ID_MIN_PRICE` (`website_id`,`customer_group_id`,`min_price`)
) ENGINE=InnoDB DEFAULT CHARSET=utf8 COMMENT='Catalog Product Price Index Table';

--
-- Dumping data for table `catalog_product_index_price`
--

INSERT INTO `catalog_product_index_price` VALUES ('1',0,1,2,'34.0000','34.0000','34.0000','34.0000',NULL),('1',1,1,2,'34.0000','34.0000','34.0000','34.0000',NULL),('1',2,1,2,'34.0000','34.0000','34.0000','34.0000',NULL),('1',3,1,2,'34.0000','34.0000','34.0000','34.0000',NULL),('2',0,1,2,'52.0000','52.0000','52.0000','52.0000',NULL),('2',1,1,2,'52.0000','52.0000','52.0000','52.0000',NULL),('2',2,1,2,'52.0000','52.0000','52.0000','52.0000',NULL),('2',3,1,2,'52.0000','52.0000','52.0000','52.0000',NULL),('7',0,1,2,'52.0000','52.0000','52.0000','52.0000',NULL),('7',1,1,2,'52.0000','52.0000','52.0000','52.0000',NULL),('7',2,1,2,'52.0000','52.0000','52.0000','52.0000',NULL),('7',3,1,2,'52.0000','52.0000','52.0000','52.0000',NULL),('9',0,1,2,NULL,NULL,'34.0000','52.0000',NULL),('9',1,1,2,NULL,NULL,'34.0000','52.0000',NULL),('9',2,1,2,NULL,NULL,'34.0000','52.0000',NULL),('9',3,1,2,NULL,NULL,'34.0000','52.0000',NULL),('10',0,1,0,'0.0000','0.0000','34.0000','52.0000',NULL),('10',1,1,0,'0.0000','0.0000','34.0000','52.0000',NULL),('10',2,1,0,'0.0000','0.0000','34.0000','52.0000',NULL),('10',3,1,0,'0.0000','0.0000','34.0000','52.0000',NULL),('17',0,1,2,'6.0000','6.0000','6.0000','6.0000',NULL),('17',1,1,2,'6.0000','6.0000','6.0000','6.0000',NULL),('17',2,1,2,'6.0000','6.0000','6.0000','6.0000',NULL),('17',3,1,2,'6.0000','6.0000','6.0000','6.0000',NULL),('18',0,1,2,'32.0000','32.0000','32.0000','32.0000',NULL),('18',1,1,2,'32.0000','32.0000','32.0000','32.0000',NULL),('18',2,1,2,'32.0000','32.0000','32.0000','32.0000',NULL),('18',3,1,2,'32.0000','32.0000','32.0000','32.0000',NULL),('19',0,1,2,'38.0000','38.0000','38.0000','38.0000',NULL),('19',1,1,2,'38.0000','38.0000','38.0000','38.0000',NULL),('19',2,1,2,'38.0000','38.0000','38.0000','38.0000',NULL),('19',3,1,2,'38.0000','38.0000','38.0000','38.0000',NULL),('20',0,1,2,'40.0000','40.0000','40.0000','40.0000',NULL),('20',1,1,2,'40.0000','40.0000','40.0000','40.0000',NULL),('20',2,1,2,'40.0000','40.0000','40.0000','40.0000',NULL),('20',3,1,2,'40.0000','40.0000','40.0000','40.0000',NULL),('21',0,1,2,'45.0000','45.0000','45.0000','45.0000',NULL),('21',1,1,2,'45.0000','45.0000','45.0000','45.0000',NULL),('21',2,1,2,'45.0000','45.0000','45.0000','45.0000',NULL),('21',3,1,2,'45.0000','45.0000','45.0000','45.0000',NULL),('22',0,1,2,'52.0000','52.0000','52.0000','52.0000',NULL),('22',1,1,2,'52.0000','52.0000','52.0000','52.0000',NULL),('22',2,1,2,'52.0000','52.0000','52.0000','52.0000',NULL),('22',3,1,2,'52.0000','52.0000','52.0000','52.0000',NULL),('23',0,1,2,'59.0000','59.0000','59.0000','59.0000',NULL),('23',1,1,2,'59.0000','59.0000','59.0000','59.0000',NULL),('23',2,1,2,'59.0000','59.0000','59.0000','59.0000',NULL),('23',3,1,2,'59.0000','59.0000','59.0000','59.0000',NULL),('24',0,1,2,'74.0000','70.0000','70.0000','70.0000',NULL),('24',1,1,2,'74.0000','70.0000','70.0000','70.0000',NULL),('24',2,1,2,'74.0000','70.0000','70.0000','70.0000',NULL),('24',3,1,2,'74.0000','70.0000','70.0000','70.0000',NULL),('25',0,1,2,'32.0000','30.0000','30.0000','30.0000',NULL),('25',1,1,2,'32.0000','30.0000','30.0000','30.0000',NULL),('25',2,1,2,'32.0000','30.0000','30.0000','30.0000',NULL),('25',3,1,2,'32.0000','30.0000','30.0000','30.0000',NULL),('26',0,1,2,'32.0000','32.0000','32.0000','32.0000',NULL),('26',1,1,2,'32.0000','32.0000','32.0000','32.0000',NULL),('26',2,1,2,'32.0000','32.0000','32.0000','32.0000',NULL),('26',3,1,2,'32.0000','32.0000','32.0000','32.0000',NULL),('27',0,1,2,'35.0000','35.0000','35.0000','35.0000',NULL),('27',1,1,2,'35.0000','35.0000','35.0000','35.0000',NULL),('27',2,1,2,'35.0000','35.0000','35.0000','35.0000',NULL),('27',3,1,2,'35.0000','35.0000','35.0000','35.0000',NULL),('28',0,1,2,'33.0000','30.0000','30.0000','30.0000',NULL),('28',1,1,2,'33.0000','30.0000','30.0000','30.0000',NULL),('28',2,1,2,'33.0000','30.0000','30.0000','30.0000',NULL),('28',3,1,2,'33.0000','30.0000','30.0000','30.0000',NULL),('29',0,1,2,'36.0000','36.0000','36.0000','36.0000',NULL),('29',1,1,2,'36.0000','36.0000','36.0000','36.0000',NULL),('29',2,1,2,'36.0000','36.0000','36.0000','36.0000',NULL),('29',3,1,2,'36.0000','36.0000','36.0000','36.0000',NULL),('30',0,1,2,'70.0000','54.0000','54.0000','54.0000',NULL),('30',1,1,2,'70.0000','54.0000','54.0000','54.0000',NULL),('30',2,1,2,'70.0000','54.0000','54.0000','54.0000',NULL),('30',3,1,2,'70.0000','54.0000','54.0000','54.0000',NULL),('31',0,1,2,'70.0000','70.0000','70.0000','70.0000',NULL),('31',1,1,2,'70.0000','70.0000','70.0000','70.0000',NULL),('31',2,1,2,'70.0000','70.0000','70.0000','70.0000',NULL),('31',3,1,2,'70.0000','70.0000','70.0000','70.0000',NULL),('32',0,1,2,'70.0000','70.0000','70.0000','70.0000',NULL),('32',1,1,2,'70.0000','70.0000','70.0000','70.0000',NULL),('32',2,1,2,'70.0000','70.0000','70.0000','70.0000',NULL),('32',3,1,2,'70.0000','70.0000','70.0000','70.0000',NULL),('33',0,1,2,'45.0000','45.0000','45.0000','45.0000',NULL),('33',1,1,2,'45.0000','45.0000','45.0000','45.0000',NULL),('33',2,1,2,'45.0000','45.0000','45.0000','45.0000',NULL),('33',3,1,2,'45.0000','45.0000','45.0000','45.0000',NULL),('34',0,1,2,'50.0000','35.0000','35.0000','35.0000',NULL),('34',1,1,2,'50.0000','35.0000','35.0000','35.0000',NULL),('34',2,1,2,'50.0000','35.0000','35.0000','35.0000',NULL),('34',3,1,2,'50.0000','35.0000','35.0000','35.0000',NULL),('35',0,1,2,'10.0000','8.0000','8.0000','8.0000',NULL),('35',1,1,2,'10.0000','8.0000','8.0000','8.0000',NULL),('35',2,1,2,'10.0000','8.0000','8.0000','8.0000',NULL),('35',3,1,2,'10.0000','8.0000','8.0000','8.0000',NULL),('36',0,1,2,'12.0000','8.0000','8.0000','8.0000',NULL),('36',1,1,2,'12.0000','8.0000','8.0000','8.0000',NULL),('36',2,1,2,'12.0000','8.0000','8.0000','8.0000',NULL),('36',3,1,2,'12.0000','8.0000','8.0000','8.0000',NULL),('37',0,1,2,'12.0000','12.0000','12.0000','12.0000',NULL),('37',1,1,2,'12.0000','12.0000','12.0000','12.0000',NULL),('37',2,1,2,'12.0000','12.0000','12.0000','12.0000',NULL),('37',3,1,2,'12.0000','12.0000','12.0000','12.0000',NULL),('48',0,1,2,'63.0000','45.0000','45.0000','45.0000',NULL),('48',1,1,2,'63.0000','45.0000','45.0000','45.0000',NULL),('48',2,1,2,'63.0000','45.0000','45.0000','45.0000',NULL),('48',3,1,2,'63.0000','45.0000','45.0000','45.0000',NULL),('49',0,1,2,'63.0000','63.0000','63.0000','63.0000',NULL),('49',1,1,2,'63.0000','63.0000','63.0000','63.0000',NULL),('49',2,1,2,'63.0000','63.0000','63.0000','63.0000',NULL),('49',3,1,2,'63.0000','63.0000','63.0000','63.0000',NULL),('50',0,1,0,'63.0000','63.0000','63.0000','63.0000',NULL),('50',1,1,0,'63.0000','63.0000','63.0000','63.0000',NULL),('50',2,1,0,'63.0000','63.0000','63.0000','63.0000',NULL),('50',3,1,0,'63.0000','63.0000','63.0000','63.0000',NULL),('51',0,1,0,'44.0000','44.0000','44.0000','44.0000',NULL),('51',1,1,0,'44.0000','44.0000','44.0000','44.0000',NULL),('51',2,1,0,'44.0000','44.0000','44.0000','44.0000',NULL),('51',3,1,0,'44.0000','44.0000','44.0000','44.0000',NULL),('52',0,1,0,'78.0000','45.0000','45.0000','45.0000',NULL),('52',1,1,0,'78.0000','45.0000','45.0000','45.0000',NULL),('52',2,1,0,'78.0000','45.0000','45.0000','45.0000',NULL),('52',3,1,0,'78.0000','45.0000','45.0000','45.0000',NULL),('53',0,1,0,'66.0000','66.0000','66.0000','66.0000',NULL),('53',1,1,0,'66.0000','66.0000','66.0000','66.0000',NULL),('53',2,1,0,'66.0000','66.0000','66.0000','66.0000',NULL),('53',3,1,0,'66.0000','66.0000','66.0000','66.0000',NULL),('54',0,1,0,'75.0000','75.0000','75.0000','75.0000',NULL),('54',1,1,0,'75.0000','75.0000','75.0000','75.0000',NULL),('54',2,1,0,'75.0000','75.0000','75.0000','75.0000',NULL),('54',3,1,0,'75.0000','75.0000','75.0000','75.0000',NULL),('55',0,1,0,'88.0000','55.0000','55.0000','55.0000',NULL),('55',1,1,0,'88.0000','55.0000','55.0000','55.0000',NULL),('55',2,1,0,'88.0000','55.0000','55.0000','55.0000',NULL),('55',3,1,0,'88.0000','55.0000','55.0000','55.0000',NULL),('56',0,1,0,'41.0000','41.0000','41.0000','41.0000',NULL),('56',1,1,0,'41.0000','41.0000','41.0000','41.0000',NULL),('56',2,1,0,'41.0000','41.0000','41.0000','41.0000',NULL),('56',3,1,0,'41.0000','41.0000','41.0000','41.0000',NULL),('57',0,1,0,'66.0000','66.0000','66.0000','66.0000',NULL),('57',1,1,0,'66.0000','66.0000','66.0000','66.0000',NULL),('57',2,1,0,'66.0000','66.0000','66.0000','66.0000',NULL),('57',3,1,0,'66.0000','66.0000','66.0000','66.0000',NULL),('58',0,1,2,'87.0000','50.0000','50.0000','50.0000',NULL),('58',1,1,2,'87.0000','50.0000','50.0000','50.0000',NULL),('58',2,1,2,'87.0000','50.0000','50.0000','50.0000',NULL),('58',3,1,2,'87.0000','50.0000','50.0000','50.0000',NULL),('59',0,1,0,'6545.0000','6545.0000','6545.0000','6545.0000',NULL),('59',1,1,0,'6545.0000','6545.0000','6545.0000','6545.0000',NULL),('59',2,1,0,'6545.0000','6545.0000','6545.0000','6545.0000',NULL),('59',3,1,0,'6545.0000','6545.0000','6545.0000','6545.0000',NULL),('60',0,1,0,'80.0000','80.0000','80.0000','80.0000',NULL),('60',1,1,0,'80.0000','80.0000','80.0000','80.0000',NULL),('60',2,1,0,'80.0000','80.0000','80.0000','80.0000',NULL),('60',3,1,0,'80.0000','80.0000','80.0000','80.0000',NULL),('61',0,1,0,'55.0000','55.0000','55.0000','55.0000',NULL),('61',1,1,0,'55.0000','55.0000','55.0000','55.0000',NULL),('61',2,1,0,'55.0000','55.0000','55.0000','55.0000',NULL),('61',3,1,0,'55.0000','55.0000','55.0000','55.0000',NULL),('62',0,1,2,'76.0000','43.0000','43.0000','43.0000',NULL),('62',1,1,2,'76.0000','43.0000','43.0000','43.0000',NULL),('62',2,1,2,'76.0000','43.0000','43.0000','43.0000',NULL),('62',3,1,2,'76.0000','43.0000','43.0000','43.0000',NULL),('63',0,1,0,'45.0000','45.0000','45.0000','45.0000',NULL),('63',1,1,0,'45.0000','45.0000','45.0000','45.0000',NULL),('63',2,1,0,'45.0000','45.0000','45.0000','45.0000',NULL),('63',3,1,0,'45.0000','45.0000','45.0000','45.0000',NULL),('64',0,1,0,'76.0000','43.0000','43.0000','43.0000',NULL),('64',1,1,0,'76.0000','43.0000','43.0000','43.0000',NULL),('64',2,1,0,'76.0000','43.0000','43.0000','43.0000',NULL),('64',3,1,0,'76.0000','43.0000','43.0000','43.0000',NULL),('65',0,1,0,'67.0000','67.0000','67.0000','67.0000',NULL),('65',1,1,0,'67.0000','67.0000','67.0000','67.0000',NULL),('65',2,1,0,'67.0000','67.0000','67.0000','67.0000',NULL),('65',3,1,0,'67.0000','67.0000','67.0000','67.0000',NULL),('67',0,1,0,'88.0000','88.0000','88.0000','88.0000',NULL),('67',1,1,0,'88.0000','88.0000','88.0000','88.0000',NULL),('67',2,1,0,'88.0000','88.0000','88.0000','88.0000',NULL),('67',3,1,0,'88.0000','88.0000','88.0000','88.0000',NULL),('68',0,1,0,'55.0000','55.0000','55.0000','55.0000',NULL),('68',1,1,0,'55.0000','55.0000','55.0000','55.0000',NULL),('68',2,1,0,'55.0000','55.0000','55.0000','55.0000',NULL),('68',3,1,0,'55.0000','55.0000','55.0000','55.0000',NULL),('69',0,1,2,'76.0000','55.0000','55.0000','55.0000',NULL),('69',1,1,2,'76.0000','55.0000','55.0000','55.0000',NULL),('69',2,1,2,'76.0000','55.0000','55.0000','55.0000',NULL),('69',3,1,2,'76.0000','55.0000','55.0000','55.0000',NULL),('70',0,1,0,'65.0000','65.0000','65.0000','65.0000',NULL),('70',1,1,0,'65.0000','65.0000','65.0000','65.0000',NULL),('70',2,1,0,'65.0000','65.0000','65.0000','65.0000',NULL),('70',3,1,0,'65.0000','65.0000','65.0000','65.0000',NULL),('71',0,1,0,'87.0000','35.0000','35.0000','35.0000',NULL),('71',1,1,0,'87.0000','35.0000','35.0000','35.0000',NULL),('71',2,1,0,'87.0000','35.0000','35.0000','35.0000',NULL),('71',3,1,0,'87.0000','35.0000','35.0000','35.0000',NULL),('72',0,1,0,'54.0000','54.0000','54.0000','54.0000',NULL),('72',1,1,0,'54.0000','54.0000','54.0000','54.0000',NULL),('72',2,1,0,'54.0000','54.0000','54.0000','54.0000',NULL),('72',3,1,0,'54.0000','54.0000','54.0000','54.0000',NULL),('73',0,1,2,'75.0000','75.0000','75.0000','75.0000',NULL),('73',1,1,2,'75.0000','75.0000','75.0000','75.0000',NULL),('73',2,1,2,'75.0000','75.0000','75.0000','75.0000',NULL),('73',3,1,2,'75.0000','75.0000','75.0000','75.0000',NULL),('74',0,1,2,'83.0000','65.0000','65.0000','65.0000',NULL),('74',1,1,2,'83.0000','65.0000','65.0000','65.0000',NULL),('74',2,1,2,'83.0000','65.0000','65.0000','65.0000',NULL),('74',3,1,2,'83.0000','65.0000','65.0000','65.0000',NULL),('75',0,1,0,'57.0000','57.0000','57.0000','57.0000',NULL),('75',1,1,0,'57.0000','57.0000','57.0000','57.0000',NULL),('75',2,1,0,'57.0000','57.0000','57.0000','57.0000',NULL),('75',3,1,0,'57.0000','57.0000','57.0000','57.0000',NULL),('76',0,1,0,'80.0000','80.0000','80.0000','80.0000',NULL),('76',1,1,0,'80.0000','80.0000','80.0000','80.0000',NULL),('76',2,1,0,'80.0000','80.0000','80.0000','80.0000',NULL),('76',3,1,0,'80.0000','80.0000','80.0000','80.0000',NULL),('77',0,1,0,'64.0000','64.0000','64.0000','64.0000',NULL),('77',1,1,0,'64.0000','64.0000','64.0000','64.0000',NULL),('77',2,1,0,'64.0000','64.0000','64.0000','64.0000',NULL),('77',3,1,0,'64.0000','64.0000','64.0000','64.0000',NULL);

--
-- Table structure for table `catalog_product_index_price_bundle_idx`
--

CREATE TABLE `catalog_product_index_price_bundle_idx` (
  `entity_id` int(10) unsigned NOT NULL COMMENT 'Entity Id',
  `customer_group_id` smallint(5) unsigned NOT NULL COMMENT 'Customer Group Id',
  `website_id` smallint(5) unsigned NOT NULL COMMENT 'Website Id',
  `tax_class_id` smallint(5) unsigned DEFAULT '0' COMMENT 'Tax Class Id',
  `price_type` smallint(5) unsigned NOT NULL COMMENT 'Price Type',
  `special_price` decimal(12,4) DEFAULT NULL COMMENT 'Special Price',
  `tier_percent` decimal(12,4) DEFAULT NULL COMMENT 'Tier Percent',
  `orig_price` decimal(12,4) DEFAULT NULL COMMENT 'Orig Price',
  `price` decimal(12,4) DEFAULT NULL COMMENT 'Price',
  `min_price` decimal(12,4) DEFAULT NULL COMMENT 'Min Price',
  `max_price` decimal(12,4) DEFAULT NULL COMMENT 'Max Price',
  `tier_price` decimal(12,4) DEFAULT NULL COMMENT 'Tier Price',
  `base_tier` decimal(12,4) DEFAULT NULL COMMENT 'Base Tier',
  PRIMARY KEY (`entity_id`,`customer_group_id`,`website_id`)
) ENGINE=InnoDB DEFAULT CHARSET=utf8 COMMENT='Catalog Product Index Price Bundle Idx';

--
-- Dumping data for table `catalog_product_index_price_bundle_idx`
--

INSERT INTO `catalog_product_index_price_bundle_idx` VALUES ('10',0,1,0,0,'0.0000',NULL,'0.0000','0.0000','0.0000','0.0000',NULL,NULL),('10',1,1,0,0,'0.0000',NULL,'0.0000','0.0000','0.0000','0.0000',NULL,NULL),('10',2,1,0,0,'0.0000',NULL,'0.0000','0.0000','0.0000','0.0000',NULL,NULL),('10',3,1,0,0,'0.0000',NULL,'0.0000','0.0000','0.0000','0.0000',NULL,NULL);

--
-- Table structure for table `catalog_product_index_price_bundle_opt_idx`
--

CREATE TABLE `catalog_product_index_price_bundle_opt_idx` (
  `entity_id` int(10) unsigned NOT NULL COMMENT 'Entity Id',
  `customer_group_id` smallint(5) unsigned NOT NULL COMMENT 'Customer Group Id',
  `website_id` smallint(5) unsigned NOT NULL COMMENT 'Website Id',
  `option_id` int(10) unsigned NOT NULL DEFAULT '0' COMMENT 'Option Id',
  `min_price` decimal(12,4) DEFAULT NULL COMMENT 'Min Price',
  `alt_price` decimal(12,4) DEFAULT NULL COMMENT 'Alt Price',
  `max_price` decimal(12,4) DEFAULT NULL COMMENT 'Max Price',
  `tier_price` decimal(12,4) DEFAULT NULL COMMENT 'Tier Price',
  `alt_tier_price` decimal(12,4) DEFAULT NULL COMMENT 'Alt Tier Price',
  PRIMARY KEY (`entity_id`,`customer_group_id`,`website_id`,`option_id`)
) ENGINE=InnoDB DEFAULT CHARSET=utf8 COMMENT='Catalog Product Index Price Bundle Opt Idx';

--
-- Dumping data for table `catalog_product_index_price_bundle_opt_idx`
--

INSERT INTO `catalog_product_index_price_bundle_opt_idx` VALUES ('10',0,1,'11','34.0000','0.0000','52.0000',NULL,'0.0000'),('10',1,1,'11','34.0000','0.0000','52.0000',NULL,'0.0000'),('10',2,1,'11','34.0000','0.0000','52.0000',NULL,'0.0000'),('10',3,1,'11','34.0000','0.0000','52.0000',NULL,'0.0000');

--
-- Table structure for table `catalog_product_index_price_bundle_opt_tmp`
--

CREATE TABLE `catalog_product_index_price_bundle_opt_tmp` (
  `entity_id` int(10) unsigned NOT NULL COMMENT 'Entity Id',
  `customer_group_id` smallint(5) unsigned NOT NULL COMMENT 'Customer Group Id',
  `website_id` smallint(5) unsigned NOT NULL COMMENT 'Website Id',
  `option_id` int(10) unsigned NOT NULL DEFAULT '0' COMMENT 'Option Id',
  `min_price` decimal(12,4) DEFAULT NULL COMMENT 'Min Price',
  `alt_price` decimal(12,4) DEFAULT NULL COMMENT 'Alt Price',
  `max_price` decimal(12,4) DEFAULT NULL COMMENT 'Max Price',
  `tier_price` decimal(12,4) DEFAULT NULL COMMENT 'Tier Price',
  `alt_tier_price` decimal(12,4) DEFAULT NULL COMMENT 'Alt Tier Price',
  PRIMARY KEY (`entity_id`,`customer_group_id`,`website_id`,`option_id`)
) ENGINE=MEMORY DEFAULT CHARSET=utf8 COMMENT='Catalog Product Index Price Bundle Opt Tmp';

--
-- Table structure for table `catalog_product_index_price_bundle_sel_idx`
--

CREATE TABLE `catalog_product_index_price_bundle_sel_idx` (
  `entity_id` int(10) unsigned NOT NULL COMMENT 'Entity Id',
  `customer_group_id` smallint(5) unsigned NOT NULL COMMENT 'Customer Group Id',
  `website_id` smallint(5) unsigned NOT NULL COMMENT 'Website Id',
  `option_id` int(10) unsigned NOT NULL DEFAULT '0' COMMENT 'Option Id',
  `selection_id` int(10) unsigned NOT NULL DEFAULT '0' COMMENT 'Selection Id',
  `group_type` smallint(5) unsigned DEFAULT '0' COMMENT 'Group Type',
  `is_required` smallint(5) unsigned DEFAULT '0' COMMENT 'Is Required',
  `price` decimal(12,4) DEFAULT NULL COMMENT 'Price',
  `tier_price` decimal(12,4) DEFAULT NULL COMMENT 'Tier Price',
  PRIMARY KEY (`entity_id`,`customer_group_id`,`website_id`,`option_id`,`selection_id`)
) ENGINE=InnoDB DEFAULT CHARSET=utf8 COMMENT='Catalog Product Index Price Bundle Sel Idx';

--
-- Dumping data for table `catalog_product_index_price_bundle_sel_idx`
--

INSERT INTO `catalog_product_index_price_bundle_sel_idx` VALUES ('10',0,1,'11','25',0,1,'34.0000',NULL),('10',0,1,'11','26',0,1,'52.0000',NULL),('10',1,1,'11','25',0,1,'34.0000',NULL),('10',1,1,'11','26',0,1,'52.0000',NULL),('10',2,1,'11','25',0,1,'34.0000',NULL),('10',2,1,'11','26',0,1,'52.0000',NULL),('10',3,1,'11','25',0,1,'34.0000',NULL),('10',3,1,'11','26',0,1,'52.0000',NULL);

--
-- Table structure for table `catalog_product_index_price_bundle_sel_tmp`
--

CREATE TABLE `catalog_product_index_price_bundle_sel_tmp` (
  `entity_id` int(10) unsigned NOT NULL COMMENT 'Entity Id',
  `customer_group_id` smallint(5) unsigned NOT NULL COMMENT 'Customer Group Id',
  `website_id` smallint(5) unsigned NOT NULL COMMENT 'Website Id',
  `option_id` int(10) unsigned NOT NULL DEFAULT '0' COMMENT 'Option Id',
  `selection_id` int(10) unsigned NOT NULL DEFAULT '0' COMMENT 'Selection Id',
  `group_type` smallint(5) unsigned DEFAULT '0' COMMENT 'Group Type',
  `is_required` smallint(5) unsigned DEFAULT '0' COMMENT 'Is Required',
  `price` decimal(12,4) DEFAULT NULL COMMENT 'Price',
  `tier_price` decimal(12,4) DEFAULT NULL COMMENT 'Tier Price',
  PRIMARY KEY (`entity_id`,`customer_group_id`,`website_id`,`option_id`,`selection_id`)
) ENGINE=MEMORY DEFAULT CHARSET=utf8 COMMENT='Catalog Product Index Price Bundle Sel Tmp';

--
-- Table structure for table `catalog_product_index_price_bundle_tmp`
--

CREATE TABLE `catalog_product_index_price_bundle_tmp` (
  `entity_id` int(10) unsigned NOT NULL COMMENT 'Entity Id',
  `customer_group_id` smallint(5) unsigned NOT NULL COMMENT 'Customer Group Id',
  `website_id` smallint(5) unsigned NOT NULL COMMENT 'Website Id',
  `tax_class_id` smallint(5) unsigned DEFAULT '0' COMMENT 'Tax Class Id',
  `price_type` smallint(5) unsigned NOT NULL COMMENT 'Price Type',
  `special_price` decimal(12,4) DEFAULT NULL COMMENT 'Special Price',
  `tier_percent` decimal(12,4) DEFAULT NULL COMMENT 'Tier Percent',
  `orig_price` decimal(12,4) DEFAULT NULL COMMENT 'Orig Price',
  `price` decimal(12,4) DEFAULT NULL COMMENT 'Price',
  `min_price` decimal(12,4) DEFAULT NULL COMMENT 'Min Price',
  `max_price` decimal(12,4) DEFAULT NULL COMMENT 'Max Price',
  `tier_price` decimal(12,4) DEFAULT NULL COMMENT 'Tier Price',
  `base_tier` decimal(12,4) DEFAULT NULL COMMENT 'Base Tier',
  PRIMARY KEY (`entity_id`,`customer_group_id`,`website_id`)
) ENGINE=MEMORY DEFAULT CHARSET=utf8 COMMENT='Catalog Product Index Price Bundle Tmp';

--
-- Table structure for table `catalog_product_index_price_cfg_opt_agr_idx`
--

CREATE TABLE `catalog_product_index_price_cfg_opt_agr_idx` (
  `parent_id` int(10) unsigned NOT NULL COMMENT 'Parent ID',
  `child_id` int(10) unsigned NOT NULL COMMENT 'Child ID',
  `customer_group_id` smallint(5) unsigned NOT NULL COMMENT 'Customer Group ID',
  `website_id` smallint(5) unsigned NOT NULL COMMENT 'Website ID',
  `price` decimal(12,4) DEFAULT NULL COMMENT 'Price',
  `tier_price` decimal(12,4) DEFAULT NULL COMMENT 'Tier Price',
  PRIMARY KEY (`parent_id`,`child_id`,`customer_group_id`,`website_id`)
) ENGINE=InnoDB DEFAULT CHARSET=utf8 COMMENT='Catalog Product Price Indexer Config Option Aggregate Index Table';

--
-- Table structure for table `catalog_product_index_price_cfg_opt_agr_tmp`
--

CREATE TABLE `catalog_product_index_price_cfg_opt_agr_tmp` (
  `parent_id` int(10) unsigned NOT NULL COMMENT 'Parent ID',
  `child_id` int(10) unsigned NOT NULL COMMENT 'Child ID',
  `customer_group_id` smallint(5) unsigned NOT NULL COMMENT 'Customer Group ID',
  `website_id` smallint(5) unsigned NOT NULL COMMENT 'Website ID',
  `price` decimal(12,4) DEFAULT NULL COMMENT 'Price',
  `tier_price` decimal(12,4) DEFAULT NULL COMMENT 'Tier Price',
  PRIMARY KEY (`parent_id`,`child_id`,`customer_group_id`,`website_id`)
) ENGINE=MEMORY DEFAULT CHARSET=utf8 COMMENT='Catalog Product Price Indexer Config Option Aggregate Temp Table';

--
-- Table structure for table `catalog_product_index_price_cfg_opt_idx`
--

CREATE TABLE `catalog_product_index_price_cfg_opt_idx` (
  `entity_id` int(10) unsigned NOT NULL COMMENT 'Entity ID',
  `customer_group_id` smallint(5) unsigned NOT NULL COMMENT 'Customer Group ID',
  `website_id` smallint(5) unsigned NOT NULL COMMENT 'Website ID',
  `min_price` decimal(12,4) DEFAULT NULL COMMENT 'Min Price',
  `max_price` decimal(12,4) DEFAULT NULL COMMENT 'Max Price',
  `tier_price` decimal(12,4) DEFAULT NULL COMMENT 'Tier Price',
  PRIMARY KEY (`entity_id`,`customer_group_id`,`website_id`)
) ENGINE=InnoDB DEFAULT CHARSET=utf8 COMMENT='Catalog Product Price Indexer Config Option Index Table';

--
-- Table structure for table `catalog_product_index_price_cfg_opt_tmp`
--

CREATE TABLE `catalog_product_index_price_cfg_opt_tmp` (
  `entity_id` int(10) unsigned NOT NULL COMMENT 'Entity ID',
  `customer_group_id` smallint(5) unsigned NOT NULL COMMENT 'Customer Group ID',
  `website_id` smallint(5) unsigned NOT NULL COMMENT 'Website ID',
  `min_price` decimal(12,4) DEFAULT NULL COMMENT 'Min Price',
  `max_price` decimal(12,4) DEFAULT NULL COMMENT 'Max Price',
  `tier_price` decimal(12,4) DEFAULT NULL COMMENT 'Tier Price',
  PRIMARY KEY (`entity_id`,`customer_group_id`,`website_id`)
) ENGINE=MEMORY DEFAULT CHARSET=utf8 COMMENT='Catalog Product Price Indexer Config Option Temp Table';

--
-- Table structure for table `catalog_product_index_price_downlod_idx`
--

CREATE TABLE `catalog_product_index_price_downlod_idx` (
  `entity_id` int(10) unsigned NOT NULL COMMENT 'Entity ID',
  `customer_group_id` smallint(5) unsigned NOT NULL COMMENT 'Customer Group ID',
  `website_id` smallint(5) unsigned NOT NULL COMMENT 'Website ID',
  `min_price` decimal(12,4) NOT NULL DEFAULT '0.0000' COMMENT 'Minimum price',
  `max_price` decimal(12,4) NOT NULL DEFAULT '0.0000' COMMENT 'Maximum price',
  PRIMARY KEY (`entity_id`,`customer_group_id`,`website_id`)
) ENGINE=InnoDB DEFAULT CHARSET=utf8 COMMENT='Indexer Table for price of downloadable products';

--
-- Table structure for table `catalog_product_index_price_downlod_tmp`
--

CREATE TABLE `catalog_product_index_price_downlod_tmp` (
  `entity_id` int(10) unsigned NOT NULL COMMENT 'Entity ID',
  `customer_group_id` smallint(5) unsigned NOT NULL COMMENT 'Customer Group ID',
  `website_id` smallint(5) unsigned NOT NULL COMMENT 'Website ID',
  `min_price` decimal(12,4) NOT NULL DEFAULT '0.0000' COMMENT 'Minimum price',
  `max_price` decimal(12,4) NOT NULL DEFAULT '0.0000' COMMENT 'Maximum price',
  PRIMARY KEY (`entity_id`,`customer_group_id`,`website_id`)
) ENGINE=MEMORY DEFAULT CHARSET=utf8 COMMENT='Temporary Indexer Table for price of downloadable products';

--
-- Table structure for table `catalog_product_index_price_final_idx`
--

CREATE TABLE `catalog_product_index_price_final_idx` (
  `entity_id` int(10) unsigned NOT NULL COMMENT 'Entity ID',
  `customer_group_id` smallint(5) unsigned NOT NULL COMMENT 'Customer Group ID',
  `website_id` smallint(5) unsigned NOT NULL COMMENT 'Website ID',
  `tax_class_id` smallint(5) unsigned DEFAULT '0' COMMENT 'Tax Class ID',
  `orig_price` decimal(12,4) DEFAULT NULL COMMENT 'Original Price',
  `price` decimal(12,4) DEFAULT NULL COMMENT 'Price',
  `min_price` decimal(12,4) DEFAULT NULL COMMENT 'Min Price',
  `max_price` decimal(12,4) DEFAULT NULL COMMENT 'Max Price',
  `tier_price` decimal(12,4) DEFAULT NULL COMMENT 'Tier Price',
  `base_tier` decimal(12,4) DEFAULT NULL COMMENT 'Base Tier',
  PRIMARY KEY (`entity_id`,`customer_group_id`,`website_id`)
) ENGINE=InnoDB DEFAULT CHARSET=utf8 COMMENT='Catalog Product Price Indexer Final Index Table';

--
-- Table structure for table `catalog_product_index_price_final_tmp`
--

CREATE TABLE `catalog_product_index_price_final_tmp` (
  `entity_id` int(10) unsigned NOT NULL COMMENT 'Entity ID',
  `customer_group_id` smallint(5) unsigned NOT NULL COMMENT 'Customer Group ID',
  `website_id` smallint(5) unsigned NOT NULL COMMENT 'Website ID',
  `tax_class_id` smallint(5) unsigned DEFAULT '0' COMMENT 'Tax Class ID',
  `orig_price` decimal(12,4) DEFAULT NULL COMMENT 'Original Price',
  `price` decimal(12,4) DEFAULT NULL COMMENT 'Price',
  `min_price` decimal(12,4) DEFAULT NULL COMMENT 'Min Price',
  `max_price` decimal(12,4) DEFAULT NULL COMMENT 'Max Price',
  `tier_price` decimal(12,4) DEFAULT NULL COMMENT 'Tier Price',
  `base_tier` decimal(12,4) DEFAULT NULL COMMENT 'Base Tier',
  PRIMARY KEY (`entity_id`,`customer_group_id`,`website_id`)
) ENGINE=MEMORY DEFAULT CHARSET=utf8 COMMENT='Catalog Product Price Indexer Final Temp Table';

--
-- Table structure for table `catalog_product_index_price_idx`
--

CREATE TABLE `catalog_product_index_price_idx` (
  `entity_id` int(10) unsigned NOT NULL COMMENT 'Entity ID',
  `customer_group_id` smallint(5) unsigned NOT NULL COMMENT 'Customer Group ID',
  `website_id` smallint(5) unsigned NOT NULL COMMENT 'Website ID',
  `tax_class_id` smallint(5) unsigned DEFAULT '0' COMMENT 'Tax Class ID',
  `price` decimal(12,4) DEFAULT NULL COMMENT 'Price',
  `final_price` decimal(12,4) DEFAULT NULL COMMENT 'Final Price',
  `min_price` decimal(12,4) DEFAULT NULL COMMENT 'Min Price',
  `max_price` decimal(12,4) DEFAULT NULL COMMENT 'Max Price',
  `tier_price` decimal(12,4) DEFAULT NULL COMMENT 'Tier Price',
  PRIMARY KEY (`entity_id`,`customer_group_id`,`website_id`),
  KEY `CATALOG_PRODUCT_INDEX_PRICE_IDX_CUSTOMER_GROUP_ID` (`customer_group_id`),
  KEY `CATALOG_PRODUCT_INDEX_PRICE_IDX_WEBSITE_ID` (`website_id`),
  KEY `CATALOG_PRODUCT_INDEX_PRICE_IDX_MIN_PRICE` (`min_price`)
) ENGINE=InnoDB DEFAULT CHARSET=utf8 COMMENT='Catalog Product Price Indexer Index Table';

--
-- Dumping data for table `catalog_product_index_price_idx`
--

INSERT INTO `catalog_product_index_price_idx` VALUES ('1',0,1,2,'34.0000','34.0000','34.0000','34.0000',NULL),('1',1,1,2,'34.0000','34.0000','34.0000','34.0000',NULL),('1',2,1,2,'34.0000','34.0000','34.0000','34.0000',NULL),('1',3,1,2,'34.0000','34.0000','34.0000','34.0000',NULL),('2',0,1,2,'52.0000','52.0000','52.0000','52.0000',NULL),('2',1,1,2,'52.0000','52.0000','52.0000','52.0000',NULL),('2',2,1,2,'52.0000','52.0000','52.0000','52.0000',NULL),('2',3,1,2,'52.0000','52.0000','52.0000','52.0000',NULL),('7',0,1,2,'52.0000','52.0000','52.0000','52.0000',NULL),('7',1,1,2,'52.0000','52.0000','52.0000','52.0000',NULL),('7',2,1,2,'52.0000','52.0000','52.0000','52.0000',NULL),('7',3,1,2,'52.0000','52.0000','52.0000','52.0000',NULL),('9',0,1,2,NULL,NULL,'34.0000','52.0000',NULL),('9',1,1,2,NULL,NULL,'34.0000','52.0000',NULL),('9',2,1,2,NULL,NULL,'34.0000','52.0000',NULL),('9',3,1,2,NULL,NULL,'34.0000','52.0000',NULL),('10',0,1,0,'0.0000','0.0000','34.0000','52.0000',NULL),('10',1,1,0,'0.0000','0.0000','34.0000','52.0000',NULL),('10',2,1,0,'0.0000','0.0000','34.0000','52.0000',NULL),('10',3,1,0,'0.0000','0.0000','34.0000','52.0000',NULL),('17',0,1,2,'6.0000','6.0000','6.0000','6.0000',NULL),('17',1,1,2,'6.0000','6.0000','6.0000','6.0000',NULL),('17',2,1,2,'6.0000','6.0000','6.0000','6.0000',NULL),('17',3,1,2,'6.0000','6.0000','6.0000','6.0000',NULL),('18',0,1,2,'32.0000','32.0000','32.0000','32.0000',NULL),('18',1,1,2,'32.0000','32.0000','32.0000','32.0000',NULL),('18',2,1,2,'32.0000','32.0000','32.0000','32.0000',NULL),('18',3,1,2,'32.0000','32.0000','32.0000','32.0000',NULL),('19',0,1,2,'38.0000','38.0000','38.0000','38.0000',NULL),('19',1,1,2,'38.0000','38.0000','38.0000','38.0000',NULL),('19',2,1,2,'38.0000','38.0000','38.0000','38.0000',NULL),('19',3,1,2,'38.0000','38.0000','38.0000','38.0000',NULL),('20',0,1,2,'40.0000','40.0000','40.0000','40.0000',NULL),('20',1,1,2,'40.0000','40.0000','40.0000','40.0000',NULL),('20',2,1,2,'40.0000','40.0000','40.0000','40.0000',NULL),('20',3,1,2,'40.0000','40.0000','40.0000','40.0000',NULL),('21',0,1,2,'45.0000','45.0000','45.0000','45.0000',NULL),('21',1,1,2,'45.0000','45.0000','45.0000','45.0000',NULL),('21',2,1,2,'45.0000','45.0000','45.0000','45.0000',NULL),('21',3,1,2,'45.0000','45.0000','45.0000','45.0000',NULL),('22',0,1,2,'52.0000','52.0000','52.0000','52.0000',NULL),('22',1,1,2,'52.0000','52.0000','52.0000','52.0000',NULL),('22',2,1,2,'52.0000','52.0000','52.0000','52.0000',NULL),('22',3,1,2,'52.0000','52.0000','52.0000','52.0000',NULL),('23',0,1,2,'59.0000','59.0000','59.0000','59.0000',NULL),('23',1,1,2,'59.0000','59.0000','59.0000','59.0000',NULL),('23',2,1,2,'59.0000','59.0000','59.0000','59.0000',NULL),('23',3,1,2,'59.0000','59.0000','59.0000','59.0000',NULL),('24',0,1,2,'74.0000','70.0000','70.0000','70.0000',NULL),('24',1,1,2,'74.0000','70.0000','70.0000','70.0000',NULL),('24',2,1,2,'74.0000','70.0000','70.0000','70.0000',NULL),('24',3,1,2,'74.0000','70.0000','70.0000','70.0000',NULL),('25',0,1,2,'32.0000','30.0000','30.0000','30.0000',NULL),('25',1,1,2,'32.0000','30.0000','30.0000','30.0000',NULL),('25',2,1,2,'32.0000','30.0000','30.0000','30.0000',NULL),('25',3,1,2,'32.0000','30.0000','30.0000','30.0000',NULL),('26',0,1,2,'32.0000','32.0000','32.0000','32.0000',NULL),('26',1,1,2,'32.0000','32.0000','32.0000','32.0000',NULL),('26',2,1,2,'32.0000','32.0000','32.0000','32.0000',NULL),('26',3,1,2,'32.0000','32.0000','32.0000','32.0000',NULL),('27',0,1,2,'35.0000','35.0000','35.0000','35.0000',NULL),('27',1,1,2,'35.0000','35.0000','35.0000','35.0000',NULL),('27',2,1,2,'35.0000','35.0000','35.0000','35.0000',NULL),('27',3,1,2,'35.0000','35.0000','35.0000','35.0000',NULL),('28',0,1,2,'33.0000','30.0000','30.0000','30.0000',NULL),('28',1,1,2,'33.0000','30.0000','30.0000','30.0000',NULL),('28',2,1,2,'33.0000','30.0000','30.0000','30.0000',NULL),('28',3,1,2,'33.0000','30.0000','30.0000','30.0000',NULL),('29',0,1,2,'36.0000','36.0000','36.0000','36.0000',NULL),('29',1,1,2,'36.0000','36.0000','36.0000','36.0000',NULL),('29',2,1,2,'36.0000','36.0000','36.0000','36.0000',NULL),('29',3,1,2,'36.0000','36.0000','36.0000','36.0000',NULL),('30',0,1,2,'70.0000','54.0000','54.0000','54.0000',NULL),('30',1,1,2,'70.0000','54.0000','54.0000','54.0000',NULL),('30',2,1,2,'70.0000','54.0000','54.0000','54.0000',NULL),('30',3,1,2,'70.0000','54.0000','54.0000','54.0000',NULL),('31',0,1,2,'70.0000','70.0000','70.0000','70.0000',NULL),('31',1,1,2,'70.0000','70.0000','70.0000','70.0000',NULL),('31',2,1,2,'70.0000','70.0000','70.0000','70.0000',NULL),('31',3,1,2,'70.0000','70.0000','70.0000','70.0000',NULL),('32',0,1,2,'70.0000','70.0000','70.0000','70.0000',NULL),('32',1,1,2,'70.0000','70.0000','70.0000','70.0000',NULL),('32',2,1,2,'70.0000','70.0000','70.0000','70.0000',NULL),('32',3,1,2,'70.0000','70.0000','70.0000','70.0000',NULL),('33',0,1,2,'45.0000','45.0000','45.0000','45.0000',NULL),('33',1,1,2,'45.0000','45.0000','45.0000','45.0000',NULL),('33',2,1,2,'45.0000','45.0000','45.0000','45.0000',NULL),('33',3,1,2,'45.0000','45.0000','45.0000','45.0000',NULL),('34',0,1,2,'50.0000','35.0000','35.0000','35.0000',NULL),('34',1,1,2,'50.0000','35.0000','35.0000','35.0000',NULL),('34',2,1,2,'50.0000','35.0000','35.0000','35.0000',NULL),('34',3,1,2,'50.0000','35.0000','35.0000','35.0000',NULL),('35',0,1,2,'10.0000','8.0000','8.0000','8.0000',NULL),('35',1,1,2,'10.0000','8.0000','8.0000','8.0000',NULL),('35',2,1,2,'10.0000','8.0000','8.0000','8.0000',NULL),('35',3,1,2,'10.0000','8.0000','8.0000','8.0000',NULL),('36',0,1,2,'12.0000','8.0000','8.0000','8.0000',NULL),('36',1,1,2,'12.0000','8.0000','8.0000','8.0000',NULL),('36',2,1,2,'12.0000','8.0000','8.0000','8.0000',NULL),('36',3,1,2,'12.0000','8.0000','8.0000','8.0000',NULL),('37',0,1,2,'12.0000','12.0000','12.0000','12.0000',NULL),('37',1,1,2,'12.0000','12.0000','12.0000','12.0000',NULL),('37',2,1,2,'12.0000','12.0000','12.0000','12.0000',NULL),('37',3,1,2,'12.0000','12.0000','12.0000','12.0000',NULL),('48',0,1,2,'63.0000','45.0000','45.0000','45.0000',NULL),('48',1,1,2,'63.0000','45.0000','45.0000','45.0000',NULL),('48',2,1,2,'63.0000','45.0000','45.0000','45.0000',NULL),('48',3,1,2,'63.0000','45.0000','45.0000','45.0000',NULL),('49',0,1,2,'63.0000','63.0000','63.0000','63.0000',NULL),('49',1,1,2,'63.0000','63.0000','63.0000','63.0000',NULL),('49',2,1,2,'63.0000','63.0000','63.0000','63.0000',NULL),('49',3,1,2,'63.0000','63.0000','63.0000','63.0000',NULL),('50',0,1,0,'63.0000','63.0000','63.0000','63.0000',NULL),('50',1,1,0,'63.0000','63.0000','63.0000','63.0000',NULL),('50',2,1,0,'63.0000','63.0000','63.0000','63.0000',NULL),('50',3,1,0,'63.0000','63.0000','63.0000','63.0000',NULL),('51',0,1,0,'44.0000','44.0000','44.0000','44.0000',NULL),('51',1,1,0,'44.0000','44.0000','44.0000','44.0000',NULL),('51',2,1,0,'44.0000','44.0000','44.0000','44.0000',NULL),('51',3,1,0,'44.0000','44.0000','44.0000','44.0000',NULL),('52',0,1,0,'78.0000','45.0000','45.0000','45.0000',NULL),('52',1,1,0,'78.0000','45.0000','45.0000','45.0000',NULL),('52',2,1,0,'78.0000','45.0000','45.0000','45.0000',NULL),('52',3,1,0,'78.0000','45.0000','45.0000','45.0000',NULL),('53',0,1,0,'66.0000','66.0000','66.0000','66.0000',NULL),('53',1,1,0,'66.0000','66.0000','66.0000','66.0000',NULL),('53',2,1,0,'66.0000','66.0000','66.0000','66.0000',NULL),('53',3,1,0,'66.0000','66.0000','66.0000','66.0000',NULL),('54',0,1,0,'75.0000','75.0000','75.0000','75.0000',NULL),('54',1,1,0,'75.0000','75.0000','75.0000','75.0000',NULL),('54',2,1,0,'75.0000','75.0000','75.0000','75.0000',NULL),('54',3,1,0,'75.0000','75.0000','75.0000','75.0000',NULL),('55',0,1,0,'88.0000','55.0000','55.0000','55.0000',NULL),('55',1,1,0,'88.0000','55.0000','55.0000','55.0000',NULL),('55',2,1,0,'88.0000','55.0000','55.0000','55.0000',NULL),('55',3,1,0,'88.0000','55.0000','55.0000','55.0000',NULL),('56',0,1,0,'41.0000','41.0000','41.0000','41.0000',NULL),('56',1,1,0,'41.0000','41.0000','41.0000','41.0000',NULL),('56',2,1,0,'41.0000','41.0000','41.0000','41.0000',NULL),('56',3,1,0,'41.0000','41.0000','41.0000','41.0000',NULL),('57',0,1,0,'66.0000','66.0000','66.0000','66.0000',NULL),('57',1,1,0,'66.0000','66.0000','66.0000','66.0000',NULL),('57',2,1,0,'66.0000','66.0000','66.0000','66.0000',NULL),('57',3,1,0,'66.0000','66.0000','66.0000','66.0000',NULL),('58',0,1,2,'87.0000','50.0000','50.0000','50.0000',NULL),('58',1,1,2,'87.0000','50.0000','50.0000','50.0000',NULL),('58',2,1,2,'87.0000','50.0000','50.0000','50.0000',NULL),('58',3,1,2,'87.0000','50.0000','50.0000','50.0000',NULL),('59',0,1,0,'6545.0000','6545.0000','6545.0000','6545.0000',NULL),('59',1,1,0,'6545.0000','6545.0000','6545.0000','6545.0000',NULL),('59',2,1,0,'6545.0000','6545.0000','6545.0000','6545.0000',NULL),('59',3,1,0,'6545.0000','6545.0000','6545.0000','6545.0000',NULL),('60',0,1,0,'80.0000','80.0000','80.0000','80.0000',NULL),('60',1,1,0,'80.0000','80.0000','80.0000','80.0000',NULL),('60',2,1,0,'80.0000','80.0000','80.0000','80.0000',NULL),('60',3,1,0,'80.0000','80.0000','80.0000','80.0000',NULL),('61',0,1,0,'55.0000','55.0000','55.0000','55.0000',NULL),('61',1,1,0,'55.0000','55.0000','55.0000','55.0000',NULL),('61',2,1,0,'55.0000','55.0000','55.0000','55.0000',NULL),('61',3,1,0,'55.0000','55.0000','55.0000','55.0000',NULL),('62',0,1,2,'76.0000','43.0000','43.0000','43.0000',NULL),('62',1,1,2,'76.0000','43.0000','43.0000','43.0000',NULL),('62',2,1,2,'76.0000','43.0000','43.0000','43.0000',NULL),('62',3,1,2,'76.0000','43.0000','43.0000','43.0000',NULL);

--
-- Table structure for table `catalog_product_index_price_opt_agr_idx`
--

CREATE TABLE `catalog_product_index_price_opt_agr_idx` (
  `entity_id` int(10) unsigned NOT NULL COMMENT 'Entity ID',
  `customer_group_id` smallint(5) unsigned NOT NULL COMMENT 'Customer Group ID',
  `website_id` smallint(5) unsigned NOT NULL COMMENT 'Website ID',
  `option_id` int(10) unsigned NOT NULL DEFAULT '0' COMMENT 'Option ID',
  `min_price` decimal(12,4) DEFAULT NULL COMMENT 'Min Price',
  `max_price` decimal(12,4) DEFAULT NULL COMMENT 'Max Price',
  `tier_price` decimal(12,4) DEFAULT NULL COMMENT 'Tier Price',
  PRIMARY KEY (`entity_id`,`customer_group_id`,`website_id`,`option_id`)
) ENGINE=InnoDB DEFAULT CHARSET=utf8 COMMENT='Catalog Product Price Indexer Option Aggregate Index Table';

--
-- Table structure for table `catalog_product_index_price_opt_agr_tmp`
--

CREATE TABLE `catalog_product_index_price_opt_agr_tmp` (
  `entity_id` int(10) unsigned NOT NULL COMMENT 'Entity ID',
  `customer_group_id` smallint(5) unsigned NOT NULL COMMENT 'Customer Group ID',
  `website_id` smallint(5) unsigned NOT NULL COMMENT 'Website ID',
  `option_id` int(10) unsigned NOT NULL DEFAULT '0' COMMENT 'Option ID',
  `min_price` decimal(12,4) DEFAULT NULL COMMENT 'Min Price',
  `max_price` decimal(12,4) DEFAULT NULL COMMENT 'Max Price',
  `tier_price` decimal(12,4) DEFAULT NULL COMMENT 'Tier Price',
  PRIMARY KEY (`entity_id`,`customer_group_id`,`website_id`,`option_id`)
) ENGINE=MEMORY DEFAULT CHARSET=utf8 COMMENT='Catalog Product Price Indexer Option Aggregate Temp Table';

--
-- Table structure for table `catalog_product_index_price_opt_idx`
--

CREATE TABLE `catalog_product_index_price_opt_idx` (
  `entity_id` int(10) unsigned NOT NULL COMMENT 'Entity ID',
  `customer_group_id` smallint(5) unsigned NOT NULL COMMENT 'Customer Group ID',
  `website_id` smallint(5) unsigned NOT NULL COMMENT 'Website ID',
  `min_price` decimal(12,4) DEFAULT NULL COMMENT 'Min Price',
  `max_price` decimal(12,4) DEFAULT NULL COMMENT 'Max Price',
  `tier_price` decimal(12,4) DEFAULT NULL COMMENT 'Tier Price',
  PRIMARY KEY (`entity_id`,`customer_group_id`,`website_id`)
) ENGINE=InnoDB DEFAULT CHARSET=utf8 COMMENT='Catalog Product Price Indexer Option Index Table';

--
-- Table structure for table `catalog_product_index_price_opt_tmp`
--

CREATE TABLE `catalog_product_index_price_opt_tmp` (
  `entity_id` int(10) unsigned NOT NULL COMMENT 'Entity ID',
  `customer_group_id` smallint(5) unsigned NOT NULL COMMENT 'Customer Group ID',
  `website_id` smallint(5) unsigned NOT NULL COMMENT 'Website ID',
  `min_price` decimal(12,4) DEFAULT NULL COMMENT 'Min Price',
  `max_price` decimal(12,4) DEFAULT NULL COMMENT 'Max Price',
  `tier_price` decimal(12,4) DEFAULT NULL COMMENT 'Tier Price',
  PRIMARY KEY (`entity_id`,`customer_group_id`,`website_id`)
) ENGINE=MEMORY DEFAULT CHARSET=utf8 COMMENT='Catalog Product Price Indexer Option Temp Table';

--
-- Table structure for table `catalog_product_index_price_tmp`
--

CREATE TABLE `catalog_product_index_price_tmp` (
  `entity_id` int(10) unsigned NOT NULL COMMENT 'Entity ID',
  `customer_group_id` smallint(5) unsigned NOT NULL COMMENT 'Customer Group ID',
  `website_id` smallint(5) unsigned NOT NULL COMMENT 'Website ID',
  `tax_class_id` smallint(5) unsigned DEFAULT '0' COMMENT 'Tax Class ID',
  `price` decimal(12,4) DEFAULT NULL COMMENT 'Price',
  `final_price` decimal(12,4) DEFAULT NULL COMMENT 'Final Price',
  `min_price` decimal(12,4) DEFAULT NULL COMMENT 'Min Price',
  `max_price` decimal(12,4) DEFAULT NULL COMMENT 'Max Price',
  `tier_price` decimal(12,4) DEFAULT NULL COMMENT 'Tier Price',
  PRIMARY KEY (`entity_id`,`customer_group_id`,`website_id`),
  KEY `CATALOG_PRODUCT_INDEX_PRICE_TMP_CUSTOMER_GROUP_ID` (`customer_group_id`),
  KEY `CATALOG_PRODUCT_INDEX_PRICE_TMP_WEBSITE_ID` (`website_id`),
  KEY `CATALOG_PRODUCT_INDEX_PRICE_TMP_MIN_PRICE` (`min_price`)
) ENGINE=MEMORY DEFAULT CHARSET=utf8 COMMENT='Catalog Product Price Indexer Temp Table';

--
-- Table structure for table `catalog_product_index_tier_price`
--

CREATE TABLE `catalog_product_index_tier_price` (
  `entity_id` int(10) unsigned NOT NULL COMMENT 'Entity ID',
  `customer_group_id` smallint(5) unsigned NOT NULL COMMENT 'Customer Group ID',
  `website_id` smallint(5) unsigned NOT NULL COMMENT 'Website ID',
  `min_price` decimal(12,4) DEFAULT NULL COMMENT 'Min Price',
  PRIMARY KEY (`entity_id`,`customer_group_id`,`website_id`),
  KEY `CATALOG_PRODUCT_INDEX_TIER_PRICE_CUSTOMER_GROUP_ID` (`customer_group_id`),
  KEY `CATALOG_PRODUCT_INDEX_TIER_PRICE_WEBSITE_ID` (`website_id`)
) ENGINE=InnoDB DEFAULT CHARSET=utf8 COMMENT='Catalog Product Tier Price Index Table';

--
-- Table structure for table `catalog_product_index_website`
--

CREATE TABLE `catalog_product_index_website` (
  `website_id` smallint(5) unsigned NOT NULL COMMENT 'Website ID',
  `website_date` date DEFAULT NULL COMMENT 'Website Date',
  `rate` float DEFAULT '1' COMMENT 'Rate',
  PRIMARY KEY (`website_id`),
  KEY `CATALOG_PRODUCT_INDEX_WEBSITE_WEBSITE_DATE` (`website_date`)
) ENGINE=InnoDB DEFAULT CHARSET=utf8 COMMENT='Catalog Product Website Index Table';

--
-- Dumping data for table `catalog_product_index_website`
--

INSERT INTO `catalog_product_index_website` VALUES (1,'2016-12-09','1');

--
-- Table structure for table `catalog_product_link`
--

CREATE TABLE `catalog_product_link` (
  `link_id` int(10) unsigned NOT NULL AUTO_INCREMENT COMMENT 'Link ID',
  `product_id` int(10) unsigned NOT NULL DEFAULT '0' COMMENT 'Product ID',
  `linked_product_id` int(10) unsigned NOT NULL DEFAULT '0' COMMENT 'Linked Product ID',
  `link_type_id` smallint(5) unsigned NOT NULL DEFAULT '0' COMMENT 'Link Type ID',
  PRIMARY KEY (`link_id`),
  UNIQUE KEY `CATALOG_PRODUCT_LINK_LINK_TYPE_ID_PRODUCT_ID_LINKED_PRODUCT_ID` (`link_type_id`,`product_id`,`linked_product_id`),
  KEY `CATALOG_PRODUCT_LINK_PRODUCT_ID` (`product_id`),
  KEY `CATALOG_PRODUCT_LINK_LINKED_PRODUCT_ID` (`linked_product_id`)
) ENGINE=InnoDB AUTO_INCREMENT=1442 DEFAULT CHARSET=utf8 COMMENT='Catalog Product To Product Linkage Table';

--
-- Dumping data for table `catalog_product_link`
--

INSERT INTO `catalog_product_link` VALUES ('766','1','2',1),('767','1','7',1),('768','1','9',1),('769','1','10',1),('780','2','1',1),('779','2','7',1),('778','2','9',1),('781','2','10',1),('790','7','1',1),('792','7','2',1),('791','7','9',1),('793','7','10',1),('804','9','1',1),('805','9','2',1),('806','9','7',1),('807','9','10',1),('808','9','17',1),('818','10','1',1),('819','10','2',1),('820','10','9',1),('827','17','1',1),('828','17','2',1),('829','17','9',1),('830','17','10',1),('839','18','10',1),('840','18','17',1),('847','19','9',1),('848','19','10',1),('849','19','17',1),('850','19','18',1),('859','20','9',1),('860','20','10',1),('861','20','17',1),('862','20','18',1),('863','20','19',1),('874','21','17',1),('875','21','18',1),('876','21','19',1),('877','21','20',1),('890','22','1',1),('891','22','2',1),('892','22','7',1),('893','22','9',1),('903','23','7',1),('902','23','18',1),('904','23','19',1),('905','23','20',1),('914','24','9',1),('915','24','10',1),('916','24','18',1),('917','24','19',1),('918','24','20',1),('919','24','21',1),('932','25','7',1),('933','25','9',1),('934','25','10',1),('935','25','17',1),('944','26','9',1),('945','26','10',1),('946','26','17',1),('947','26','18',1),('948','26','19',1),('949','26','20',1),('962','27','9',1),('963','27','10',1),('964','27','18',1),('965','27','19',1),('974','28','10',1),('975','28','17',1),('976','28','20',1),('977','28','21',1),('986','29','30',1),('987','29','31',1),('988','29','32',1),('1033','30','29',1),('1034','30','31',1),('1035','30','32',1),('1036','30','33',1),('1045','31','29',1),('1046','31','30',1),('1047','31','32',1),('1048','31','33',1),('1057','32','29',1),('1058','32','30',1),('1059','32','31',1),('1060','32','33',1),('1070','33','30',1),('1069','33','31',1),('1068','33','32',1),('1067','33','34',1),('1079','34','33',1),('1080','34','35',1),('1081','34','36',1),('1082','34','37',1),('1124','35','32',1),('1125','35','33',1),('1126','35','34',1),('1127','35','36',1),('1135','36','31',1),('1136','36','32',1),('1137','36','33',1),('1138','36','34',1),('1147','37','32',1),('1148','37','33',1),('1149','37','35',1),('1150','37','36',1),('1177','48','29',1),('1178','48','30',1),('1179','48','31',1),('1186','49','35',1),('1187','49','36',1),('1188','49','37',1),('1189','49','48',1),('1199','50','36',1),('1198','50','37',1),('1196','50','48',1),('1197','50','49',1),('1208','52','51',1),('1212','53','51',1),('1211','53','52',1),('1219','54','51',1),('1218','54','52',1),('1217','54','53',1),('1229','55','51',1),('1228','55','52',1),('1226','55','53',1),('1227','55','54',1),('1238','56','52',1),('1239','56','53',1),('1240','56','55',1),('1252','57','53',1),('1251','57','54',1),('1250','57','55',1),('1249','57','56',1),('1266','58','53',1),('1265','58','54',1),('1264','58','55',1),('1263','58','56',1),('1262','58','57',1),('1277','59','53',1),('1276','59','54',1),('1275','59','55',1),('1274','59','56',1),('1273','59','57',1),('1289','60','56',1),('1288','60','57',1),('1287','60','58',1),('1286','60','59',1),('1298','61','57',1),('1299','61','58',1),('1300','61','59',1),('1310','62','60',1),('1309','62','61',1),('1316','64','63',1),('1320','65','63',1),('1319','65','64',1),('1327','67','63',1),('1326','67','64',1),('1325','67','65',1),('1337','68','63',1),('1336','68','64',1),('1335','68','65',1),('1334','68','67',1),('1349','69','64',1),('1348','69','65',1),('1347','69','67',1),('1346','69','68',1),('1362','70','67',1),('1361','70','68',1),('1360','70','69',1),('1373','71','67',1),('1372','71','68',1),('1371','71','69',1),('1370','71','70',1),('1383','72','68',1),('1382','72','69',1),('1381','72','70',1),('1380','72','71',1),('1392','73','70',1),('1391','73','71',1),('1390','73','72',1),('1403','74','69',1),('1402','74','70',1),('1401','74','72',1),('1400','74','73',1),('1415','75','70',1),('1414','75','71',1),('1413','75','72',1),('1412','75','73',1),('1424','76','72',1),('1425','76','73',1),('1423','76','74',1),('1434','77','73',1),('1433','77','74',1),('1435','77','75',1),('802','9','1',3),('803','9','7',3),('770','1','2',4),('771','1','7',4),('772','1','9',4),('773','1','10',4),('782','2','1',4),('784','2','7',4),('783','2','9',4),('785','2','10',4),('794','7','1',4),('795','7','2',4),('796','7','9',4),('797','7','10',4),('810','9','1',4),('809','9','2',4),('811','9','7',4),('812','9','10',4),('821','10','1',4),('822','10','2',4),('823','10','9',4),('831','17','1',4),('832','17','2',4),('833','17','9',4),('834','17','10',4),('841','18','9',4),('842','18','10',4),('843','18','17',4),('851','19','9',4),('852','19','10',4),('853','19','17',4),('854','19','18',4),('864','20','9',4),('865','20','10',4),('866','20','17',4),('867','20','18',4),('868','20','19',4),('878','21','9',4),('879','21','10',4),('880','21','17',4),('881','21','18',4),('882','21','19',4),('883','21','20',4),('894','22','1',4),('895','22','2',4),('896','22','7',4),('897','22','9',4),('906','23','1',4),('907','23','2',4),('908','23','9',4),('909','23','10',4),('920','24','1',4),('921','24','2',4),('922','24','9',4),('923','24','10',4),('924','24','17',4),('925','24','18',4),('936','25','7',4),('937','25','9',4),('938','25','18',4),('939','25','19',4),('950','26','9',4),('951','26','10',4),('952','26','17',4),('953','26','18',4),('954','26','19',4),('955','26','20',4),('966','27','9',4),('967','27','18',4),('968','27','19',4),('969','27','20',4),('978','28','17',4),('979','28','18',4),('980','28','19',4),('981','28','23',4),('989','29','30',4),('990','29','31',4),('991','29','32',4),('992','29','33',4),('1041','30','29',4),('1042','30','31',4),('1043','30','32',4),('1044','30','33',4),('1053','31','29',4),('1054','31','30',4),('1055','31','33',4),('1056','31','34',4),('1061','32','31',4),('1062','32','48',4),('1071','33','29',4),('1072','33','30',4),('1073','33','31',4),('1074','33','48',4),('1083','34','33',4),('1084','34','35',4),('1085','34','36',4),('1086','34','37',4),('1128','35','33',4),('1129','35','34',4),('1130','35','36',4),('1131','35','37',4),('1142','36','30',4),('1141','36','31',4),('1140','36','32',4),('1139','36','33',4),('1151','37','33',4),('1152','37','34',4),('1153','37','35',4),('1154','37','36',4),('1183','48','29',4),('1184','48','30',4),('1185','48','31',4),('1192','49','29',4),('1193','49','30',4),('1194','49','31',4),('1195','49','32',4),('1203','50','36',4),('1202','50','37',4),('1201','50','48',4),('1200','50','49',4),('1209','52','51',4),('1214','53','51',4),('1213','53','52',4),('1222','54','51',4),('1221','54','52',4),('1220','54','53',4),('1233','55','51',4),('1232','55','52',4),('1231','55','53',4),('1230','55','54',4),('1243','56','51',4),('1242','56','52',4),('1241','56','53',4),('1244','56','55',4),('1256','57','52',4),('1257','57','53',4),('1255','57','54',4),('1254','57','55',4),('1253','57','56',4),('1269','58','55',4),('1268','58','56',4),('1267','58','57',4),('1281','59','54',4),('1280','59','55',4),('1279','59','56',4),('1278','59','57',4),('1293','60','54',4),('1292','60','55',4),('1291','60','56',4),('1290','60','57',4),('1304','61','56',4),('1303','61','57',4),('1301','61','58',4),('1302','61','59',4),('1312','62','57',4),('1311','62','59',4),('1317','64','63',4),('1322','65','63',4),('1321','65','64',4),('1330','67','63',4),('1329','67','64',4),('1328','67','65',4),('1341','68','63',4),('1340','68','64',4),('1339','68','65',4),('1338','68','67',4),('1354','69','63',4),('1353','69','64',4),('1352','69','65',4),('1351','69','67',4),('1350','69','68',4),('1365','70','67',4),('1364','70','68',4),('1363','70','69',4),('1376','71','68',4),('1375','71','69',4),('1374','71','70',4),('1386','72','69',4),('1385','72','70',4),('1384','72','71',4),('1396','73','68',4),('1395','73','69',4),('1394','73','70',4),('1393','73','72',4),('1407','74','70',4),('1406','74','71',4),('1405','74','72',4),('1404','74','73',4),('1419','75','71',4),('1418','75','72',4),('1417','75','73',4),('1416','75','74',4),('1428','76','72',4),('1427','76','73',4),('1426','76','74',4),('1438','77','73',4),('1437','77','74',4),('1436','77','75',4),('774','1','2',5),('775','1','7',5),('776','1','9',5),('777','1','10',5),('786','2','1',5),('787','2','7',5),('788','2','9',5),('789','2','10',5),('798','7','1',5),('799','7','2',5),('800','7','9',5),('801','7','10',5),('813','9','1',5),('814','9','2',5),('815','9','10',5),('816','9','17',5),('817','9','18',5),('824','10','1',5),('825','10','2',5),('826','10','9',5),('835','17','1',5),('836','17','2',5),('837','17','9',5),('838','17','10',5),('844','18','9',5),('845','18','10',5),('846','18','17',5),('855','19','9',5),('856','19','10',5),('857','19','17',5),('858','19','18',5),('869','20','9',5),('870','20','10',5),('871','20','17',5),('872','20','18',5),('873','20','19',5),('884','21','1',5),('885','21','2',5),('886','21','9',5),('887','21','10',5),('888','21','17',5),('889','21','18',5),('898','22','1',5),('899','22','2',5),('900','22','7',5),('901','22','9',5),('910','23','9',5),('911','23','18',5),('912','23','19',5),('913','23','20',5),('926','24','9',5),('927','24','10',5),('928','24','18',5),('929','24','19',5),('930','24','20',5),('931','24','21',5),('940','25','9',5),('941','25','10',5),('942','25','17',5),('943','25','18',5),('956','26','7',5),('957','26','9',5),('958','26','10',5),('959','26','17',5),('960','26','18',5),('961','26','19',5),('970','27','9',5),('971','27','17',5),('972','27','18',5),('973','27','20',5),('982','28','10',5),('983','28','17',5),('984','28','18',5),('985','28','19',5),('996','29','34',5),('995','29','35',5),('994','29','36',5),('993','29','37',5),('1037','30','29',5),('1038','30','31',5),('1039','30','32',5),('1040','30','33',5),('1049','31','32',5),('1050','31','33',5),('1051','31','35',5),('1052','31','36',5),('1063','32','29',5),('1064','32','30',5),('1065','32','31',5),('1066','32','33',5),('1075','33','32',5),('1076','33','35',5),('1077','33','36',5),('1078','33','37',5),('1087','34','33',5),('1088','34','35',5),('1089','34','36',5),('1090','34','37',5),('1132','35','33',5),('1133','35','34',5),('1134','35','37',5),('1143','36','29',5),('1144','36','30',5),('1145','36','31',5),('1146','36','32',5),('1155','37','34',5),('1156','37','35',5),('1157','37','36',5),('1180','48','29',5),('1181','48','30',5),('1182','48','31',5),('1190','49','29',5),('1191','49','30',5),('1206','50','34',5),('1205','50','35',5),('1204','50','36',5),('1207','50','37',5),('1210','52','51',5),('1216','53','51',5),('1215','53','52',5),('1225','54','51',5),('1224','54','52',5),('1223','54','53',5),('1237','55','51',5),('1236','55','52',5),('1235','55','53',5),('1234','55','54',5),('1247','56','51',5),('1246','56','52',5),('1245','56','53',5),('1248','56','54',5),('1261','57','53',5),('1260','57','54',5),('1259','57','55',5),('1258','57','56',5),('1272','58','54',5),('1271','58','55',5),('1270','58','56',5),('1284','59','54',5),('1283','59','55',5),('1282','59','56',5),('1285','59','57',5),('1297','60','52',5),('1296','60','53',5),('1295','60','54',5),('1294','60','55',5),('1308','61','55',5),('1307','61','56',5),('1306','61','57',5),('1305','61','58',5),('1315','62','57',5),('1314','62','58',5),('1313','62','59',5),('1318','64','63',5),('1324','65','63',5),('1323','65','64',5),('1333','67','63',5),('1332','67','64',5),('1331','67','65',5),('1345','68','63',5),('1344','68','64',5),('1343','68','65',5),('1342','68','67',5),('1359','69','63',5),('1358','69','64',5),('1357','69','65',5),('1356','69','67',5),('1355','69','68',5),('1369','70','64',5),('1368','70','65',5),('1367','70','67',5),('1366','70','68',5),('1379','71','68',5),('1378','71','69',5),('1377','71','70',5),('1389','72','69',5),('1388','72','70',5),('1387','72','71',5),('1399','73','70',5),('1398','73','71',5),('1397','73','72',5),('1411','74','70',5),('1410','74','71',5),('1409','74','72',5),('1408','74','73',5),('1422','75','70',5),('1421','75','71',5),('1420','75','73',5),('1432','76','72',5),('1431','76','73',5),('1430','76','74',5),('1429','76','75',5),('1441','77','74',5),('1440','77','75',5),('1439','77','76',5);

--
-- Table structure for table `catalog_product_link_attribute`
--

CREATE TABLE `catalog_product_link_attribute` (
  `product_link_attribute_id` smallint(5) unsigned NOT NULL AUTO_INCREMENT COMMENT 'Product Link Attribute ID',
  `link_type_id` smallint(5) unsigned NOT NULL DEFAULT '0' COMMENT 'Link Type ID',
  `product_link_attribute_code` varchar(32) DEFAULT NULL COMMENT 'Product Link Attribute Code',
  `data_type` varchar(32) DEFAULT NULL COMMENT 'Data Type',
  PRIMARY KEY (`product_link_attribute_id`),
  KEY `CATALOG_PRODUCT_LINK_ATTRIBUTE_LINK_TYPE_ID` (`link_type_id`)
) ENGINE=InnoDB AUTO_INCREMENT=6 DEFAULT CHARSET=utf8 COMMENT='Catalog Product Link Attribute Table';

--
-- Dumping data for table `catalog_product_link_attribute`
--

INSERT INTO `catalog_product_link_attribute` VALUES (1,1,'position','int'),(2,4,'position','int'),(3,5,'position','int'),(4,3,'position','int'),(5,3,'qty','decimal');

--
-- Table structure for table `catalog_product_link_attribute_decimal`
--

CREATE TABLE `catalog_product_link_attribute_decimal` (
  `value_id` int(10) unsigned NOT NULL AUTO_INCREMENT COMMENT 'Value ID',
  `product_link_attribute_id` smallint(5) unsigned DEFAULT NULL COMMENT 'Product Link Attribute ID',
  `link_id` int(10) unsigned NOT NULL COMMENT 'Link ID',
  `value` decimal(12,4) NOT NULL DEFAULT '0.0000' COMMENT 'Value',
  PRIMARY KEY (`value_id`),
  UNIQUE KEY `CAT_PRD_LNK_ATTR_DEC_PRD_LNK_ATTR_ID_LNK_ID` (`product_link_attribute_id`,`link_id`),
  KEY `CATALOG_PRODUCT_LINK_ATTRIBUTE_DECIMAL_LINK_ID` (`link_id`)
) ENGINE=InnoDB AUTO_INCREMENT=15 DEFAULT CHARSET=utf8 COMMENT='Catalog Product Link Decimal Attribute Table';

--
-- Dumping data for table `catalog_product_link_attribute_decimal`
--

INSERT INTO `catalog_product_link_attribute_decimal` VALUES ('13',5,'802','9999.0000'),('14',5,'803','9999.0000');

--
-- Table structure for table `catalog_product_link_attribute_int`
--

CREATE TABLE `catalog_product_link_attribute_int` (
  `value_id` int(10) unsigned NOT NULL AUTO_INCREMENT COMMENT 'Value ID',
  `product_link_attribute_id` smallint(5) unsigned DEFAULT NULL COMMENT 'Product Link Attribute ID',
  `link_id` int(10) unsigned NOT NULL COMMENT 'Link ID',
  `value` int(11) NOT NULL DEFAULT '0' COMMENT 'Value',
  PRIMARY KEY (`value_id`),
  UNIQUE KEY `CAT_PRD_LNK_ATTR_INT_PRD_LNK_ATTR_ID_LNK_ID` (`product_link_attribute_id`,`link_id`),
  KEY `CATALOG_PRODUCT_LINK_ATTRIBUTE_INT_LINK_ID` (`link_id`)
) ENGINE=InnoDB AUTO_INCREMENT=1442 DEFAULT CHARSET=utf8 COMMENT='Catalog Product Link Integer Attribute Table';

--
-- Dumping data for table `catalog_product_link_attribute_int`
--

INSERT INTO `catalog_product_link_attribute_int` VALUES ('766',1,'766','1'),('767',1,'767','2'),('768',1,'768','3'),('769',1,'769','4'),('770',2,'770','1'),('771',2,'771','2'),('772',2,'772','3'),('773',2,'773','4'),('774',3,'774','1'),('775',3,'775','2'),('776',3,'776','3'),('777',3,'777','4'),('778',1,'778','1'),('779',1,'779','2'),('780',1,'780','3'),('781',1,'781','4'),('782',2,'782','1'),('783',2,'783','2'),('784',2,'784','3'),('785',2,'785','4'),('786',3,'786','1'),('787',3,'787','2'),('788',3,'788','3'),('789',3,'789','4'),('790',1,'790','1'),('791',1,'791','2'),('792',1,'792','3'),('793',1,'793','4'),('794',2,'794','1'),('795',2,'795','2'),('796',2,'796','3'),('797',2,'797','4'),('798',3,'798','1'),('799',3,'799','2'),('800',3,'800','3'),('801',3,'801','4'),('802',4,'802','1'),('803',4,'803','2'),('804',1,'804','2'),('805',1,'805','1'),('806',1,'806','3'),('807',1,'807','4'),('808',1,'808','5'),('809',2,'809','1'),('810',2,'810','2'),('811',2,'811','3'),('812',2,'812','4'),('813',3,'813','1'),('814',3,'814','2'),('815',3,'815','3'),('816',3,'816','4'),('817',3,'817','5'),('818',1,'818','1'),('819',1,'819','2'),('820',1,'820','3'),('821',2,'821','1'),('822',2,'822','2'),('823',2,'823','3'),('824',3,'824','1'),('825',3,'825','2'),('826',3,'826','3'),('827',1,'827','1'),('828',1,'828','2'),('829',1,'829','3'),('830',1,'830','4'),('831',2,'831','1'),('832',2,'832','2'),('833',2,'833','3'),('834',2,'834','4'),('835',3,'835','1'),('836',3,'836','2'),('837',3,'837','3'),('838',3,'838','4'),('839',1,'839','1'),('840',1,'840','2'),('841',2,'841','1'),('842',2,'842','2'),('843',2,'843','3'),('844',3,'844','1'),('845',3,'845','2'),('846',3,'846','3'),('847',1,'847','1'),('848',1,'848','2'),('849',1,'849','3'),('850',1,'850','4'),('851',2,'851','1'),('852',2,'852','2'),('853',2,'853','3'),('854',2,'854','4'),('855',3,'855','1'),('856',3,'856','2'),('857',3,'857','3'),('858',3,'858','4'),('859',1,'859','1'),('860',1,'860','2'),('861',1,'861','3'),('862',1,'862','4'),('863',1,'863','5'),('864',2,'864','1'),('865',2,'865','2'),('866',2,'866','3'),('867',2,'867','4'),('868',2,'868','5'),('869',3,'869','1'),('870',3,'870','2'),('871',3,'871','3'),('872',3,'872','4'),('873',3,'873','5'),('874',1,'874','1'),('875',1,'875','2'),('876',1,'876','3'),('877',1,'877','4'),('878',2,'878','1'),('879',2,'879','2'),('880',2,'880','3'),('881',2,'881','4'),('882',2,'882','5'),('883',2,'883','6'),('884',3,'884','2'),('885',3,'885','1'),('886',3,'886','3'),('887',3,'887','4'),('888',3,'888','5'),('889',3,'889','6'),('890',1,'890','1'),('891',1,'891','2'),('892',1,'892','3'),('893',1,'893','4'),('894',2,'894','1'),('895',2,'895','2'),('896',2,'896','3'),('897',2,'897','4'),('898',3,'898','1'),('899',3,'899','2'),('900',3,'900','3'),('901',3,'901','4'),('902',1,'902','6'),('903',1,'903','7'),('904',1,'904','8'),('905',1,'905','9'),('906',2,'906','1'),('907',2,'907','2'),('908',2,'908','3'),('909',2,'909','4'),('910',3,'910','1'),('911',3,'911','4'),('912',3,'912','5'),('913',3,'913','6'),('914',1,'914','1'),('915',1,'915','2'),('916',1,'916','3'),('917',1,'917','4'),('918',1,'918','6'),('919',1,'919','5'),('920',2,'920','2'),('921',2,'921','1'),('922',2,'922','3'),('923',2,'923','4'),('924',2,'924','5'),('925',2,'925','6'),('926',3,'926','1'),('927',3,'927','2'),('928',3,'928','3'),('929',3,'929','4'),('930',3,'930','5'),('931',3,'931','6'),('932',1,'932','1'),('933',1,'933','2'),('934',1,'934','3'),('935',1,'935','4'),('936',2,'936','1'),('937',2,'937','2'),('938',2,'938','5'),('939',2,'939','6'),('940',3,'940','1'),('941',3,'941','2'),('942',3,'942','3'),('943',3,'943','4'),('944',1,'944','1'),('945',1,'945','2'),('946',1,'946','3'),('947',1,'947','4'),('948',1,'948','5'),('949',1,'949','6'),('950',2,'950','1'),('951',2,'951','2'),('952',2,'952','4'),('953',2,'953','3'),('954',2,'954','5'),('955',2,'955','6'),('956',3,'956','1'),('957',3,'957','2'),('958',3,'958','3'),('959',3,'959','4'),('960',3,'960','5'),('961',3,'961','6'),('962',1,'962','1'),('963',1,'963','2'),('964',1,'964','4'),('965',1,'965','5'),('966',2,'966','1'),('967',2,'967','4'),('968',2,'968','5'),('969',2,'969','6'),('970',3,'970','1'),('971',3,'971','3'),('972',3,'972','4'),('973',3,'973','6'),('974',1,'974','1'),('975',1,'975','2'),('976',1,'976','5'),('977',1,'977','6'),('978',2,'978','1'),('979',2,'979','2'),('980',2,'980','3'),('981',2,'981','6'),('982',3,'982','1'),('983',3,'983','2'),('984',3,'984','3'),('985',3,'985','4'),('986',1,'986','1'),('987',1,'987','2'),('988',1,'988','3'),('989',2,'989','1'),('990',2,'990','2'),('991',2,'991','3'),('992',2,'992','4'),('993',3,'993','1'),('994',3,'994','2'),('995',3,'995','3'),('996',3,'996','4'),('1033',1,'1033','1'),('1034',1,'1034','2'),('1035',1,'1035','3'),('1036',1,'1036','4'),('1037',3,'1037','1'),('1038',3,'1038','2'),('1039',3,'1039','3'),('1040',3,'1040','4'),('1041',2,'1041','1'),('1042',2,'1042','2'),('1043',2,'1043','3'),('1044',2,'1044','4'),('1045',1,'1045','1'),('1046',1,'1046','2'),('1047',1,'1047','3'),('1048',1,'1048','4'),('1049',3,'1049','4'),('1050',3,'1050','3'),('1051',3,'1051','1'),('1052',3,'1052','2'),('1053',2,'1053','4'),('1054',2,'1054','3'),('1055',2,'1055','1'),('1056',2,'1056','2'),('1057',1,'1057','1'),('1058',1,'1058','2'),('1059',1,'1059','3'),('1060',1,'1060','4'),('1061',2,'1061','8'),('1062',2,'1062','9'),('1063',3,'1063','1'),('1064',3,'1064','2'),('1065',3,'1065','3'),('1066',3,'1066','4'),('1067',1,'1067','1'),('1068',1,'1068','2'),('1069',1,'1069','3'),('1070',1,'1070','4'),('1071',2,'1071','6'),('1072',2,'1072','7'),('1073',2,'1073','8'),('1074',2,'1074','9'),('1075',3,'1075','2'),('1076',3,'1076','3'),('1077',3,'1077','4'),('1078',3,'1078','5'),('1079',1,'1079','1'),('1080',1,'1080','2'),('1081',1,'1081','3'),('1082',1,'1082','4'),('1083',2,'1083','1'),('1084',2,'1084','2'),('1085',2,'1085','4'),('1086',2,'1086','3'),('1087',3,'1087','1'),('1088',3,'1088','2'),('1089',3,'1089','3'),('1090',3,'1090','4'),('1124',1,'1124','1'),('1125',1,'1125','2'),('1126',1,'1126','3'),('1127',1,'1127','4'),('1128',2,'1128','1'),('1129',2,'1129','2'),('1130',2,'1130','3'),('1131',2,'1131','4'),('1132',3,'1132','1'),('1133',3,'1133','2'),('1134',3,'1134','3'),('1135',1,'1135','1'),('1136',1,'1136','2'),('1137',1,'1137','3'),('1138',1,'1138','4'),('1139',2,'1139','1'),('1140',2,'1140','2'),('1141',2,'1141','3'),('1142',2,'1142','4'),('1143',3,'1143','3'),('1144',3,'1144','4'),('1145',3,'1145','5'),('1146',3,'1146','6'),('1147',1,'1147','1'),('1148',1,'1148','2'),('1149',1,'1149','3'),('1150',1,'1150','4'),('1151',2,'1151','1'),('1152',2,'1152','2'),('1153',2,'1153','3'),('1154',2,'1154','4'),('1155',3,'1155','1'),('1156',3,'1156','2'),('1157',3,'1157','3'),('1177',1,'1177','1'),('1178',1,'1178','2'),('1179',1,'1179','3'),('1180',3,'1180','1'),('1181',3,'1181','2'),('1182',3,'1182','3'),('1183',2,'1183','1'),('1184',2,'1184','2'),('1185',2,'1185','3'),('1186',1,'1186','4'),('1187',1,'1187','3'),('1188',1,'1188','2'),('1189',1,'1189','1'),('1190',3,'1190','1'),('1191',3,'1191','2'),('1192',2,'1192','1'),('1193',2,'1193','2'),('1194',2,'1194','3'),('1195',2,'1195','4'),('1196',1,'1196','1'),('1197',1,'1197','2'),('1198',1,'1198','3'),('1199',1,'1199','4'),('1200',2,'1200','1'),('1201',2,'1201','2'),('1202',2,'1202','3'),('1203',2,'1203','4'),('1204',3,'1204','1'),('1205',3,'1205','2'),('1206',3,'1206','3'),('1207',3,'1207','4'),('1208',1,'1208','1'),('1209',2,'1209','1'),('1210',3,'1210','1'),('1211',1,'1211','1'),('1212',1,'1212','2'),('1213',2,'1213','1'),('1214',2,'1214','2'),('1215',3,'1215','1'),('1216',3,'1216','2'),('1217',1,'1217','1'),('1218',1,'1218','2'),('1219',1,'1219','3'),('1220',2,'1220','1'),('1221',2,'1221','2'),('1222',2,'1222','3'),('1223',3,'1223','1'),('1224',3,'1224','2'),('1225',3,'1225','3'),('1226',1,'1226','1'),('1227',1,'1227','2'),('1228',1,'1228','3'),('1229',1,'1229','4'),('1230',2,'1230','1'),('1231',2,'1231','2'),('1232',2,'1232','3'),('1233',2,'1233','4'),('1234',3,'1234','1'),('1235',3,'1235','2'),('1236',3,'1236','3'),('1237',3,'1237','4'),('1238',1,'1238','1'),('1239',1,'1239','3'),('1240',1,'1240','4'),('1241',2,'1241','1'),('1242',2,'1242','2'),('1243',2,'1243','3'),('1244',2,'1244','4'),('1245',3,'1245','1'),('1246',3,'1246','2'),('1247',3,'1247','3'),('1248',3,'1248','4'),('1249',1,'1249','1'),('1250',1,'1250','2'),('1251',1,'1251','3'),('1252',1,'1252','4'),('1253',2,'1253','1'),('1254',2,'1254','2'),('1255',2,'1255','3'),('1256',2,'1256','4'),('1257',2,'1257','5'),('1258',3,'1258','1'),('1259',3,'1259','2'),('1260',3,'1260','3'),('1261',3,'1261','4'),('1262',1,'1262','1'),('1263',1,'1263','2'),('1264',1,'1264','3'),('1265',1,'1265','4'),('1266',1,'1266','5'),('1267',2,'1267','1'),('1268',2,'1268','2'),('1269',2,'1269','3'),('1270',3,'1270','1'),('1271',3,'1271','2'),('1272',3,'1272','3'),('1273',1,'1273','1'),('1274',1,'1274','2'),('1275',1,'1275','3'),('1276',1,'1276','4'),('1277',1,'1277','5'),('1278',2,'1278','1'),('1279',2,'1279','2'),('1280',2,'1280','3'),('1281',2,'1281','4'),('1282',3,'1282','1'),('1283',3,'1283','2'),('1284',3,'1284','3'),('1285',3,'1285','4'),('1286',1,'1286','1'),('1287',1,'1287','2'),('1288',1,'1288','3'),('1289',1,'1289','4'),('1290',2,'1290','1'),('1291',2,'1291','2'),('1292',2,'1292','3'),('1293',2,'1293','4'),('1294',3,'1294','1'),('1295',3,'1295','2'),('1296',3,'1296','3'),('1297',3,'1297','4'),('1298',1,'1298','1'),('1299',1,'1299','2'),('1300',1,'1300','3'),('1301',2,'1301','1'),('1302',2,'1302','2'),('1303',2,'1303','3'),('1304',2,'1304','4'),('1305',3,'1305','1'),('1306',3,'1306','2'),('1307',3,'1307','3'),('1308',3,'1308','4'),('1309',1,'1309','1'),('1310',1,'1310','2'),('1311',2,'1311','1'),('1312',2,'1312','2'),('1313',3,'1313','1'),('1314',3,'1314','2'),('1315',3,'1315','3'),('1316',1,'1316','1'),('1317',2,'1317','1'),('1318',3,'1318','1'),('1319',1,'1319','1'),('1320',1,'1320','2'),('1321',2,'1321','1'),('1322',2,'1322','2'),('1323',3,'1323','1'),('1324',3,'1324','2'),('1325',1,'1325','1'),('1326',1,'1326','2'),('1327',1,'1327','3'),('1328',2,'1328','1'),('1329',2,'1329','2'),('1330',2,'1330','3'),('1331',3,'1331','1'),('1332',3,'1332','2'),('1333',3,'1333','3'),('1334',1,'1334','1'),('1335',1,'1335','2'),('1336',1,'1336','3'),('1337',1,'1337','4'),('1338',2,'1338','1'),('1339',2,'1339','2'),('1340',2,'1340','3'),('1341',2,'1341','4'),('1342',3,'1342','1'),('1343',3,'1343','2'),('1344',3,'1344','3'),('1345',3,'1345','4'),('1346',1,'1346','1'),('1347',1,'1347','2'),('1348',1,'1348','3'),('1349',1,'1349','4'),('1350',2,'1350','1'),('1351',2,'1351','2'),('1352',2,'1352','3'),('1353',2,'1353','4'),('1354',2,'1354','5'),('1355',3,'1355','1'),('1356',3,'1356','2'),('1357',3,'1357','3'),('1358',3,'1358','4'),('1359',3,'1359','5'),('1360',1,'1360','1'),('1361',1,'1361','2'),('1362',1,'1362','3'),('1363',2,'1363','1'),('1364',2,'1364','2'),('1365',2,'1365','3'),('1366',3,'1366','1'),('1367',3,'1367','2'),('1368',3,'1368','3'),('1369',3,'1369','4'),('1370',1,'1370','1'),('1371',1,'1371','2'),('1372',1,'1372','3'),('1373',1,'1373','4'),('1374',2,'1374','1'),('1375',2,'1375','2'),('1376',2,'1376','3'),('1377',3,'1377','1'),('1378',3,'1378','2'),('1379',3,'1379','3'),('1380',1,'1380','1'),('1381',1,'1381','2'),('1382',1,'1382','3'),('1383',1,'1383','4'),('1384',2,'1384','1'),('1385',2,'1385','2'),('1386',2,'1386','3'),('1387',3,'1387','1'),('1388',3,'1388','2'),('1389',3,'1389','3'),('1390',1,'1390','1'),('1391',1,'1391','2'),('1392',1,'1392','3'),('1393',2,'1393','1'),('1394',2,'1394','2'),('1395',2,'1395','3'),('1396',2,'1396','4'),('1397',3,'1397','1'),('1398',3,'1398','2'),('1399',3,'1399','3'),('1400',1,'1400','1'),('1401',1,'1401','2'),('1402',1,'1402','3'),('1403',1,'1403','4'),('1404',2,'1404','1'),('1405',2,'1405','2'),('1406',2,'1406','3'),('1407',2,'1407','4'),('1408',3,'1408','1'),('1409',3,'1409','2'),('1410',3,'1410','3'),('1411',3,'1411','4'),('1412',1,'1412','1'),('1413',1,'1413','2'),('1414',1,'1414','3'),('1415',1,'1415','4'),('1416',2,'1416','1'),('1417',2,'1417','2'),('1418',2,'1418','3'),('1419',2,'1419','4'),('1420',3,'1420','1'),('1421',3,'1421','2'),('1422',3,'1422','3'),('1423',1,'1423','1'),('1424',1,'1424','2'),('1425',1,'1425','3'),('1426',2,'1426','1'),('1427',2,'1427','2'),('1428',2,'1428','3'),('1429',3,'1429','1'),('1430',3,'1430','2'),('1431',3,'1431','3'),('1432',3,'1432','4'),('1433',1,'1433','1'),('1434',1,'1434','2'),('1435',1,'1435','3'),('1436',2,'1436','1'),('1437',2,'1437','2'),('1438',2,'1438','3'),('1439',3,'1439','1'),('1440',3,'1440','2'),('1441',3,'1441','3');

--
-- Table structure for table `catalog_product_link_attribute_varchar`
--

CREATE TABLE `catalog_product_link_attribute_varchar` (
  `value_id` int(10) unsigned NOT NULL AUTO_INCREMENT COMMENT 'Value ID',
  `product_link_attribute_id` smallint(5) unsigned NOT NULL DEFAULT '0' COMMENT 'Product Link Attribute ID',
  `link_id` int(10) unsigned NOT NULL COMMENT 'Link ID',
  `value` varchar(255) DEFAULT NULL COMMENT 'Value',
  PRIMARY KEY (`value_id`),
  UNIQUE KEY `CAT_PRD_LNK_ATTR_VCHR_PRD_LNK_ATTR_ID_LNK_ID` (`product_link_attribute_id`,`link_id`),
  KEY `CATALOG_PRODUCT_LINK_ATTRIBUTE_VARCHAR_LINK_ID` (`link_id`)
) ENGINE=InnoDB DEFAULT CHARSET=utf8 COMMENT='Catalog Product Link Varchar Attribute Table';

--
-- Table structure for table `catalog_product_link_type`
--

CREATE TABLE `catalog_product_link_type` (
  `link_type_id` smallint(5) unsigned NOT NULL AUTO_INCREMENT COMMENT 'Link Type ID',
  `code` varchar(32) DEFAULT NULL COMMENT 'Code',
  PRIMARY KEY (`link_type_id`)
) ENGINE=InnoDB AUTO_INCREMENT=6 DEFAULT CHARSET=utf8 COMMENT='Catalog Product Link Type Table';

--
-- Dumping data for table `catalog_product_link_type`
--

INSERT INTO `catalog_product_link_type` VALUES (1,'relation'),(3,'super'),(4,'up_sell'),(5,'cross_sell');

--
-- Table structure for table `catalog_product_option`
--

CREATE TABLE `catalog_product_option` (
  `option_id` int(10) unsigned NOT NULL AUTO_INCREMENT COMMENT 'Option ID',
  `product_id` int(10) unsigned NOT NULL DEFAULT '0' COMMENT 'Product ID',
  `type` varchar(50) DEFAULT NULL COMMENT 'Type',
  `is_require` smallint(6) NOT NULL DEFAULT '1' COMMENT 'Is Required',
  `sku` varchar(64) DEFAULT NULL COMMENT 'SKU',
  `max_characters` int(10) unsigned DEFAULT NULL COMMENT 'Max Characters',
  `file_extension` varchar(50) DEFAULT NULL COMMENT 'File Extension',
  `image_size_x` smallint(5) unsigned DEFAULT NULL COMMENT 'Image Size X',
  `image_size_y` smallint(5) unsigned DEFAULT NULL COMMENT 'Image Size Y',
  `sort_order` int(10) unsigned NOT NULL DEFAULT '0' COMMENT 'Sort Order',
  PRIMARY KEY (`option_id`),
  KEY `CATALOG_PRODUCT_OPTION_PRODUCT_ID` (`product_id`)
) ENGINE=InnoDB DEFAULT CHARSET=utf8 COMMENT='Catalog Product Option Table';

--
-- Table structure for table `catalog_product_option_price`
--

CREATE TABLE `catalog_product_option_price` (
  `option_price_id` int(10) unsigned NOT NULL AUTO_INCREMENT COMMENT 'Option Price ID',
  `option_id` int(10) unsigned NOT NULL DEFAULT '0' COMMENT 'Option ID',
  `store_id` smallint(5) unsigned NOT NULL DEFAULT '0' COMMENT 'Store ID',
  `price` decimal(12,4) NOT NULL DEFAULT '0.0000' COMMENT 'Price',
  `price_type` varchar(7) NOT NULL DEFAULT 'fixed' COMMENT 'Price Type',
  PRIMARY KEY (`option_price_id`),
  UNIQUE KEY `CATALOG_PRODUCT_OPTION_PRICE_OPTION_ID_STORE_ID` (`option_id`,`store_id`),
  KEY `CATALOG_PRODUCT_OPTION_PRICE_STORE_ID` (`store_id`)
) ENGINE=InnoDB DEFAULT CHARSET=utf8 COMMENT='Catalog Product Option Price Table';

--
-- Table structure for table `catalog_product_option_title`
--

CREATE TABLE `catalog_product_option_title` (
  `option_title_id` int(10) unsigned NOT NULL AUTO_INCREMENT COMMENT 'Option Title ID',
  `option_id` int(10) unsigned NOT NULL DEFAULT '0' COMMENT 'Option ID',
  `store_id` smallint(5) unsigned NOT NULL DEFAULT '0' COMMENT 'Store ID',
  `title` varchar(255) DEFAULT NULL COMMENT 'Title',
  PRIMARY KEY (`option_title_id`),
  UNIQUE KEY `CATALOG_PRODUCT_OPTION_TITLE_OPTION_ID_STORE_ID` (`option_id`,`store_id`),
  KEY `CATALOG_PRODUCT_OPTION_TITLE_STORE_ID` (`store_id`)
) ENGINE=InnoDB DEFAULT CHARSET=utf8 COMMENT='Catalog Product Option Title Table';

--
-- Table structure for table `catalog_product_option_type_price`
--

CREATE TABLE `catalog_product_option_type_price` (
  `option_type_price_id` int(10) unsigned NOT NULL AUTO_INCREMENT COMMENT 'Option Type Price ID',
  `option_type_id` int(10) unsigned NOT NULL DEFAULT '0' COMMENT 'Option Type ID',
  `store_id` smallint(5) unsigned NOT NULL DEFAULT '0' COMMENT 'Store ID',
  `price` decimal(12,4) NOT NULL DEFAULT '0.0000' COMMENT 'Price',
  `price_type` varchar(7) NOT NULL DEFAULT 'fixed' COMMENT 'Price Type',
  PRIMARY KEY (`option_type_price_id`),
  UNIQUE KEY `CATALOG_PRODUCT_OPTION_TYPE_PRICE_OPTION_TYPE_ID_STORE_ID` (`option_type_id`,`store_id`),
  KEY `CATALOG_PRODUCT_OPTION_TYPE_PRICE_STORE_ID` (`store_id`)
) ENGINE=InnoDB DEFAULT CHARSET=utf8 COMMENT='Catalog Product Option Type Price Table';

--
-- Table structure for table `catalog_product_option_type_title`
--

CREATE TABLE `catalog_product_option_type_title` (
  `option_type_title_id` int(10) unsigned NOT NULL AUTO_INCREMENT COMMENT 'Option Type Title ID',
  `option_type_id` int(10) unsigned NOT NULL DEFAULT '0' COMMENT 'Option Type ID',
  `store_id` smallint(5) unsigned NOT NULL DEFAULT '0' COMMENT 'Store ID',
  `title` varchar(255) DEFAULT NULL COMMENT 'Title',
  PRIMARY KEY (`option_type_title_id`),
  UNIQUE KEY `CATALOG_PRODUCT_OPTION_TYPE_TITLE_OPTION_TYPE_ID_STORE_ID` (`option_type_id`,`store_id`),
  KEY `CATALOG_PRODUCT_OPTION_TYPE_TITLE_STORE_ID` (`store_id`)
) ENGINE=InnoDB DEFAULT CHARSET=utf8 COMMENT='Catalog Product Option Type Title Table';

--
-- Table structure for table `catalog_product_option_type_value`
--

CREATE TABLE `catalog_product_option_type_value` (
  `option_type_id` int(10) unsigned NOT NULL AUTO_INCREMENT COMMENT 'Option Type ID',
  `option_id` int(10) unsigned NOT NULL DEFAULT '0' COMMENT 'Option ID',
  `sku` varchar(64) DEFAULT NULL COMMENT 'SKU',
  `sort_order` int(10) unsigned NOT NULL DEFAULT '0' COMMENT 'Sort Order',
  PRIMARY KEY (`option_type_id`),
  KEY `CATALOG_PRODUCT_OPTION_TYPE_VALUE_OPTION_ID` (`option_id`)
) ENGINE=InnoDB DEFAULT CHARSET=utf8 COMMENT='Catalog Product Option Type Value Table';

--
-- Table structure for table `catalog_product_relation`
--

CREATE TABLE `catalog_product_relation` (
  `parent_id` int(10) unsigned NOT NULL COMMENT 'Parent ID',
  `child_id` int(10) unsigned NOT NULL COMMENT 'Child ID',
  PRIMARY KEY (`parent_id`,`child_id`),
  KEY `CATALOG_PRODUCT_RELATION_CHILD_ID` (`child_id`)
) ENGINE=InnoDB DEFAULT CHARSET=utf8 COMMENT='Catalog Product Relation Table';

--
-- Dumping data for table `catalog_product_relation`
--

INSERT INTO `catalog_product_relation` VALUES ('2','7'),('2','22'),('9','1'),('9','7'),('10','1'),('10','7'),('32','30'),('32','31'),('50','48'),('50','49');

--
-- Table structure for table `catalog_product_super_attribute`
--

CREATE TABLE `catalog_product_super_attribute` (
  `product_super_attribute_id` int(10) unsigned NOT NULL AUTO_INCREMENT COMMENT 'Product Super Attribute ID',
  `product_id` int(10) unsigned NOT NULL DEFAULT '0' COMMENT 'Product ID',
  `attribute_id` smallint(5) unsigned NOT NULL DEFAULT '0' COMMENT 'Attribute ID',
  `position` smallint(5) unsigned NOT NULL DEFAULT '0' COMMENT 'Position',
  PRIMARY KEY (`product_super_attribute_id`),
  UNIQUE KEY `CATALOG_PRODUCT_SUPER_ATTRIBUTE_PRODUCT_ID_ATTRIBUTE_ID` (`product_id`,`attribute_id`)
) ENGINE=InnoDB AUTO_INCREMENT=16 DEFAULT CHARSET=utf8 COMMENT='Catalog Product Super Attribute Table';

--
-- Dumping data for table `catalog_product_super_attribute`
--

INSERT INTO `catalog_product_super_attribute` VALUES ('13','2',93,0),('14','32',93,0),('15','50',93,0);

--
-- Table structure for table `catalog_product_super_attribute_label`
--

CREATE TABLE `catalog_product_super_attribute_label` (
  `value_id` int(10) unsigned NOT NULL AUTO_INCREMENT COMMENT 'Value ID',
  `product_super_attribute_id` int(10) unsigned NOT NULL DEFAULT '0' COMMENT 'Product Super Attribute ID',
  `store_id` smallint(5) unsigned NOT NULL DEFAULT '0' COMMENT 'Store ID',
  `use_default` smallint(5) unsigned DEFAULT '0' COMMENT 'Use Default Value',
  `value` varchar(255) DEFAULT NULL COMMENT 'Value',
  PRIMARY KEY (`value_id`),
  UNIQUE KEY `CAT_PRD_SPR_ATTR_LBL_PRD_SPR_ATTR_ID_STORE_ID` (`product_super_attribute_id`,`store_id`),
  KEY `CATALOG_PRODUCT_SUPER_ATTRIBUTE_LABEL_STORE_ID` (`store_id`)
) ENGINE=InnoDB AUTO_INCREMENT=16 DEFAULT CHARSET=utf8 COMMENT='Catalog Product Super Attribute Label Table';

--
-- Dumping data for table `catalog_product_super_attribute_label`
--

INSERT INTO `catalog_product_super_attribute_label` VALUES ('13','13',0,0,'Color'),('14','14',0,0,'Color'),('15','15',0,0,'Color');

--
-- Table structure for table `catalog_product_super_link`
--

CREATE TABLE `catalog_product_super_link` (
  `link_id` int(10) unsigned NOT NULL AUTO_INCREMENT COMMENT 'Link ID',
  `product_id` int(10) unsigned NOT NULL DEFAULT '0' COMMENT 'Product ID',
  `parent_id` int(10) unsigned NOT NULL DEFAULT '0' COMMENT 'Parent ID',
  PRIMARY KEY (`link_id`),
  UNIQUE KEY `CATALOG_PRODUCT_SUPER_LINK_PRODUCT_ID_PARENT_ID` (`product_id`,`parent_id`),
  KEY `CATALOG_PRODUCT_SUPER_LINK_PARENT_ID` (`parent_id`)
) ENGINE=InnoDB AUTO_INCREMENT=31 DEFAULT CHARSET=utf8 COMMENT='Catalog Product Super Link Table';

--
-- Dumping data for table `catalog_product_super_link`
--

INSERT INTO `catalog_product_super_link` VALUES ('25','7','2'),('26','22','2'),('27','30','32'),('28','31','32'),('29','48','50'),('30','49','50');

--
-- Table structure for table `catalog_product_website`
--

CREATE TABLE `catalog_product_website` (
  `product_id` int(10) unsigned NOT NULL COMMENT 'Product ID',
  `website_id` smallint(5) unsigned NOT NULL COMMENT 'Website ID',
  PRIMARY KEY (`product_id`,`website_id`),
  KEY `CATALOG_PRODUCT_WEBSITE_WEBSITE_ID` (`website_id`)
) ENGINE=InnoDB DEFAULT CHARSET=utf8 COMMENT='Catalog Product To Website Linkage Table';

--
-- Dumping data for table `catalog_product_website`
--

INSERT INTO `catalog_product_website` VALUES ('1',1),('2',1),('7',1),('9',1),('10',1),('17',1),('18',1),('19',1),('20',1),('21',1),('22',1),('23',1),('24',1),('25',1),('26',1),('27',1),('28',1),('29',1),('30',1),('31',1),('32',1),('33',1),('34',1),('35',1),('36',1),('37',1),('48',1),('49',1),('50',1),('51',1),('52',1),('53',1),('54',1),('55',1),('56',1),('57',1),('58',1),('59',1),('60',1),('61',1),('62',1),('63',1),('64',1),('65',1),('67',1),('68',1),('69',1),('70',1),('71',1),('72',1),('73',1),('74',1),('75',1),('76',1),('77',1);

--
-- Table structure for table `catalog_url_rewrite_product_category`
--

CREATE TABLE `catalog_url_rewrite_product_category` (
  `url_rewrite_id` int(10) unsigned NOT NULL COMMENT 'url_rewrite_id',
  `category_id` int(10) unsigned NOT NULL COMMENT 'category_id',
  `product_id` int(10) unsigned NOT NULL COMMENT 'product_id',
  KEY `CATALOG_URL_REWRITE_PRODUCT_CATEGORY_CATEGORY_ID_PRODUCT_ID` (`category_id`,`product_id`),
  KEY `CAT_URL_REWRITE_PRD_CTGR_PRD_ID_CAT_PRD_ENTT_ENTT_ID` (`product_id`),
  KEY `FK_BB79E64705D7F17FE181F23144528FC8` (`url_rewrite_id`)
) ENGINE=InnoDB DEFAULT CHARSET=utf8 COMMENT='url_rewrite_relation';

--
-- Dumping data for table `catalog_url_rewrite_product_category`
--

INSERT INTO `catalog_url_rewrite_product_category` VALUES ('11047','2','1'),('11046','204','1'),('11041','148','1'),('11045','203','1'),('11042','188','1'),('11040','147','1'),('11043','189','1'),('11044','190','1'),('11101','2','2'),('11095','148','2'),('11100','204','2'),('11099','203','2'),('11096','188','2'),('11094','147','2'),('11097','189','2'),('11098','190','2'),('11153','2','7'),('11152','204','7'),('11149','148','7'),('11150','188','7'),('11148','147','7'),('11151','189','7'),('11202','2','9'),('11196','204','9'),('11191','148','9'),('11195','203','9'),('11199','193','9'),('11197','191','9'),('11198','192','9'),('11192','188','9'),('11200','195','9'),('11201','196','9'),('11193','189','9'),('11194','190','9'),('11190','147','9'),('11290','2','10'),('11289','210','10'),('11288','209','10'),('11280','204','10'),('11275','148','10'),('11287','207','10'),('11286','205','10'),('11279','203','10'),('11281','191','10'),('11276','188','10'),('11282','195','10'),('11283','196','10'),('11277','189','10'),('11284','199','10'),('11285','200','10'),('11278','190','10'),('11274','147','10'),('11398','2','17'),('11383','148','17'),('11388','204','17'),('11396','210','17'),('11397','211','17'),('11395','209','17'),('11387','203','17'),('11394','206','17'),('11393','205','17'),('11384','188','17'),('11389','191','17'),('11390','192','17'),('11382','147','17'),('11385','189','17'),('11391','195','17'),('11392','197','17'),('11386','190','17'),('11504','2','18'),('11496','204','18'),('11491','148','18'),('11503','206','18'),('11502','205','18'),('11495','203','18'),('11497','192','18'),('11492','188','18'),('11498','195','18'),('11499','196','18'),('11493','189','18'),('11500','199','18'),('11501','200','18'),('11494','190','18'),('11490','147','18'),('11600','2','19'),('11587','148','19'),('11592','204','19'),('11599','210','19'),('11598','209','19'),('11597','207','19'),('11591','203','19'),('11596','206','19'),('11595','205','19'),('11588','188','19'),('11593','191','19'),('11594','192','19'),('11586','147','19'),('11589','189','19'),('11590','190','19'),('11691','2','20'),('11688','204','20'),('11687','203','20'),('11682','148','20'),('11690','193','20'),('11689','191','20'),('11684','188','20'),('11685','189','20'),('11686','190','20'),('11683','147','20'),('11758','2','21'),('11757','209','21'),('11754','204','21'),('11749','148','21'),('11756','205','21'),('11753','203','21'),('11755','191','21'),('11750','188','21'),('11751','189','21'),('11748','147','21'),('11752','190','21'),('11832','2','22'),('11826','204','22'),('11821','148','22'),('11825','203','22'),('11829','193','22'),('11827','191','22'),('11828','192','22'),('11822','188','22'),('11820','147','22'),('11830','195','22'),('11823','189','22'),('11831','196','22'),('11824','190','22'),('11916','2','23'),('11905','148','23'),('11910','204','23'),('11909','203','23'),('11915','205','23'),('11906','188','23'),('11911','191','23'),('11904','147','23'),('11907','189','23'),('11912','197','23'),('11908','190','23'),('11913','199','23'),('11914','200','23'),('11997','2','24'),('11994','204','24'),('11989','148','24'),('11993','203','24'),('11990','188','24'),('11995','191','24'),('11996','192','24'),('11988','147','24'),('11991','189','24'),('11992','190','24'),('12064','2','25'),('12060','204','25'),('12059','203','25'),('12055','148','25'),('12061','191','25'),('12056','188','25'),('12062','195','25'),('12057','189','25'),('12063','199','25'),('12058','190','25'),('12054','147','25'),('12133','2','26'),('12127','148','26'),('12132','204','26'),('12131','203','26'),('12128','188','26'),('12126','147','26'),('12129','189','26'),('12130','190','26'),('12193','2','27'),('12192','210','27'),('12191','209','27'),('12186','204','27'),('12181','148','27'),('12190','208','27'),('12189','205','27'),('12185','203','27'),('12188','194','27'),('12187','191','27'),('12182','188','27'),('12183','189','27'),('12184','190','27'),('12180','147','27'),('12274','2','28'),('12271','148','28'),('12272','188','28'),('12270','147','28'),('12273','189','28'),('12310','147','1'),('12311','148','1'),('12312','188','1'),('12313','189','1'),('12314','190','1'),('12315','203','1'),('12316','204','1'),('12317','2','1'),('12319','147','2'),('12320','148','2'),('12321','188','2'),('12322','189','2'),('12323','190','2'),('12324','203','2'),('12325','204','2'),('12326','2','2'),('12328','147','7'),('12329','148','7'),('12330','188','7'),('12331','189','7'),('12332','204','7'),('12333','2','7'),('12335','147','9'),('12336','148','9'),('12337','188','9'),('12338','189','9'),('12339','190','9'),('12340','203','9'),('12341','204','9'),('12342','191','9'),('12343','192','9'),('12344','193','9'),('12345','195','9'),('12346','196','9'),('12347','2','9'),('12349','147','10'),('12350','148','10'),('12351','188','10'),('12352','189','10'),('12353','190','10'),('12354','203','10'),('12355','204','10'),('12356','191','10'),('12357','195','10'),('12358','196','10'),('12359','199','10'),('12360','200','10'),('12361','205','10'),('12362','207','10'),('12363','209','10'),('12364','210','10'),('12365','2','10'),('12367','147','17'),('12368','148','17'),('12369','188','17'),('12370','189','17'),('12371','190','17'),('12372','203','17'),('12373','204','17'),('12374','191','17'),('12375','192','17'),('12376','195','17'),('12377','197','17'),('12378','205','17'),('12379','206','17'),('12380','209','17'),('12381','210','17'),('12382','211','17'),('12383','2','17'),('12385','147','18'),('12386','148','18'),('12387','188','18'),('12388','189','18'),('12389','190','18'),('12390','203','18'),('12391','204','18'),('12392','192','18'),('12393','195','18'),('12394','196','18'),('12395','199','18'),('12396','200','18'),('12397','205','18'),('12398','206','18'),('12399','2','18'),('12401','147','19'),('12402','148','19'),('12403','188','19'),('12404','189','19'),('12405','190','19'),('12406','203','19'),('12407','204','19'),('12408','191','19'),('12409','192','19'),('12410','205','19'),('12411','206','19'),('12412','207','19'),('12413','209','19'),('12414','210','19'),('12415','2','19'),('12417','148','20'),('12418','147','20'),('12419','188','20'),('12420','189','20'),('12421','190','20'),('12422','203','20'),('12423','204','20'),('12424','191','20'),('12425','193','20'),('12426','2','20'),('12428','147','21'),('12429','148','21'),('12430','188','21'),('12431','189','21'),('12432','190','21'),('12433','203','21'),('12434','204','21'),('12435','191','21'),('12436','205','21'),('12437','209','21'),('12438','2','21'),('12440','147','22'),('12441','148','22'),('12442','188','22'),('12443','189','22'),('12444','190','22'),('12445','203','22'),('12446','204','22'),('12447','191','22'),('12448','192','22'),('12449','193','22'),('12450','195','22'),('12451','196','22'),('12452','2','22'),('12454','147','23'),('12455','148','23'),('12456','188','23'),('12457','189','23'),('12458','190','23'),('12459','203','23'),('12460','204','23'),('12461','191','23'),('12462','197','23'),('12463','199','23'),('12464','200','23'),('12465','205','23'),('12466','2','23'),('12468','147','24'),('12469','148','24'),('12470','188','24'),('12471','189','24'),('12472','190','24'),('12473','203','24'),('12474','204','24'),('12475','191','24'),('12476','192','24'),('12477','2','24'),('12479','147','25'),('12480','148','25'),('12481','188','25'),('12482','189','25'),('12483','190','25'),('12484','203','25'),('12485','204','25'),('12486','191','25'),('12487','195','25'),('12488','199','25'),('12489','2','25'),('12491','147','26'),('12492','148','26'),('12493','188','26'),('12494','189','26'),('12495','190','26'),('12496','203','26'),('12497','204','26'),('12498','2','26'),('12500','147','27'),('12501','148','27'),('12502','188','27'),('12503','189','27'),('12504','190','27'),('12505','203','27'),('12506','204','27'),('12507','191','27'),('12508','194','27'),('12509','205','27'),('12510','208','27'),('12511','209','27'),('12512','210','27'),('12513','2','27'),('12515','147','28'),('12516','148','28'),('12517','188','28'),('12518','189','28'),('12519','2','28'),('12594','213','29'),('12591','234','29'),('12590','232','29'),('12585','215','29'),('12587','217','29'),('12584','214','29'),('12589','219','29'),('12588','218','29'),('12586','216','29'),('12593','248','29'),('12592','247','29'),('12610','213','30'),('12606','232','30'),('12607','233','30'),('12602','215','30'),('12605','219','30'),('12601','214','30'),('12604','218','30'),('12609','248','30'),('12603','216','30'),('12608','247','30'),('12627','213','31'),('12623','232','31'),('12624','233','31'),('12618','215','31'),('12620','217','31'),('12622','219','31'),('12617','214','31'),('12621','218','31'),('12626','248','31'),('12619','216','31'),('12625','247','31'),('12641','213','32'),('12639','232','32'),('12640','233','32'),('12635','215','32'),('12638','219','32'),('12637','218','32'),('12634','214','32'),('12636','216','32'),('12655','213','33'),('12653','232','33'),('12654','233','33'),('12649','215','33'),('12651','217','33'),('12648','214','33'),('12652','218','33'),('12650','216','33'),('12669','213','34'),('12667','233','34'),('12663','215','34'),('12666','219','34'),('12662','214','34'),('12665','218','34'),('12668','248','34'),('12664','216','34'),('12684','213','35'),('12677','215','35'),('12682','234','35'),('12681','233','35'),('12676','214','35'),('12680','219','35'),('12679','218','35'),('12678','216','35'),('12683','247','35'),('12699','213','36'),('12696','232','36'),('12697','233','36'),('12692','215','36'),('12691','214','36'),('12695','219','36'),('12694','218','36'),('12693','216','36'),('12698','247','36'),('12715','213','37'),('12712','234','37'),('12711','233','37'),('12707','215','37'),('12709','217','37'),('12710','218','37'),('12706','214','37'),('12714','248','37'),('12713','247','37'),('12708','216','37'),('12730','213','48'),('12727','232','48'),('12728','233','48'),('12723','215','48'),('12725','217','48'),('12726','219','48'),('12722','214','48'),('12724','216','48'),('12729','247','48'),('12742','213','49'),('12741','232','49'),('12738','215','49'),('12740','217','49'),('12737','214','49'),('12739','216','49'),('12756','213','50'),('12750','215','50'),('12754','233','50'),('12749','214','50'),('12752','217','50'),('12753','218','50'),('12751','216','50'),('12755','247','50'),('12767','147','1'),('12768','148','1'),('12769','188','1'),('12770','189','1'),('12771','190','1'),('12772','203','1'),('12773','204','1'),('12774','2','1'),('12776','147','2'),('12777','148','2'),('12778','188','2'),('12779','189','2'),('12780','190','2'),('12781','203','2'),('12782','204','2'),('12783','2','2'),('12785','147','7'),('12786','148','7'),('12787','188','7'),('12788','189','7'),('12789','204','7'),('12790','2','7'),('12792','147','9'),('12793','148','9'),('12794','188','9'),('12795','189','9'),('12796','190','9'),('12797','203','9'),('12798','204','9'),('12799','191','9'),('12800','192','9'),('12801','193','9'),('12802','195','9'),('12803','196','9'),('12804','2','9'),('12806','147','10'),('12807','148','10'),('12808','188','10'),('12809','189','10'),('12810','190','10'),('12811','203','10'),('12812','204','10'),('12813','191','10'),('12814','195','10'),('12815','196','10'),('12816','199','10'),('12817','200','10'),('12818','205','10'),('12819','207','10'),('12820','209','10'),('12821','210','10'),('12822','2','10'),('12824','147','17'),('12825','148','17'),('12826','188','17'),('12827','189','17'),('12828','190','17'),('12829','203','17'),('12830','204','17'),('12831','191','17'),('12832','192','17'),('12833','195','17'),('12834','197','17'),('12835','205','17'),('12836','206','17'),('12837','209','17'),('12838','210','17'),('12839','211','17'),('12840','2','17'),('12842','147','18'),('12843','148','18'),('12844','188','18'),('12845','189','18'),('12846','190','18'),('12847','203','18'),('12848','204','18'),('12849','192','18'),('12850','195','18'),('12851','196','18'),('12852','199','18'),('12853','200','18'),('12854','205','18'),('12855','206','18'),('12856','2','18'),('12858','147','19'),('12859','148','19'),('12860','188','19'),('12861','189','19'),('12862','190','19'),('12863','203','19'),('12864','204','19'),('12865','191','19'),('12866','192','19'),('12867','205','19'),('12868','206','19'),('12869','207','19'),('12870','209','19'),('12871','210','19'),('12872','2','19'),('12874','148','20'),('12875','147','20'),('12876','188','20'),('12877','189','20'),('12878','190','20'),('12879','203','20'),('12880','204','20'),('12881','191','20'),('12882','193','20'),('12883','2','20'),('12885','147','21'),('12886','148','21'),('12887','188','21'),('12888','189','21'),('12889','190','21'),('12890','203','21'),('12891','204','21'),('12892','191','21'),('12893','205','21'),('12894','209','21'),('12895','2','21'),('12897','147','22'),('12898','148','22'),('12899','188','22'),('12900','189','22'),('12901','190','22'),('12902','203','22'),('12903','204','22'),('12904','191','22'),('12905','192','22'),('12906','193','22'),('12907','195','22'),('12908','196','22'),('12909','2','22'),('12911','147','23'),('12912','148','23'),('12913','188','23'),('12914','189','23'),('12915','190','23'),('12916','203','23'),('12917','204','23'),('12918','191','23'),('12919','197','23'),('12920','199','23'),('12921','200','23'),('12922','205','23'),('12923','2','23'),('12925','147','24'),('12926','148','24'),('12927','188','24'),('12928','189','24'),('12929','190','24'),('12930','203','24'),('12931','204','24'),('12932','191','24'),('12933','192','24'),('12934','2','24'),('12936','147','25'),('12937','148','25'),('12938','188','25'),('12939','189','25'),('12940','190','25'),('12941','203','25'),('12942','204','25'),('12943','191','25'),('12944','195','25'),('12945','199','25'),('12946','2','25'),('12948','147','26'),('12949','148','26'),('12950','188','26'),('12951','189','26'),('12952','190','26'),('12953','203','26'),('12954','204','26'),('12955','2','26'),('12957','147','27'),('12958','148','27'),('12959','188','27'),('12960','189','27'),('12961','190','27'),('12962','203','27'),('12963','204','27'),('12964','191','27'),('12965','194','27'),('12966','205','27'),('12967','208','27'),('12968','209','27'),('12969','210','27'),('12970','2','27'),('12972','147','28'),('12973','148','28'),('12974','188','28'),('12975','189','28'),('12976','2','28'),('13220','255','62'),('13218','258','62'),('13216','256','62'),('13217','257','62'),('13260','255','52'),('13258','293','52'),('13252','258','52'),('13259','294','52'),('13250','256','52'),('13254','260','52'),('13257','280','52'),('13251','257','52'),('13255','278','52'),('13256','279','52'),('13479','255','56'),('13447','255','54'),('13546','255','60'),('13496','255','57'),('13513','255','58'),('13472','258','56'),('13439','258','54'),('13477','293','56'),('13445','293','54'),('13544','293','60'),('13494','293','57'),('13511','293','58'),('13538','258','60'),('13478','294','56'),('13446','294','54'),('13545','294','60'),('13495','294','57'),('13512','294','58'),('13488','258','57'),('13505','258','58'),('13470','256','56'),('13475','261','56'),('13442','261','54'),('13541','261','60'),('13491','261','57'),('13508','261','58'),('13437','256','54'),('13536','256','60'),('13486','256','57'),('13474','260','56'),('13441','260','54'),('13540','260','60'),('13490','260','57'),('13507','260','58'),('13503','256','58'),('13471','257','56'),('13438','257','54'),('13543','280','60'),('13537','257','60'),('13487','257','57'),('13443','278','54'),('13492','278','57'),('13509','278','58'),('13476','279','56'),('13444','279','54'),('13542','279','60'),('13493','279','57'),('13510','279','58'),('13504','257','58'),('13583','255','51'),('13600','255','53'),('13646','255','61'),('13632','255','59'),('13616','255','55'),('13575','258','51'),('13592','258','53'),('13598','293','53'),('13630','293','59'),('13641','258','61'),('13599','294','53'),('13631','294','59'),('13625','258','59'),('13609','258','55'),('13578','261','51'),('13644','261','61'),('13628','261','59'),('13612','261','55'),('13573','256','51'),('13590','256','53'),('13639','256','61'),('13623','256','59'),('13579','262','51'),('13595','262','53'),('13645','262','61'),('13629','262','59'),('13613','262','55'),('13607','256','55'),('13577','260','51'),('13594','260','53'),('13643','260','61'),('13627','260','59'),('13611','260','55'),('13574','257','51'),('13591','257','53'),('13582','280','51'),('13597','280','53'),('13640','257','61'),('13624','257','59'),('13580','278','51'),('13614','278','55'),('13581','279','51'),('13596','279','53'),('13615','279','55'),('13608','257','55'),('13655','147','1'),('13656','148','1'),('13657','188','1'),('13658','189','1'),('13659','190','1'),('13660','203','1'),('13661','204','1'),('13662','2','1'),('13664','147','2'),('13665','148','2'),('13666','188','2'),('13667','189','2'),('13668','190','2'),('13669','203','2'),('13670','204','2'),('13671','2','2'),('13673','147','7'),('13674','148','7'),('13675','188','7'),('13676','189','7'),('13677','204','7'),('13678','2','7'),('13680','147','9'),('13681','148','9'),('13682','188','9'),('13683','189','9'),('13684','190','9'),('13685','203','9'),('13686','204','9'),('13687','191','9'),('13688','192','9'),('13689','193','9'),('13690','195','9'),('13691','196','9'),('13692','2','9'),('13694','147','10'),('13695','148','10'),('13696','188','10'),('13697','189','10'),('13698','190','10'),('13699','203','10'),('13700','204','10'),('13701','191','10'),('13702','195','10'),('13703','196','10'),('13704','199','10'),('13705','200','10'),('13706','205','10'),('13707','207','10'),('13708','209','10'),('13709','210','10'),('13710','2','10'),('13712','147','17'),('13713','148','17'),('13714','188','17'),('13715','189','17'),('13716','190','17'),('13717','203','17'),('13718','204','17'),('13719','191','17'),('13720','192','17'),('13721','195','17'),('13722','197','17'),('13723','205','17'),('13724','206','17'),('13725','209','17'),('13726','210','17'),('13727','211','17'),('13728','2','17'),('13730','147','18'),('13731','148','18'),('13732','188','18'),('13733','189','18'),('13734','190','18'),('13735','203','18'),('13736','204','18'),('13737','192','18'),('13738','195','18'),('13739','196','18'),('13740','199','18'),('13741','200','18'),('13742','205','18'),('13743','206','18'),('13744','2','18'),('13746','147','19'),('13747','148','19'),('13748','188','19'),('13749','189','19'),('13750','190','19'),('13751','203','19'),('13752','204','19'),('13753','191','19'),('13754','192','19'),('13755','205','19'),('13756','206','19'),('13757','207','19'),('13758','209','19'),('13759','210','19'),('13760','2','19'),('13762','148','20'),('13763','147','20'),('13764','188','20'),('13765','189','20'),('13766','190','20'),('13767','203','20'),('13768','204','20'),('13769','191','20'),('13770','193','20'),('13771','2','20'),('13773','147','21'),('13774','148','21'),('13775','188','21'),('13776','189','21'),('13777','190','21'),('13778','203','21'),('13779','204','21'),('13780','191','21'),('13781','205','21'),('13782','209','21'),('13783','2','21'),('13785','147','22'),('13786','148','22'),('13787','188','22'),('13788','189','22'),('13789','190','22'),('13790','203','22'),('13791','204','22'),('13792','191','22'),('13793','192','22'),('13794','193','22'),('13795','195','22'),('13796','196','22'),('13797','2','22'),('13799','147','23'),('13800','148','23'),('13801','188','23'),('13802','189','23'),('13803','190','23'),('13804','203','23'),('13805','204','23'),('13806','191','23'),('13807','197','23'),('13808','199','23'),('13809','200','23'),('13810','205','23'),('13811','2','23'),('13813','147','24'),('13814','148','24'),('13815','188','24'),('13816','189','24'),('13817','190','24'),('13818','203','24'),('13819','204','24'),('13820','191','24'),('13821','192','24'),('13822','2','24'),('13824','147','25'),('13825','148','25'),('13826','188','25'),('13827','189','25'),('13828','190','25'),('13829','203','25'),('13830','204','25'),('13831','191','25'),('13832','195','25'),('13833','199','25'),('13834','2','25'),('13836','147','26'),('13837','148','26'),('13838','188','26'),('13839','189','26'),('13840','190','26'),('13841','203','26'),('13842','204','26'),('13843','2','26'),('13845','147','27'),('13846','148','27'),('13847','188','27'),('13848','189','27'),('13849','190','27'),('13850','203','27'),('13851','204','27'),('13852','191','27'),('13853','194','27'),('13854','205','27'),('13855','208','27'),('13856','209','27'),('13857','210','27'),('13858','2','27'),('13860','147','28'),('13861','148','28'),('13862','188','28'),('13863','189','28'),('13864','2','28'),('14922','304','75'),('14923','305','75'),('14924','306','75'),('14925','308','75'),('14926','309','75'),('14927','310','75'),('14928','324','75'),('14929','328','75'),('14930','329','75'),('14931','303','75'),('14972','304','63'),('14973','305','63'),('14974','306','63'),('14975','307','63'),('14976','308','63'),('14977','309','63'),('14978','310','63'),('14979','311','63'),('14980','303','63'),('14987','304','64'),('14988','305','64'),('14989','306','64'),('14990','307','64'),('14991','308','64'),('14992','309','64'),('14993','310','64'),('14994','311','64'),('14995','318','64'),('14996','319','64'),('14997','303','64'),('15004','304','65'),('15005','305','65'),('15006','306','65'),('15007','307','65'),('15008','309','65'),('15009','310','65'),('15010','311','65'),('15011','315','65'),('15012','318','65'),('15013','319','65'),('15014','303','65'),('15021','304','67'),('15022','305','67'),('15023','306','67'),('15024','308','67'),('15025','309','67'),('15026','310','67'),('15027','311','67'),('15028','322','67'),('15029','324','67'),('15030','327','67'),('15031','329','67'),('15032','303','67'),('15039','304','68'),('15040','305','68'),('15041','306','68'),('15042','308','68'),('15043','309','68'),('15044','310','68'),('15045','311','68'),('15046','319','68'),('15047','327','68'),('15048','328','68'),('15049','303','68'),('15050','307','68'),('15057','304','69'),('15058','305','69'),('15059','306','69'),('15060','308','69'),('15061','309','69'),('15062','310','69'),('15063','311','69'),('15064','322','69'),('15065','303','69'),('15072','304','70'),('15073','305','70'),('15074','306','70'),('15075','308','70'),('15076','309','70'),('15077','310','70'),('15078','311','70'),('15079','315','70'),('15080','318','70'),('15081','321','70'),('15082','322','70'),('15083','324','70'),('15084','303','70'),('15085','307','70'),('15092','304','71'),('15093','305','71'),('15094','306','71'),('15095','309','71'),('15096','310','71'),('15097','311','71'),('15098','315','71'),('15099','316','71'),('15100','328','71'),('15101','329','71'),('15102','303','71'),('15109','304','72'),('15110','305','72'),('15111','306','72'),('15112','308','72'),('15113','309','72'),('15114','310','72'),('15115','311','72'),('15116','327','72'),('15117','328','72'),('15118','303','72'),('15125','304','73'),('15126','305','73'),('15127','306','73'),('15128','307','73'),('15129','308','73'),('15130','310','73'),('15131','311','73'),('15132','303','73'),('15139','304','74'),('15140','305','74'),('15141','306','74'),('15142','307','74'),('15143','308','74'),('15144','310','74'),('15145','311','74'),('15146','312','74'),('15147','313','74'),('15148','315','74'),('15149','316','74'),('15150','303','74'),('15157','304','76'),('15158','305','76'),('15159','306','76'),('15160','307','76'),('15161','308','76'),('15162','309','76'),('15163','310','76'),('15164','311','76'),('15165','303','76'),('15172','304','77'),('15173','305','77'),('15174','306','77'),('15175','307','77'),('15176','308','77'),('15177','309','77'),('15178','310','77'),('15179','311','77'),('15180','303','77');

--
-- Table structure for table `cataloginventory_stock`
--

CREATE TABLE `cataloginventory_stock` (
  `stock_id` smallint(5) unsigned NOT NULL AUTO_INCREMENT COMMENT 'Stock Id',
  `website_id` smallint(5) unsigned NOT NULL COMMENT 'Website Id',
  `stock_name` varchar(255) DEFAULT NULL COMMENT 'Stock Name',
  PRIMARY KEY (`stock_id`),
  KEY `CATALOGINVENTORY_STOCK_WEBSITE_ID` (`website_id`)
) ENGINE=InnoDB AUTO_INCREMENT=2 DEFAULT CHARSET=utf8 COMMENT='Cataloginventory Stock';

--
-- Dumping data for table `cataloginventory_stock`
--

INSERT INTO `cataloginventory_stock` VALUES (1,0,'Default');

--
-- Table structure for table `cataloginventory_stock_item`
--

CREATE TABLE `cataloginventory_stock_item` (
  `item_id` int(10) unsigned NOT NULL AUTO_INCREMENT COMMENT 'Item Id',
  `product_id` int(10) unsigned NOT NULL DEFAULT '0' COMMENT 'Product Id',
  `stock_id` smallint(5) unsigned NOT NULL DEFAULT '0' COMMENT 'Stock Id',
  `qty` decimal(12,4) DEFAULT NULL COMMENT 'Qty',
  `min_qty` decimal(12,4) NOT NULL DEFAULT '0.0000' COMMENT 'Min Qty',
  `use_config_min_qty` smallint(5) unsigned NOT NULL DEFAULT '1' COMMENT 'Use Config Min Qty',
  `is_qty_decimal` smallint(5) unsigned NOT NULL DEFAULT '0' COMMENT 'Is Qty Decimal',
  `backorders` smallint(5) unsigned NOT NULL DEFAULT '0' COMMENT 'Backorders',
  `use_config_backorders` smallint(5) unsigned NOT NULL DEFAULT '1' COMMENT 'Use Config Backorders',
  `min_sale_qty` decimal(12,4) NOT NULL DEFAULT '1.0000' COMMENT 'Min Sale Qty',
  `use_config_min_sale_qty` smallint(5) unsigned NOT NULL DEFAULT '1' COMMENT 'Use Config Min Sale Qty',
  `max_sale_qty` decimal(12,4) NOT NULL DEFAULT '0.0000' COMMENT 'Max Sale Qty',
  `use_config_max_sale_qty` smallint(5) unsigned NOT NULL DEFAULT '1' COMMENT 'Use Config Max Sale Qty',
  `is_in_stock` smallint(5) unsigned NOT NULL DEFAULT '0' COMMENT 'Is In Stock',
  `low_stock_date` timestamp NULL DEFAULT NULL COMMENT 'Low Stock Date',
  `notify_stock_qty` decimal(12,4) DEFAULT NULL COMMENT 'Notify Stock Qty',
  `use_config_notify_stock_qty` smallint(5) unsigned NOT NULL DEFAULT '1' COMMENT 'Use Config Notify Stock Qty',
  `manage_stock` smallint(5) unsigned NOT NULL DEFAULT '0' COMMENT 'Manage Stock',
  `use_config_manage_stock` smallint(5) unsigned NOT NULL DEFAULT '1' COMMENT 'Use Config Manage Stock',
  `stock_status_changed_auto` smallint(5) unsigned NOT NULL DEFAULT '0' COMMENT 'Stock Status Changed Automatically',
  `use_config_qty_increments` smallint(5) unsigned NOT NULL DEFAULT '1' COMMENT 'Use Config Qty Increments',
  `qty_increments` decimal(12,4) NOT NULL DEFAULT '0.0000' COMMENT 'Qty Increments',
  `use_config_enable_qty_inc` smallint(5) unsigned NOT NULL DEFAULT '1' COMMENT 'Use Config Enable Qty Increments',
  `enable_qty_increments` smallint(5) unsigned NOT NULL DEFAULT '0' COMMENT 'Enable Qty Increments',
  `is_decimal_divided` smallint(5) unsigned NOT NULL DEFAULT '0' COMMENT 'Is Divided into Multiple Boxes for Shipping',
  `website_id` smallint(5) unsigned NOT NULL DEFAULT '0' COMMENT 'Is Divided into Multiple Boxes for Shipping',
  PRIMARY KEY (`item_id`),
  UNIQUE KEY `CATALOGINVENTORY_STOCK_ITEM_PRODUCT_ID_WEBSITE_ID` (`product_id`,`website_id`),
  KEY `CATALOGINVENTORY_STOCK_ITEM_WEBSITE_ID` (`website_id`),
  KEY `CATALOGINVENTORY_STOCK_ITEM_STOCK_ID` (`stock_id`)
) ENGINE=InnoDB AUTO_INCREMENT=72 DEFAULT CHARSET=utf8 COMMENT='Cataloginventory Stock Item';

--
-- Dumping data for table `cataloginventory_stock_item`
--

INSERT INTO `cataloginventory_stock_item` VALUES ('1','1',1,'9999.0000','0.0000',1,0,0,1,'1.0000',1,'10000.0000',1,1,NULL,'1.0000',1,1,1,0,1,'1.0000',1,0,0,0),('2','2',1,'0.0000','0.0000',1,0,0,1,'1.0000',1,'10000.0000',1,1,NULL,'1.0000',1,1,1,0,1,'1.0000',1,0,0,0),('7','7',1,'9998.0000','0.0000',1,0,0,1,'1.0000',1,'10000.0000',1,1,NULL,'1.0000',1,1,1,0,1,'1.0000',1,0,0,0),('9','9',1,'0.0000','0.0000',1,0,0,1,'1.0000',1,'10000.0000',1,1,NULL,'1.0000',1,1,1,0,1,'1.0000',1,0,0,0),('10','10',1,'0.0000','0.0000',1,0,0,1,'1.0000',1,'10000.0000',1,1,NULL,'1.0000',1,1,1,0,1,'1.0000',1,0,0,0),('12','17',1,'9999.0000','0.0000',1,0,0,1,'1.0000',1,'10000.0000',1,1,NULL,'1.0000',1,1,1,0,1,'1.0000',1,0,0,0),('13','18',1,'9999.0000','0.0000',1,0,0,1,'1.0000',1,'10000.0000',1,1,NULL,'1.0000',1,1,1,0,1,'1.0000',1,0,0,0),('14','19',1,'9998.0000','0.0000',1,0,0,1,'1.0000',1,'10000.0000',1,1,NULL,'1.0000',1,1,1,0,1,'1.0000',1,0,0,0),('15','20',1,'9999.0000','0.0000',1,0,0,1,'1.0000',1,'10000.0000',1,1,NULL,'1.0000',1,1,1,0,1,'1.0000',1,0,0,0),('16','21',1,'9999.0000','0.0000',1,0,0,1,'1.0000',1,'10000.0000',1,1,NULL,'1.0000',1,1,1,0,1,'1.0000',1,0,0,0),('17','22',1,'9999.0000','0.0000',1,0,0,1,'1.0000',1,'10000.0000',1,1,NULL,'1.0000',1,1,1,0,1,'1.0000',1,0,0,0),('18','23',1,'9999.0000','0.0000',1,0,0,1,'1.0000',1,'10000.0000',1,1,NULL,'1.0000',1,1,1,0,1,'1.0000',1,0,0,0),('19','24',1,'9999.0000','0.0000',1,0,0,1,'1.0000',1,'10000.0000',1,1,NULL,'1.0000',1,1,1,0,1,'1.0000',1,0,0,0),('20','25',1,'9999.0000','0.0000',1,0,0,1,'1.0000',1,'10000.0000',1,1,NULL,'1.0000',1,1,1,0,1,'1.0000',1,0,0,0),('21','26',1,'9999.0000','0.0000',1,0,0,1,'1.0000',1,'10000.0000',1,1,NULL,'1.0000',1,1,1,0,1,'1.0000',1,0,0,0),('22','27',1,'9999.0000','0.0000',1,0,0,1,'1.0000',1,'10000.0000',1,1,NULL,'1.0000',1,1,1,0,1,'1.0000',1,0,0,0),('23','28',1,'9999.0000','0.0000',1,0,0,1,'1.0000',1,'10000.0000',1,1,NULL,'1.0000',1,1,1,0,1,'1.0000',1,0,0,0),('24','29',1,'9999.0000','0.0000',1,0,0,1,'1.0000',1,'10000.0000',1,1,NULL,'1.0000',1,1,1,0,1,'1.0000',1,0,0,0),('25','30',1,'9999.0000','0.0000',1,0,0,1,'1.0000',1,'10000.0000',1,1,NULL,'1.0000',1,1,1,0,1,'1.0000',1,0,0,0),('26','31',1,'9999.0000','0.0000',1,0,0,1,'1.0000',1,'10000.0000',1,1,NULL,'1.0000',1,1,1,0,1,'1.0000',1,0,0,0),('27','32',1,'0.0000','0.0000',1,0,0,1,'1.0000',1,'10000.0000',1,1,NULL,'1.0000',1,1,1,0,1,'1.0000',1,0,0,0),('28','33',1,'9999.0000','0.0000',1,0,0,1,'1.0000',1,'10000.0000',1,1,NULL,'1.0000',1,1,1,0,1,'1.0000',1,0,0,0),('29','34',1,'9999.0000','0.0000',1,0,0,1,'1.0000',1,'10000.0000',1,1,NULL,'1.0000',1,1,1,0,1,'1.0000',1,0,0,0),('30','35',1,'9999.0000','0.0000',1,0,0,1,'1.0000',1,'10000.0000',1,1,NULL,'1.0000',1,1,1,0,1,'1.0000',1,0,0,0),('31','36',1,'9998.0000','0.0000',1,0,0,1,'1.0000',1,'10000.0000',1,1,NULL,'1.0000',1,1,1,0,1,'1.0000',1,0,0,0),('32','37',1,'9998.0000','0.0000',1,0,0,1,'1.0000',1,'10000.0000',1,1,NULL,'1.0000',1,1,1,0,1,'1.0000',1,0,0,0),('43','48',1,'9999.0000','0.0000',1,0,0,1,'1.0000',1,'10000.0000',1,1,NULL,'1.0000',1,1,1,0,1,'1.0000',1,0,0,0),('44','49',1,'9999.0000','0.0000',1,0,0,1,'1.0000',1,'10000.0000',1,1,NULL,'1.0000',1,1,1,0,1,'1.0000',1,0,0,0),('45','50',1,'0.0000','0.0000',1,0,0,1,'1.0000',1,'10000.0000',1,1,NULL,'1.0000',1,1,1,0,1,'1.0000',1,0,0,0),('46','51',1,'99999.0000','0.0000',1,0,0,1,'1.0000',1,'10000.0000',1,1,NULL,'1.0000',1,1,1,0,1,'1.0000',1,0,0,0),('47','52',1,'9999.0000','0.0000',1,0,0,1,'1.0000',1,'10000.0000',1,1,NULL,'1.0000',1,1,1,0,1,'1.0000',1,0,0,0),('48','53',1,'9999.0000','0.0000',1,0,0,1,'1.0000',1,'10000.0000',1,1,NULL,'1.0000',1,1,1,0,1,'1.0000',1,0,0,0),('49','54',1,'9999.0000','0.0000',1,0,0,1,'1.0000',1,'10000.0000',1,1,NULL,'1.0000',1,1,1,0,1,'1.0000',1,0,0,0),('50','55',1,'9999.0000','0.0000',1,0,0,1,'1.0000',1,'10000.0000',1,1,NULL,'1.0000',1,1,1,0,1,'1.0000',1,0,0,0),('51','56',1,'9999.0000','0.0000',1,0,0,1,'1.0000',1,'10000.0000',1,1,NULL,'1.0000',1,1,1,0,1,'1.0000',1,0,0,0),('52','57',1,'9999.0000','0.0000',1,0,0,1,'1.0000',1,'10000.0000',1,1,NULL,'1.0000',1,1,1,0,1,'1.0000',1,0,0,0),('53','58',1,NULL,'0.0000',1,0,0,1,'1.0000',1,'10000.0000',1,0,'2016-12-06 16:09:17','1.0000',1,1,1,1,1,'1.0000',1,0,0,0),('54','59',1,'9999.0000','0.0000',1,0,0,1,'1.0000',1,'10000.0000',1,1,NULL,'1.0000',1,1,1,0,1,'1.0000',1,0,0,0),('55','60',1,'9999.0000','0.0000',1,0,0,1,'1.0000',1,'10000.0000',1,1,NULL,'1.0000',1,1,1,0,1,'1.0000',1,0,0,0),('56','61',1,'9999.0000','0.0000',1,0,0,1,'1.0000',1,'10000.0000',1,1,NULL,'1.0000',1,1,1,0,1,'1.0000',1,0,0,0),('57','62',1,'9999.0000','0.0000',1,0,0,1,'1.0000',1,'10000.0000',1,1,NULL,'1.0000',1,1,1,0,1,'1.0000',1,0,0,0),('58','63',1,'9999.0000','0.0000',1,0,0,1,'1.0000',1,'10000.0000',1,1,NULL,'1.0000',1,1,1,0,1,'1.0000',1,0,0,0),('59','64',1,'9999.0000','0.0000',1,0,0,1,'1.0000',1,'10000.0000',1,1,NULL,'1.0000',1,1,1,0,1,'1.0000',1,0,0,0),('60','65',1,'9998.0000','0.0000',1,0,0,1,'1.0000',1,'10000.0000',1,1,NULL,'1.0000',1,1,1,0,1,'1.0000',1,0,0,0),('61','67',1,'9999.0000','0.0000',1,0,0,1,'1.0000',1,'10000.0000',1,1,NULL,'1.0000',1,1,1,0,1,'1.0000',1,0,0,0),('62','68',1,'9999.0000','0.0000',1,0,0,1,'1.0000',1,'10000.0000',1,1,NULL,'1.0000',1,1,1,0,1,'1.0000',1,0,0,0),('63','69',1,'9999.0000','0.0000',1,0,0,1,'1.0000',1,'10000.0000',1,1,NULL,'1.0000',1,1,1,0,1,'1.0000',1,0,0,0),('64','70',1,'9999.0000','0.0000',1,0,0,1,'1.0000',1,'10000.0000',1,1,NULL,'1.0000',1,1,1,0,1,'1.0000',1,0,0,0),('65','71',1,'9999.0000','0.0000',1,0,0,1,'1.0000',1,'10000.0000',1,1,NULL,'1.0000',1,1,1,0,1,'1.0000',1,0,0,0),('66','72',1,'9999.0000','0.0000',1,0,0,1,'1.0000',1,'10000.0000',1,1,NULL,'1.0000',1,1,1,0,1,'1.0000',1,0,0,0),('67','73',1,'9999.0000','0.0000',1,0,0,1,'1.0000',1,'10000.0000',1,1,NULL,'1.0000',1,1,1,0,1,'1.0000',1,0,0,0),('68','74',1,'9999.0000','0.0000',1,0,0,1,'1.0000',1,'10000.0000',1,1,NULL,'1.0000',1,1,1,0,1,'1.0000',1,0,0,0),('69','75',1,'9999.0000','0.0000',1,0,0,1,'1.0000',1,'10000.0000',1,1,NULL,'1.0000',1,1,1,0,1,'1.0000',1,0,0,0),('70','76',1,'9999.0000','0.0000',1,0,0,1,'1.0000',1,'10000.0000',1,1,NULL,'1.0000',1,1,1,0,1,'1.0000',1,0,0,0),('71','77',1,'9999.0000','0.0000',1,0,0,1,'1.0000',1,'10000.0000',1,1,NULL,'1.0000',1,1,1,0,1,'1.0000',1,0,0,0);

--
-- Table structure for table `cataloginventory_stock_status`
--

CREATE TABLE `cataloginventory_stock_status` (
  `product_id` int(10) unsigned NOT NULL COMMENT 'Product Id',
  `website_id` smallint(5) unsigned NOT NULL COMMENT 'Website Id',
  `stock_id` smallint(5) unsigned NOT NULL COMMENT 'Stock Id',
  `qty` decimal(12,4) NOT NULL DEFAULT '0.0000' COMMENT 'Qty',
  `stock_status` smallint(5) unsigned NOT NULL COMMENT 'Stock Status',
  PRIMARY KEY (`product_id`,`website_id`,`stock_id`),
  KEY `CATALOGINVENTORY_STOCK_STATUS_STOCK_ID` (`stock_id`),
  KEY `CATALOGINVENTORY_STOCK_STATUS_WEBSITE_ID` (`website_id`)
) ENGINE=InnoDB DEFAULT CHARSET=utf8 COMMENT='Cataloginventory Stock Status';

--
-- Dumping data for table `cataloginventory_stock_status`
--

INSERT INTO `cataloginventory_stock_status` VALUES ('1',0,1,'9999.0000',1),('2',0,1,'0.0000',1),('7',0,1,'9998.0000',1),('9',0,1,'0.0000',1),('10',0,1,'0.0000',1),('17',0,1,'9999.0000',1),('18',0,1,'9999.0000',1),('19',0,1,'9998.0000',1),('20',0,1,'9999.0000',1),('21',0,1,'9999.0000',1),('22',0,1,'9999.0000',1),('23',0,1,'9999.0000',1),('24',0,1,'9999.0000',1),('25',0,1,'9999.0000',1),('26',0,1,'9999.0000',1),('27',0,1,'9999.0000',1),('28',0,1,'9999.0000',1),('29',0,1,'9999.0000',1),('30',0,1,'9999.0000',1),('31',0,1,'9999.0000',1),('32',0,1,'0.0000',1),('33',0,1,'9999.0000',1),('34',0,1,'9999.0000',1),('35',0,1,'9999.0000',1),('36',0,1,'9998.0000',1),('37',0,1,'9998.0000',1),('48',0,1,'9999.0000',1),('49',0,1,'9999.0000',1),('50',0,1,'0.0000',1),('51',0,1,'99999.0000',1),('52',0,1,'9999.0000',1),('53',0,1,'9999.0000',1),('54',0,1,'9999.0000',1),('55',0,1,'9999.0000',1),('56',0,1,'9999.0000',1),('57',0,1,'9999.0000',1),('58',0,1,'0.0000',0),('59',0,1,'9999.0000',1),('60',0,1,'9999.0000',1),('61',0,1,'9999.0000',1),('62',0,1,'9999.0000',1),('63',0,1,'9999.0000',1),('64',0,1,'9999.0000',1),('65',0,1,'9998.0000',1),('67',0,1,'9999.0000',1),('68',0,1,'9999.0000',1),('69',0,1,'9999.0000',1),('70',0,1,'9999.0000',1),('71',0,1,'9999.0000',1),('72',0,1,'9999.0000',1),('73',0,1,'9999.0000',1),('74',0,1,'9999.0000',1),('75',0,1,'9999.0000',1),('76',0,1,'9999.0000',1),('77',0,1,'9999.0000',1);

--
-- Table structure for table `cataloginventory_stock_status_idx`
--

CREATE TABLE `cataloginventory_stock_status_idx` (
  `product_id` int(10) unsigned NOT NULL COMMENT 'Product Id',
  `website_id` smallint(5) unsigned NOT NULL COMMENT 'Website Id',
  `stock_id` smallint(5) unsigned NOT NULL COMMENT 'Stock Id',
  `qty` decimal(12,4) NOT NULL DEFAULT '0.0000' COMMENT 'Qty',
  `stock_status` smallint(5) unsigned NOT NULL COMMENT 'Stock Status',
  PRIMARY KEY (`product_id`,`website_id`,`stock_id`),
  KEY `CATALOGINVENTORY_STOCK_STATUS_IDX_STOCK_ID` (`stock_id`),
  KEY `CATALOGINVENTORY_STOCK_STATUS_IDX_WEBSITE_ID` (`website_id`)
) ENGINE=InnoDB DEFAULT CHARSET=utf8 COMMENT='Cataloginventory Stock Status Indexer Idx';

--
-- Dumping data for table `cataloginventory_stock_status_idx`
--

INSERT INTO `cataloginventory_stock_status_idx` VALUES ('1',0,1,'9999.0000',1),('2',0,1,'0.0000',1),('7',0,1,'9998.0000',1),('9',0,1,'0.0000',1),('10',0,1,'0.0000',1),('17',0,1,'9999.0000',1),('18',0,1,'9999.0000',1),('19',0,1,'9998.0000',1),('20',0,1,'9999.0000',1),('21',0,1,'9999.0000',1),('22',0,1,'9999.0000',1),('23',0,1,'9999.0000',1),('24',0,1,'9999.0000',1),('25',0,1,'9999.0000',1),('26',0,1,'9999.0000',1),('27',0,1,'9999.0000',1),('28',0,1,'9999.0000',1),('29',0,1,'9999.0000',1),('30',0,1,'9999.0000',1),('31',0,1,'9999.0000',1),('32',0,1,'0.0000',1),('33',0,1,'9999.0000',1),('34',0,1,'9999.0000',1),('35',0,1,'9999.0000',1),('36',0,1,'9998.0000',1),('37',0,1,'9998.0000',1),('48',0,1,'9999.0000',1),('49',0,1,'9999.0000',1),('50',0,1,'0.0000',1),('51',0,1,'99999.0000',1),('52',0,1,'9999.0000',1),('53',0,1,'9999.0000',1),('54',0,1,'9999.0000',1),('55',0,1,'9999.0000',1),('56',0,1,'9999.0000',1),('57',0,1,'9999.0000',1),('58',0,1,'0.0000',0),('59',0,1,'9999.0000',1),('60',0,1,'9999.0000',1),('61',0,1,'9999.0000',1),('62',0,1,'9999.0000',1);

--
-- Table structure for table `cataloginventory_stock_status_tmp`
--

CREATE TABLE `cataloginventory_stock_status_tmp` (
  `product_id` int(10) unsigned NOT NULL COMMENT 'Product Id',
  `website_id` smallint(5) unsigned NOT NULL COMMENT 'Website Id',
  `stock_id` smallint(5) unsigned NOT NULL COMMENT 'Stock Id',
  `qty` decimal(12,4) NOT NULL DEFAULT '0.0000' COMMENT 'Qty',
  `stock_status` smallint(5) unsigned NOT NULL COMMENT 'Stock Status',
  PRIMARY KEY (`product_id`,`website_id`,`stock_id`),
  KEY `CATALOGINVENTORY_STOCK_STATUS_TMP_STOCK_ID` (`stock_id`),
  KEY `CATALOGINVENTORY_STOCK_STATUS_TMP_WEBSITE_ID` (`website_id`)
) ENGINE=MEMORY DEFAULT CHARSET=utf8 COMMENT='Cataloginventory Stock Status Indexer Tmp';

--
-- Table structure for table `catalogrule`
--

CREATE TABLE `catalogrule` (
  `rule_id` int(10) unsigned NOT NULL AUTO_INCREMENT COMMENT 'Rule Id',
  `name` varchar(255) DEFAULT NULL COMMENT 'Name',
  `description` text COMMENT 'Description',
  `from_date` date DEFAULT NULL COMMENT 'From',
  `to_date` date DEFAULT NULL COMMENT 'To',
  `is_active` smallint(6) NOT NULL DEFAULT '0' COMMENT 'Is Active',
  `conditions_serialized` mediumtext COMMENT 'Conditions Serialized',
  `actions_serialized` mediumtext COMMENT 'Actions Serialized',
  `stop_rules_processing` smallint(6) NOT NULL DEFAULT '1' COMMENT 'Stop Rules Processing',
  `sort_order` int(10) unsigned NOT NULL DEFAULT '0' COMMENT 'Sort Order',
  `simple_action` varchar(32) DEFAULT NULL COMMENT 'Simple Action',
  `discount_amount` decimal(12,4) NOT NULL DEFAULT '0.0000' COMMENT 'Discount Amount',
  PRIMARY KEY (`rule_id`),
  KEY `CATALOGRULE_IS_ACTIVE_SORT_ORDER_TO_DATE_FROM_DATE` (`is_active`,`sort_order`,`to_date`,`from_date`)
) ENGINE=InnoDB DEFAULT CHARSET=utf8 COMMENT='CatalogRule';

--
-- Table structure for table `catalogrule_customer_group`
--

CREATE TABLE `catalogrule_customer_group` (
  `rule_id` int(10) unsigned NOT NULL COMMENT 'Rule Id',
  `customer_group_id` smallint(5) unsigned NOT NULL COMMENT 'Customer Group Id',
  PRIMARY KEY (`rule_id`,`customer_group_id`),
  KEY `CATALOGRULE_CUSTOMER_GROUP_CUSTOMER_GROUP_ID` (`customer_group_id`)
) ENGINE=InnoDB DEFAULT CHARSET=utf8 COMMENT='Catalog Rules To Customer Groups Relations';

--
-- Table structure for table `catalogrule_group_website`
--

CREATE TABLE `catalogrule_group_website` (
  `rule_id` int(10) unsigned NOT NULL DEFAULT '0' COMMENT 'Rule Id',
  `customer_group_id` smallint(5) unsigned NOT NULL DEFAULT '0' COMMENT 'Customer Group Id',
  `website_id` smallint(5) unsigned NOT NULL DEFAULT '0' COMMENT 'Website Id',
  PRIMARY KEY (`rule_id`,`customer_group_id`,`website_id`),
  KEY `CATALOGRULE_GROUP_WEBSITE_CUSTOMER_GROUP_ID` (`customer_group_id`),
  KEY `CATALOGRULE_GROUP_WEBSITE_WEBSITE_ID` (`website_id`)
) ENGINE=InnoDB DEFAULT CHARSET=utf8 COMMENT='CatalogRule Group Website';

--
-- Table structure for table `catalogrule_product`
--

CREATE TABLE `catalogrule_product` (
  `rule_product_id` int(10) unsigned NOT NULL AUTO_INCREMENT COMMENT 'Rule Product Id',
  `rule_id` int(10) unsigned NOT NULL DEFAULT '0' COMMENT 'Rule Id',
  `from_time` int(10) unsigned NOT NULL DEFAULT '0' COMMENT 'From Time',
  `to_time` int(10) unsigned NOT NULL DEFAULT '0' COMMENT 'To time',
  `customer_group_id` smallint(5) unsigned NOT NULL DEFAULT '0' COMMENT 'Customer Group Id',
  `product_id` int(10) unsigned NOT NULL DEFAULT '0' COMMENT 'Product Id',
  `action_operator` varchar(10) DEFAULT 'to_fixed' COMMENT 'Action Operator',
  `action_amount` decimal(12,4) NOT NULL DEFAULT '0.0000' COMMENT 'Action Amount',
  `action_stop` smallint(6) NOT NULL DEFAULT '0' COMMENT 'Action Stop',
  `sort_order` int(10) unsigned NOT NULL DEFAULT '0' COMMENT 'Sort Order',
  `website_id` smallint(5) unsigned NOT NULL COMMENT 'Website Id',
  PRIMARY KEY (`rule_product_id`),
  UNIQUE KEY `IDX_EAA51B56FF092A0DCB795D1CEF812B7B` (`rule_id`,`from_time`,`to_time`,`website_id`,`customer_group_id`,`product_id`,`sort_order`),
  KEY `CATALOGRULE_PRODUCT_CUSTOMER_GROUP_ID` (`customer_group_id`),
  KEY `CATALOGRULE_PRODUCT_WEBSITE_ID` (`website_id`),
  KEY `CATALOGRULE_PRODUCT_FROM_TIME` (`from_time`),
  KEY `CATALOGRULE_PRODUCT_TO_TIME` (`to_time`),
  KEY `CATALOGRULE_PRODUCT_PRODUCT_ID` (`product_id`)
) ENGINE=InnoDB DEFAULT CHARSET=utf8 COMMENT='CatalogRule Product';

--
-- Table structure for table `catalogrule_product_price`
--

CREATE TABLE `catalogrule_product_price` (
  `rule_product_price_id` int(10) unsigned NOT NULL AUTO_INCREMENT COMMENT 'Rule Product PriceId',
  `rule_date` date NOT NULL COMMENT 'Rule Date',
  `customer_group_id` smallint(5) unsigned NOT NULL DEFAULT '0' COMMENT 'Customer Group Id',
  `product_id` int(10) unsigned NOT NULL DEFAULT '0' COMMENT 'Product Id',
  `rule_price` decimal(12,4) NOT NULL DEFAULT '0.0000' COMMENT 'Rule Price',
  `website_id` smallint(5) unsigned NOT NULL COMMENT 'Website Id',
  `latest_start_date` date DEFAULT NULL COMMENT 'Latest StartDate',
  `earliest_end_date` date DEFAULT NULL COMMENT 'Earliest EndDate',
  PRIMARY KEY (`rule_product_price_id`),
  UNIQUE KEY `CATRULE_PRD_PRICE_RULE_DATE_WS_ID_CSTR_GROUP_ID_PRD_ID` (`rule_date`,`website_id`,`customer_group_id`,`product_id`),
  KEY `CATALOGRULE_PRODUCT_PRICE_CUSTOMER_GROUP_ID` (`customer_group_id`),
  KEY `CATALOGRULE_PRODUCT_PRICE_WEBSITE_ID` (`website_id`),
  KEY `CATALOGRULE_PRODUCT_PRICE_PRODUCT_ID` (`product_id`)
) ENGINE=InnoDB DEFAULT CHARSET=utf8 COMMENT='CatalogRule Product Price';

--
-- Table structure for table `catalogrule_website`
--

CREATE TABLE `catalogrule_website` (
  `rule_id` int(10) unsigned NOT NULL COMMENT 'Rule Id',
  `website_id` smallint(5) unsigned NOT NULL COMMENT 'Website Id',
  PRIMARY KEY (`rule_id`,`website_id`),
  KEY `CATALOGRULE_WEBSITE_WEBSITE_ID` (`website_id`)
) ENGINE=InnoDB DEFAULT CHARSET=utf8 COMMENT='Catalog Rules To Websites Relations';

--
-- Table structure for table `catalogsearch_fulltext_scope1`
--

CREATE TABLE `catalogsearch_fulltext_scope1` (
  `entity_id` int(10) unsigned NOT NULL COMMENT 'Entity ID',
  `attribute_id` int(10) unsigned NOT NULL COMMENT 'Attribute_id',
  `data_index` longtext COMMENT 'Data index',
  PRIMARY KEY (`entity_id`,`attribute_id`),
  FULLTEXT KEY `FTI_FULLTEXT_DATA_INDEX` (`data_index`)
) ENGINE=InnoDB DEFAULT CHARSET=utf8 COMMENT='catalogsearch_fulltext_scope1';

--
-- Dumping data for table `catalogsearch_fulltext_scope1`
--

INSERT INTO `catalogsearch_fulltext_scope1` VALUES ('1','73','Joust Duffle Bag'),('1','74','24-MB01'),('1','75','The sporty Joust Duffle Bag can\'t be beat - not in the gym, not on the luggage carousel, not anywhere. Big enough to haul a basketball or soccer ball and some sneakers with plenty of room to spare, it\'s ideal for athletes with places to go. Dual top handles. Adjustable shoulder strap. Full-length zipper. L 29\" x W 13\" x H 11\".'),('1','76','The sporty Joust Duffle Bag can\'t be beat - not in the gym, not on the luggage carousel, not anywhere. Big enough to haul a basketball or soccer ball and some sneakers with plenty of room to spare, it\'s ideal for athletes with places to go.'),('1','83','Adidas'),('1','93','Black'),('2','73','Chaz Kangeroo Hoodie | MH01-Black | MH01-Gray'),('2','74','MH01'),('2','75','Ideal for cold-weather training or work outdoors, the Chaz Hoodie promises superior warmth with every wear. Thick material blocks out the wind as ribbed cuffs and bottom band seal in body heat. &bull; Two-tone gray heather hoodie.&bull; Drawstring-adjustable hood. &bull; Machine wash/dry. | Ideal for cold-weather training or work outdoors, the Chaz Hoodie promises superior warmth with every wear. Thick material blocks out the wind as ribbed cuffs and bottom band seal in body heat. &bull; Two-tone gray heather hoodie.&bull; Drawstring-adjustable hood. &bull; Machine wash/dry. | Ideal for cold-weather training or work outdoors, the Chaz Hoodie promises superior warmth with every wear. Thick material blocks out the wind as ribbed cuffs and bottom band seal in body heat. &bull; Two-tone gray heather hoodie.&bull; Drawstring-adjustable hood. &bull; Machine wash/dry.'),('2','76','Ideal for cold-weather training or work outdoors, the Chaz Hoodie promises superior warmth with every wear. Thick material blocks out the wind as ribbed cuffs and bottom band seal in body heat. &bull; Two-tone gray heather hoodie.&bull; Drawstring-adjustable hood. &bull; Machine wash/dry. | Ideal for cold-weather training or work outdoors, the Chaz Hoodie promises superior warmth with every wear. Thick material blocks out the wind as ribbed cuffs and bottom band seal in body heat. &bull; Two-tone gray heather hoodie.&bull; Drawstring-adjustable hood. &bull; Machine wash/dry. | Ideal for cold-weather training or work outdoors, the Chaz Hoodie promises superior warmth with every wear. Thick material blocks out the wind as ribbed cuffs and bottom band seal in body heat. &bull; Two-tone gray heather hoodie.&bull; Drawstring-adjustable hood. &bull; Machine wash/dry.'),('2','83','Other | Chanel | Other'),('2','93','Black | Gray'),('7','73','MH01-Black'),('7','74','MH01-Black'),('7','75','Ideal for cold-weather training or work outdoors, the Chaz Hoodie promises superior warmth with every wear. Thick material blocks out the wind as ribbed cuffs and bottom band seal in body heat. &bull; Two-tone gray heather hoodie.&bull; Drawstring-adjustable hood. &bull; Machine wash/dry.'),('7','76','Ideal for cold-weather training or work outdoors, the Chaz Hoodie promises superior warmth with every wear. Thick material blocks out the wind as ribbed cuffs and bottom band seal in body heat. &bull; Two-tone gray heather hoodie.&bull; Drawstring-adjustable hood. &bull; Machine wash/dry.'),('7','83','Chanel'),('7','93','Black'),('9','73','Set of Sprite Yoga Straps | Joust Duffle Bag | MH01-Black'),('9','74','24-WG085_Group'),('9','75','Great set of Sprite Yoga Straps for every stretch and hold you need. There are three straps in this set: 6\', 8\' and 10\'. 100% soft and durable cotton. Plastic cinch buckle is easy to use. Choice of three natural colors made from phthalate and heavy metal free dyes. | The sporty Joust Duffle Bag can\'t be beat - not in the gym, not on the luggage carousel, not anywhere. Big enough to haul a basketball or soccer ball and some sneakers with plenty of room to spare, it\'s ideal for athletes with places to go. Dual top handles. Adjustable shoulder strap. Full-length zipper. L 29\" x W 13\" x H 11\". | Ideal for cold-weather training or work outdoors, the Chaz Hoodie promises superior warmth with every wear. Thick material blocks out the wind as ribbed cuffs and bottom band seal in body heat. &bull; Two-tone gray heather hoodie.&bull; Drawstring-adjustable hood. &bull; Machine wash/dry.'),('9','76','Great set of Sprite Yoga Straps for every stretch and hold you need. There are three straps in this set: 6\', 8\' and 10\'. | The sporty Joust Duffle Bag can\'t be beat - not in the gym, not on the luggage carousel, not anywhere. Big enough to haul a basketball or soccer ball and some sneakers with plenty of room to spare, it\'s ideal for athletes with places to go. | Ideal for cold-weather training or work outdoors, the Chaz Hoodie promises superior warmth with every wear. Thick material blocks out the wind as ribbed cuffs and bottom band seal in body heat. &bull; Two-tone gray heather hoodie.&bull; Drawstring-adjustable hood. &bull; Machine wash/dry.'),('9','83','Dolce | Adidas | Chanel'),('9','93','Gray | Black | Black'),('10','0','Sprite Stasis Ball'),('10','73','Sprite Yoga Companion Kit | Joust Duffle Bag | MH01-Black'),('10','74','24-WG080'),('10','75','A well-rounded yoga workout takes more than a mat. The Sprite Yoga Companion Kit helps stock your studio with the basics you need for a full-range workout. The kit is composed of four best-selling Luma Sprite accessories in one easy bundle: statis ball, foam block, yoga strap, and foam roller. Choose sizes and colors and leave the rest to us. The kit includes: Sprite Statis Ball Sprite Foam Yoga Brick Sprite Yoga Strap Sprite Foam Roller | The sporty Joust Duffle Bag can\'t be beat - not in the gym, not on the luggage carousel, not anywhere. Big enough to haul a basketball or soccer ball and some sneakers with plenty of room to spare, it\'s ideal for athletes with places to go. Dual top handles. Adjustable shoulder strap. Full-length zipper. L 29\" x W 13\" x H 11\". | Ideal for cold-weather training or work outdoors, the Chaz Hoodie promises superior warmth with every wear. Thick material blocks out the wind as ribbed cuffs and bottom band seal in body heat. &bull; Two-tone gray heather hoodie.&bull; Drawstring-adjustable hood. &bull; Machine wash/dry.'),('10','76','A well-rounded yoga workout takes more than a mat. The Sprite Yoga Companion Kit helps stock your studio with the basics you need for a full-range workout. The kit is composed of four best-selling Luma Sprite accessories in one easy bundle: statis ball, foam block, yoga strap, and foam roller. Choose sizes and colors and leave the rest to us. The kit includes: | The sporty Joust Duffle Bag can\'t be beat - not in the gym, not on the luggage carousel, not anywhere. Big enough to haul a basketball or soccer ball and some sneakers with plenty of room to spare, it\'s ideal for athletes with places to go. | Ideal for cold-weather training or work outdoors, the Chaz Hoodie promises superior warmth with every wear. Thick material blocks out the wind as ribbed cuffs and bottom band seal in body heat. &bull; Two-tone gray heather hoodie.&bull; Drawstring-adjustable hood. &bull; Machine wash/dry.'),('10','83','Gabbana | Adidas | Chanel'),('10','93','Lavender | Black | Black'),('17','73','Beginner\'s Yoga'),('17','74','240-LV04'),('17','75','Beginner\'s Yoga starts you down the path toward strength, balance and mental focus. With this video download, you don\'t have to be a great athlete or gym guru to learn the best and most basic techniques for lifelong yoga foundation. Video download Five workouts. Balance, strength and endurance. Flexibility and core strength. Includes modification for novices.'),('17','76','Beginner\'s Yoga starts you down the path toward strength, balance and mental focus. With this video download, you don\'t have to be a great athlete or gym guru to learn the best and most basic techniques for lifelong yoga foundation.'),('17','83','Nike'),('17','93','Purple'),('18','73','Strive Shoulder Pack'),('18','74','24-MB04'),('18','75','Convenience is next to nothing when your day is crammed with action. So whether you\'re heading to class, gym, or the unbeaten path, make sure you\'ve got your Strive Shoulder Pack stuffed with all your essentials, and extras as well. Zippered main compartment. Front zippered pocket. Side mesh pocket. Cell phone pocket on strap. Adjustable shoulder strap and top carry handle.'),('18','76','Convenience is next to nothing when your day is crammed with action. So whether you\'re heading to class, gym, or the unbeaten path, make sure you\'ve got your Strive Shoulder Pack stuffed with all your essentials, and extras as well.'),('18','83','DKNY'),('18','93','Yellow'),('19','73','Crown Summit Backpack'),('19','74','24-MB03'),('19','75','&lt;p&gt;The Crown Summit Backpack is equally at home in a gym locker, study cube or a pup tent, so be sure yours is packed with books, a bag lunch, water bottles, yoga block, laptop, or whatever else you want in hand. Rugged enough for day hikes and camping trips, it has two large zippered compartments and padded, adjustable shoulder straps.&lt;/p&gt;&lt;ul&gt;&lt;li&gt;Top handle.&lt;/li&gt;&lt;li&gt;Grommet holes.&lt;/li&gt;&lt;li&gt;Two-way zippers.&lt;/li&gt;&lt;li&gt;H 20\" x W 14\" x D 12\".&lt;/li&gt;&lt;li&gt;Weight: 2 lbs, 8 oz. Volume: 29 L.&lt;/li&gt;&lt;ul&gt;&lt;/ul&gt;&lt;/ul&gt;'),('19','76','The Crown Summit Backpack is equally at home in a gym locker, study cube or a pup tent, so be sure yours is packed with books, a bag lunch, water bottles, yoga block, laptop, or whatever else you want in hand. Rugged enough for day hikes and camping trips, it has two large zippered compartments and padded, adjustable shoulder straps.'),('19','83','DKNY'),('19','93','Red'),('20','73','Wayfarer Messenger Bag'),('20','74','24-MB05'),('20','75','Perfect for class, work or the gym, the Wayfarer Messenger Bag is packed with pockets. The dual-buckle flap closure reveals an organizational panel, and the roomy main compartment has spaces for your laptop and a change of clothes. An adjustable shoulder strap and easy-grip handle promise easy carrying. Multiple internal zip pockets. Made of durable nylon.'),('20','76','Perfect for class, work or the gym, the Wayfarer Messenger Bag is packed with pockets. The dual-buckle flap closure reveals an organizational panel, and the roomy main compartment has spaces for your laptop and a change of clothes. An adjustable shoulder strap and easy-grip handle promise easy carrying.'),('20','83','Nike'),('20','93','Orange'),('21','73','Rival Field Messenger'),('21','74','24-MB06'),('21','75','The Rival Field Messenger packs all your campus, studio or trail essentials inside a unique design of soft, textured leather - with loads of character to spare. Two exterior pockets keep all your smaller items handy, and the roomy interior offers even more space. Leather construction. Adjustable fabric carry strap. Dimensions: 18\" x 10\" x 4\".'),('21','76','The Rival Field Messenger packs all your campus, studio or trail essentials inside a unique design of soft, textured leather - with loads of character to spare. Two exterior pockets keep all your smaller items handy, and the roomy interior offers even more space.'),('21','83','Chanel'),('21','93','Green'),('22','73','MH01-Gray'),('22','74','MH01-Gray'),('22','75','Ideal for cold-weather training or work outdoors, the Chaz Hoodie promises superior warmth with every wear. Thick material blocks out the wind as ribbed cuffs and bottom band seal in body heat. &bull; Two-tone gray heather hoodie.&bull; Drawstring-adjustable hood. &bull; Machine wash/dry.'),('22','76','Ideal for cold-weather training or work outdoors, the Chaz Hoodie promises superior warmth with every wear. Thick material blocks out the wind as ribbed cuffs and bottom band seal in body heat. &bull; Two-tone gray heather hoodie.&bull; Drawstring-adjustable hood. &bull; Machine wash/dry.'),('22','83','Other'),('22','93','Gray'),('23','73','Fusion Backpack'),('23','74','Fusio24-MB02'),('23','75','With the Fusion Backpack strapped on, every trek is an adventure - even a bus ride to work. That\'s partly because two large zippered compartments store everything you need, while a front zippered pocket and side mesh pouches are perfect for stashing those little extras, in case you change your mind and take the day off. Durable nylon construction. 2 main zippered compartments. 1 exterior zippered pocket. Mesh side pouches. Padded, adjustable straps. Top carry handle. Dimensions: 18\" x 10\" x 6\".'),('23','76','With the Fusion Backpack strapped on, every trek is an adventure - even a bus ride to work. That\'s partly because two large zippered compartments store everything you need, while a front zippered pocket and side mesh pouches are perfect for stashing those little extras, in case you change your mind and take the day off.'),('23','83','Chanel'),('23','93','Lavender'),('24','73','Impulse Duffle'),('24','74','24-UB02'),('24','75','Good for beach trips, track meets, yoga retreats and more, the Impulse Duffle is the companion you\'ll want at your side. A large U-shaped opening makes packing a hassle-free affair, while a zippered interior pocket keeps jewelry and other small valuables safely tucked out of sight. Wheeled. Dual carry handles. Retractable top handle. W 14\" x H 26\" x D 11\".'),('24','76','Good for beach trips, track meets, yoga retreats and more, the Impulse Duffle is the companion you\'ll want at your side. A large U-shaped opening makes packing a hassle-free affair, while a zippered interior pocket keeps jewelry and other small valuables safely tucked out of sight.'),('24','83','Adidas'),('24','93','Red'),('25','73','Voyage Yoga Bag'),('25','74','24-WB01'),('25','75','Everything you need for a trip to the gym will fit inside this surprisingly spacious Voyage Yoga Bag. Stock it with a water bottle, change of clothes, pair of shoes, and even a few beauty products. Fits inside a locker and zips shut for security. Slip pocket on front. Contrast piping. Durable nylon construction.'),('25','76','Everything you need for a trip to the gym will fit inside this surprisingly spacious Voyage Yoga Bag. Stock it with a water bottle, change of clothes, pair of shoes, and even a few beauty products. Fits inside a locker and zips shut for security.'),('25','83','DKNY'),('25','93','Purple'),('26','73','Compete Track Tote'),('26','74','24-WB02'),('26','75','The Compete Track Tote holds a host of exercise supplies with ease. Stash your towel, jacket and street shoes inside. Tuck water bottles in easy-access external spaces. Perfect for trips to gym or yoga studio, with dual top handles for convenience to and from. Two-way zippers. Contrast detailing. W 22.0\" x H 17\" x D 10\".'),('26','76','The Compete Track Tote holds a host of exercise supplies with ease. Stash your towel, jacket and street shoes inside. Tuck water bottles in easy-access external spaces. Perfect for trips to gym or yoga studio, with dual top handles for convenience to and from.'),('26','83','Nike'),('26','93','Green'),('27','73','Savvy Shoulder Tote'),('27','74','24-WB05'),('27','75','Powerwalking to the gym or strolling to the local coffeehouse, the Savvy Shoulder Tote lets you stash your essentials in sporty style! A top-loading compartment provides quick and easy access to larger items, while zippered pockets on the front and side hold cash, credit cards and phone. Water-resistant shell. Water bottle pocket. Padded, articulating shoulder strap. Dimensions: W 21\" x H 15\" x D 10\".'),('27','76','Powerwalking to the gym or strolling to the local coffeehouse, the Savvy Shoulder Tote lets you stash your essentials in sporty style! A top-loading compartment provides quick and easy access to larger items, while zippered pockets on the front and side hold cash, credit cards and phone.'),('27','83','Dolce'),('27','93','Orange'),('28','73','Endeavor Daytrip Backpack'),('28','74','24-WB06'),('28','75','With more room than it appears, the Endeavor Daytrip Backpack will hold a whole day\'s worth of books, binders and gym clothes. The spacious main compartment includes a dedicated laptop sleeve. Two other compartments offer extra storage space. Foam-padded adjustable shoulder straps. 900D polyester. Oversized zippers. Locker loop.'),('28','76','With more room than it appears, the Endeavor Daytrip Backpack will hold a whole day\'s worth of books, binders and gym clothes. The spacious main compartment includes a dedicated laptop sleeve. Two other compartments offer extra storage space.'),('28','83','Gabbana'),('28','93','Blue'),('29','73','Driven Backpack'),('29','74','24-WB03'),('29','75','School books, camp gear and yoga clothes get along just fine in the all-purpose Driven Backpack. Crafted with tough polyester ripstop fabric, it\'s outfitted with rubberized end panels and padded, adjustable shoulder straps. The roomy main compartment features molded foam pockets that host everything you need. Large main and small zip compartments. Adjustable, padded straps. Interior foam pockets. Exterior zip compartment. Left sport bottle pocket. Survival gear sold separately.'),('29','76','School books, camp gear and yoga clothes get along just fine in the all-purpose Driven Backpack. Crafted with tough polyester ripstop fabric, it\'s outfitted with rubberized end panels and padded, adjustable shoulder straps. The roomy main compartment features molded foam pockets that host everything you need.'),('29','83','Chanel'),('29','93','Blue'),('30','73','MH02-Black'),('30','74','MH02-Black'),('30','75','This Teton Pullover Hoodie gives you more than laid-back style. It\'s equipped with moisture-wicking fabric to keep light and dry inside, especially in chilly-weather workouts. An elasticized hem lets you move about freely. &bull; Black pullover hoodie.&bull; Soft, brushed interior. &bull; Front hand pockets. &bull; Machine wash/dry.'),('30','76','This Teton Pullover Hoodie gives you more than laid-back style. It\'s equipped with moisture-wicking fabric to keep light and dry inside, especially in chilly-weather workouts. An elasticized hem lets you move about freely.'),('30','83','Chanel'),('30','93','Black'),('31','73','MH02-Gray'),('31','74','MH02-Gray'),('31','75','This Teton Pullover Hoodie gives you more than laid-back style. It\'s equipped with moisture-wicking fabric to keep light and dry inside, especially in chilly-weather workouts. An elasticized hem lets you move about freely. &bull; Black pullover hoodie.&bull; Soft, brushed interior. &bull; Front hand pockets. &bull; Machine wash/dry.'),('31','76','This Teton Pullover Hoodie gives you more than laid-back style. It\'s equipped with moisture-wicking fabric to keep light and dry inside, especially in chilly-weather workouts. An elasticized hem lets you move about freely.'),('31','83','Chanel'),('31','93','Blue'),('32','73','Teton Pullover Hoodie | MH02-Black | MH02-Gray'),('32','74','MH02'),('32','75','This Teton Pullover Hoodie gives you more than laid-back style. It\'s equipped with moisture-wicking fabric to keep light and dry inside, especially in chilly-weather workouts. An elasticized hem lets you move about freely. &bull; Black pullover hoodie.&bull; Soft, brushed interior. &bull; Front hand pockets. &bull; Machine wash/dry. | This Teton Pullover Hoodie gives you more than laid-back style. It\'s equipped with moisture-wicking fabric to keep light and dry inside, especially in chilly-weather workouts. An elasticized hem lets you move about freely. &bull; Black pullover hoodie.&bull; Soft, brushed interior. &bull; Front hand pockets. &bull; Machine wash/dry. | This Teton Pullover Hoodie gives you more than laid-back style. It\'s equipped with moisture-wicking fabric to keep light and dry inside, especially in chilly-weather workouts. An elasticized hem lets you move about freely. &bull; Black pullover hoodie.&bull; Soft, brushed interior. &bull; Front hand pockets. &bull; Machine wash/dry.'),('32','76','This Teton Pullover Hoodie gives you more than laid-back style. It\'s equipped with moisture-wicking fabric to keep light and dry inside, especially in chilly-weather workouts. An elasticized hem lets you move about freely. | This Teton Pullover Hoodie gives you more than laid-back style. It\'s equipped with moisture-wicking fabric to keep light and dry inside, especially in chilly-weather workouts. An elasticized hem lets you move about freely. | This Teton Pullover Hoodie gives you more than laid-back style. It\'s equipped with moisture-wicking fabric to keep light and dry inside, especially in chilly-weather workouts. An elasticized hem lets you move about freely.'),('32','83','Chanel | Chanel | Chanel'),('32','93','Black | Blue'),('33','73','Overnight Duffle'),('33','74','25-WB07'),('33','75','For long weekends away, camping outings and business trips, the Overnight Duffle can\'t be beat. The dual handles make it a cinch to carry, while the durable waterproof exterior helps you worry less about the weather. With multiple organizational pockets inside and out, it\'s the perfect travel companion. Dual top handles. W 15\" x H 15\" x D 9\".'),('33','76','For long weekends away, camping outings and business trips, the Overnight Duffle can\'t be beat. The dual handles make it a cinch to carry, while the durable waterproof exterior helps you worry less about the weather. With multiple organizational pockets inside and out, it\'s the perfect travel companion.'),('33','83','DKNY'),('33','93','Purple'),('34','73','Push It Messenger Bag'),('34','74','25-WB04'),('34','75','The name says so, but the Push It Messenger Bag is much more than a busy commuter\'s tote. It\'s a closet away from home when you\'re pedaling from class or work to gym and back or home again. It\'s the perfect size and shape for laptop, folded clothes, even extra shoes. Adjustable crossbody strap. Top handle. Zippered interior pocket. Secure clip closures. Durable fabric construction.'),('34','76','The name says so, but the Push It Messenger Bag is much more than a busy commuter\'s tote. It\'s a closet away from home when you\'re pedaling from class or work to gym and back or home again. It\'s the perfect size and shape for laptop, folded clothes, even extra shoes.'),('34','83','Gabbana'),('34','93','Lavender'),('35','73','Affirm Water Bottle'),('35','74','25-UG06'),('35','75','You\'ll stay hydrated with ease with the Affirm Water Bottle by your side or in hand. Measurements on the outside help you keep track of how much you\'re drinking, while the screw-top lid prevents spills. A metal carabiner clip allows you to attach it to the outside of a backpack or bag for easy access. Made of plastic. Grooved sides for an easy grip.'),('35','76','You\'ll stay hydrated with ease with the Affirm Water Bottle by your side or in hand. Measurements on the outside help you keep track of how much you\'re drinking, while the screw-top lid prevents spills. A metal carabiner clip allows you to attach it to the outside of a backpack or bag for easy access.'),('35','83','Dolce'),('35','93','Green'),('36','73','Dual Handle Cardio Ball'),('36','74','25-UG07'),('36','75','Make the most of your limited workout window with our Dual-Handle Cardio Ball. The 15-lb ball maximizes the effort-impact to your abdominal, upper arm and lower-body muscles. It features a handle on each side for a firm, secure grip. Durable plastic shell with sand fill. Two handles. 15 lbs.'),('36','76','Make the most of your limited workout window with our Dual-Handle Cardio Ball. The 15-lb ball maximizes the effort-impact to your abdominal, upper arm and lower-body muscles. It features a handle on each side for a firm, secure grip.'),('36','83','Chanel'),('36','93','White'),('37','73','Zing Jump Rope'),('37','74','25-UG04'),('37','75','One of the world\'s simplest and most portable exercise devices, a jump rope enables endless variations and fitness output. The Zing Jump Rope goes anywhere and can be used any time. It is adjustable in length and has contoured foam handles for a great grip. Contoured foam handles. Adjustable length.'),('37','76','One of the world\'s simplest and most portable exercise devices, a jump rope enables endless variations and fitness output. The Zing Jump Rope goes anywhere and can be used any time. It is adjustable in length and has contoured foam handles for a great grip.'),('37','83','Dolce'),('37','93','Green'),('48','73','MH03-Black'),('48','74','MH03-Black'),('48','75','Stay comfortable and stay in the race no matter what the weather\'s up to. The Bruno Compete Hoodie\'s water-repellent exterior shields you from the elements, while advanced fabric technology inside wicks moisture to keep you dry. &bull; Full zip black hoodie pullover. &bull; Adjustable drawstring hood. &bull; Ribbed cuffs/waistband. &bull; Kangaroo pocket. &bull; Machine wash/dry.'),('48','76','Stay comfortable and stay in the race no matter what the weather\'s up to. The Bruno Compete Hoodie\'s water-repellent exterior shields you from the elements, while advanced fabric technology inside wicks moisture to keep you dry.'),('48','83','DKNY'),('48','93','Black'),('49','73','MH03-Gray'),('49','74','MH03-Gray'),('49','75','Stay comfortable and stay in the race no matter what the weather\'s up to. The Bruno Compete Hoodie\'s water-repellent exterior shields you from the elements, while advanced fabric technology inside wicks moisture to keep you dry. &bull; Full zip black hoodie pullover. &bull; Adjustable drawstring hood. &bull; Ribbed cuffs/waistband. &bull; Kangaroo pocket. &bull; Machine wash/dry.'),('49','76','Stay comfortable and stay in the race no matter what the weather\'s up to. The Bruno Compete Hoodie\'s water-repellent exterior shields you from the elements, while advanced fabric technology inside wicks moisture to keep you dry.'),('49','83','DKNY'),('49','93','Purple'),('50','73','Bruno Compete Hoodie | MH03-Black | MH03-Gray'),('50','74','MH03'),('50','75','Stay comfortable and stay in the race no matter what the weather\'s up to. The Bruno Compete Hoodie\'s water-repellent exterior shields you from the elements, while advanced fabric technology inside wicks moisture to keep you dry. &bull; Full zip black hoodie pullover. &bull; Adjustable drawstring hood. &bull; Ribbed cuffs/waistband. &bull; Kangaroo pocket. &bull; Machine wash/dry. | Stay comfortable and stay in the race no matter what the weather\'s up to. The Bruno Compete Hoodie\'s water-repellent exterior shields you from the elements, while advanced fabric technology inside wicks moisture to keep you dry. &bull; Full zip black hoodie pullover. &bull; Adjustable drawstring hood. &bull; Ribbed cuffs/waistband. &bull; Kangaroo pocket. &bull; Machine wash/dry. | Stay comfortable and stay in the race no matter what the weather\'s up to. The Bruno Compete Hoodie\'s water-repellent exterior shields you from the elements, while advanced fabric technology inside wicks moisture to keep you dry. &bull; Full zip black hoodie pullover. &bull; Adjustable drawstring hood. &bull; Ribbed cuffs/waistband. &bull; Kangaroo pocket. &bull; Machine wash/dry.'),('50','76','Stay comfortable and stay in the race no matter what the weather\'s up to. The Bruno Compete Hoodie\'s water-repellent exterior shields you from the elements, while advanced fabric technology inside wicks moisture to keep you dry. | Stay comfortable and stay in the race no matter what the weather\'s up to. The Bruno Compete Hoodie\'s water-repellent exterior shields you from the elements, while advanced fabric technology inside wicks moisture to keep you dry. | Stay comfortable and stay in the race no matter what the weather\'s up to. The Bruno Compete Hoodie\'s water-repellent exterior shields you from the elements, while advanced fabric technology inside wicks moisture to keep you dry.'),('50','83','DKNY | DKNY | DKNY'),('50','93','Black | Purple'),('51','73','Diam Special'),('51','74','Diam Special'),('51','75','The sporty Joust Duffle Bag can\'t be beat - not in the gym, not on the luggage carousel, not anywhere. Big enough to haul a basketball or soccer ball and some sneakers with plenty of room to spare, it\'s ideal for athletes with places to go. Dual top handles. Adjustable shoulder strap. Full-length zipper. L 29\" x W 13\" x H 11\".'),('51','76','The sporty Joust Duffle Bag can\'t be beat - not in the gym, not on the luggage carousel, not anywhere. Big enough to haul a basketball or soccer ball and some sneakers with plenty of room to spare, it\'s ideal for athletes with places to go.'),('51','83','Adidas'),('51','93','Black'),('52','73','New Diam'),('52','74','New Diam'),('52','75','Ideal for cold-weather training or work outdoors, the Chaz Hoodie promises superior warmth with every wear. Thick material blocks out the wind as ribbed cuffs and bottom band seal in body heat. &bull; Two-tone gray heather hoodie.&bull; Drawstring-adjustable hood. &bull; Machine wash/dry.'),('52','76','Ideal for cold-weather training or work outdoors, the Chaz Hoodie promises superior warmth with every wear. Thick material blocks out the wind as ribbed cuffs and bottom band seal in body heat. &bull; Two-tone gray heather hoodie.&bull; Drawstring-adjustable hood. &bull; Machine wash/dry.'),('52','83','Chanel'),('52','93','Blue'),('53','73','Diam Top'),('53','74','Diam Top'),('53','75','Ideal for cold-weather training or work outdoors, the Chaz Hoodie promises superior warmth with every wear. Thick material blocks out the wind as ribbed cuffs and bottom band seal in body heat. &bull; Two-tone gray heather hoodie.&bull; Drawstring-adjustable hood. &bull; Machine wash/dry.'),('53','76','Ideal for cold-weather training or work outdoors, the Chaz Hoodie promises superior warmth with every wear. Thick material blocks out the wind as ribbed cuffs and bottom band seal in body heat. &bull; Two-tone gray heather hoodie.&bull; Drawstring-adjustable hood. &bull; Machine wash/dry.'),('53','83','DKNY'),('53','93','Gray'),('54','73','Donec Shoes'),('54','74','Donec Shoes'),('54','75','Convenience is next to nothing when your day is crammed with action. So whether you\'re heading to class, gym, or the unbeaten path, make sure you\'ve got your Strive Shoulder Pack stuffed with all your essentials, and extras as well. Zippered main compartment. Front zippered pocket. Side mesh pocket. Cell phone pocket on strap. Adjustable shoulder strap and top carry handle.'),('54','76','Convenience is next to nothing when your day is crammed with action. So whether you\'re heading to class, gym, or the unbeaten path, make sure you\'ve got your Strive Shoulder Pack stuffed with all your essentials, and extras as well.'),('54','83','Dolce'),('54','93','Green'),('55','73','Summer Frame'),('55','74','Summer Frame'),('55','75','Ideal for cold-weather training or work outdoors, the Chaz Hoodie promises superior warmth with every wear. Thick material blocks out the wind as ribbed cuffs and bottom band seal in body heat. &bull; Two-tone gray heather hoodie.&bull; Drawstring-adjustable hood. &bull; Machine wash/dry.'),('55','76','Ideal for cold-weather training or work outdoors, the Chaz Hoodie promises superior warmth with every wear. Thick material blocks out the wind as ribbed cuffs and bottom band seal in body heat. &bull; Two-tone gray heather hoodie.&bull; Drawstring-adjustable hood. &bull; Machine wash/dry.'),('55','83','Gabbana'),('55','93','Lavender'),('56','73','Adidas Concepts Black'),('56','74','Adidas Concepts Black'),('56','75','Convenience is next to nothing when your day is crammed with action. So whether you\'re heading to class, gym, or the unbeaten path, make sure you\'ve got your Strive Shoulder Pack stuffed with all your essentials, and extras as well.'),('56','76','Convenience is next to nothing when your day is crammed with action. So whether you\'re heading to class, gym, or the unbeaten path, make sure you\'ve got your Strive Shoulder Pack stuffed with all your essentials, and extras as well.'),('56','83','Nike'),('56','93','Multi'),('57','73','Seeulater PK White1'),('57','74','Seeulater PK White1'),('57','75','Convenience is next to nothing when your day is crammed with action. So whether you\'re heading to class, gym, or the unbeaten path, make sure you\'ve got your Strive Shoulder Pack stuffed with all your essentials, and extras as well. Zippered main compartment. Front zippered pocket. Side mesh pocket. Cell phone pocket on strap. Adjustable shoulder strap and top carry handle.'),('57','76','Convenience is next to nothing when your day is crammed with action. So whether you\'re heading to class, gym, or the unbeaten path, make sure you\'ve got your Strive Shoulder Pack stuffed with all your essentials, and extras as well.'),('57','83','Other'),('57','93','Red'),('58','73','Wings Horns Beige'),('58','74','Wings Horns Beige'),('58','75','Ideal for cold-weather training or work outdoors, the Chaz Hoodie promises superior warmth with every wear. Thick material blocks out the wind as ribbed cuffs and bottom band seal in body heat. &bull; Two-tone gray heather hoodie.&bull; Drawstring-adjustable hood. &bull; Machine wash/dry.'),('58','76','Ideal for cold-weather training or work outdoors, the Chaz Hoodie promises superior warmth with every wear. Thick material blocks out the wind as ribbed cuffs and bottom band seal in body heat. &bull; Two-tone gray heather hoodie.&bull; Drawstring-adjustable hood. &bull; Machine wash/dry.'),('58','83','Chanel'),('58','93','Yellow'),('59','73','Reigning Champ Grey'),('59','74','Reigning Champ Grey'),('59','75','Ideal for cold-weather training or work outdoors, the Chaz Hoodie promises superior warmth with every wear. Thick material blocks out the wind as ribbed cuffs and bottom band seal in body heat. &bull; Two-tone gray heather hoodie.&bull; Drawstring-adjustable hood. &bull; Machine wash/dry.'),('59','76','Ideal for cold-weather training or work outdoors, the Chaz Hoodie promises superior warmth with every wear. Thick material blocks out the wind as ribbed cuffs and bottom band seal in body heat. &bull; Two-tone gray heather hoodie.&bull; Drawstring-adjustable hood. &bull; Machine wash/dry.'),('59','83','Adidas'),('59','93','Blue'),('60','73','Nike Air Deluxe White'),('60','74','Nike Air Deluxe White'),('60','75','Convenience is next to nothing when your day is crammed with action. So whether you\'re heading to class, gym, or the unbeaten path, make sure you\'ve got your Strive Shoulder Pack stuffed with all your essentials, and extras as well. Zippered main compartment. Front zippered pocket. Side mesh pocket. Cell phone pocket on strap. Adjustable shoulder strap and top carry handle.'),('60','76','Convenience is next to nothing when your day is crammed with action. So whether you\'re heading to class, gym, or the unbeaten path, make sure you\'ve got your Strive Shoulder Pack stuffed with all your essentials, and extras as well.'),('60','83','Nike'),('60','93','Green'),('61','73','Lavadome Ultra Light'),('61','74','Lavadome Ultra Light'),('61','75','Convenience is next to nothing when your day is crammed with action. So whether you\'re heading to class, gym, or the unbeaten path, make sure you\'ve got your Strive Shoulder Pack stuffed with all your essentials, and extras as well.'),('61','76','Ideal for cold-weather training or work outdoors, the Chaz Hoodie promises superior warmth with every wear. Thick material blocks out the wind as ribbed cuffs and bottom band seal in body heat. &bull; Two-tone gray heather hoodie.&bull; Drawstring-adjustable hood. &bull; Machine wash/dry.'),('61','83','Chanel'),('61','93','White'),('62','73','seeulater PK White2'),('62','74','seeulater PK White2'),('62','75','Convenience is next to nothing when your day is crammed with action. So whether you\'re heading to class, gym, or the unbeaten path, make sure you\'ve got your Strive Shoulder Pack stuffed with all your essentials, and extras as well. Zippered main compartment. Front zippered pocket. Side mesh pocket. Cell phone pocket on strap. Adjustable shoulder strap and top carry handle.'),('62','76','Convenience is next to nothing when your day is crammed with action. So whether you\'re heading to class, gym, or the unbeaten path, make sure you\'ve got your Strive Shoulder Pack stuffed with all your essentials, and extras as well.'),('62','83','Nike'),('62','93','Red'),('63','73','CTX 4pc Starter Set'),('63','74','CTX 4pc Starter Set'),('63','75','Ideal for cold-weather training or work outdoors, the Chaz Hoodie promises superior warmth with every wear. Thick material blocks out the wind as ribbed cuffs and bottom band seal in body heat. &bull; Two-tone gray heather hoodie.&bull; Drawstring-adjustable hood. &bull; Machine wash/dry.'),('63','76','Ideal for cold-weather training or work outdoors, the Chaz Hoodie promises superior warmth with every wear. Thick material blocks out the wind as ribbed cuffs and bottom band seal in body heat. &bull; Two-tone gray heather hoodie.&bull; Drawstring-adjustable hood. &bull; Machine wash/dry.'),('63','83','Nike'),('63','93','Blue'),('64','73','Chasseur Escoffier'),('64','74','Chasseur Escoffier'),('64','75','The sporty Joust Duffle Bag can\'t be beat - not in the gym, not on the luggage carousel, not anywhere. Big enough to haul a basketball or soccer ball and some sneakers with plenty of room to spare, it\'s ideal for athletes with places to go. Dual top handles. Adjustable shoulder strap. Full-length zipper. L 29\" x W 13\" x H 11\".'),('64','76','The sporty Joust Duffle Bag can\'t be beat - not in the gym, not on the luggage carousel, not anywhere. Big enough to haul a basketball or soccer ball and some sneakers with plenty of room to spare, it\'s ideal for athletes with places to go.'),('64','83','Adidas'),('64','93','Black'),('65','73','5pc Knife Block Set'),('65','74','5pc Knife Block Set'),('65','75','Ideal for cold-weather training or work outdoors, the Chaz Hoodie promises superior warmth with every wear. Thick material blocks out the wind as ribbed cuffs and bottom band seal in body heat. &bull; Two-tone gray heather hoodie.&bull; Drawstring-adjustable hood. &bull; Machine wash/dry.'),('65','76','Ideal for cold-weather training or work outdoors, the Chaz Hoodie promises superior warmth with every wear. Thick material blocks out the wind as ribbed cuffs and bottom band seal in body heat. &bull; Two-tone gray heather hoodie.&bull; Drawstring-adjustable hood. &bull; Machine wash/dry.'),('65','83','DKNY'),('65','93','Brown'),('67','73','5pc Knife Block Set1'),('67','74','5pc Knife Block Set1'),('67','75','The sporty Joust Duffle Bag can\'t be beat - not in the gym, not on the luggage carousel, not anywhere. Big enough to haul a basketball or soccer ball and some sneakers with plenty of room to spare, it\'s ideal for athletes with places to go. Dual top handles. Adjustable shoulder strap. Full-length zipper. L 29\" x W 13\" x H 11\".'),('67','76','The sporty Joust Duffle Bag can\'t be beat - not in the gym, not on the luggage carousel, not anywhere. Big enough to haul a basketball or soccer ball and some sneakers with plenty of room to spare, it\'s ideal for athletes with places to go.'),('67','83','Chanel'),('67','93','Brown'),('68','73','3pc Knife Block Set'),('68','74','3pc Knife Block Set'),('68','75','Ideal for cold-weather training or work outdoors, the Chaz Hoodie promises superior warmth with every wear. Thick material blocks out the wind as ribbed cuffs and bottom band seal in body heat. &bull; Two-tone gray heather hoodie.&bull; Drawstring-adjustable hood. &bull; Machine wash/dry.'),('68','76','Ideal for cold-weather training or work outdoors, the Chaz Hoodie promises superior warmth with every wear. Thick material blocks out the wind as ribbed cuffs and bottom band seal in body heat. &bull; Two-tone gray heather hoodie.&bull; Drawstring-adjustable hood. &bull; Machine wash/dry.'),('68','83','Dolce'),('68','93','Gray'),('69','73','Serroni Unbreakable'),('69','74','Serroni Unbreakable'),('69','75','Ideal for cold-weather training or work outdoors, the Chaz Hoodie promises superior warmth with every wear. Thick material blocks out the wind as ribbed cuffs and bottom band seal in body heat. &bull; Two-tone gray heather hoodie.&bull; Drawstring-adjustable hood. &bull; Machine wash/dry.'),('69','76','Ideal for cold-weather training or work outdoors, the Chaz Hoodie promises superior warmth with every wear. Thick material blocks out the wind as ribbed cuffs and bottom band seal in body heat. &bull; Two-tone gray heather hoodie.&bull; Drawstring-adjustable hood. &bull; Machine wash/dry.'),('69','83','Dolce'),('69','93','Multi'),('70','73','Infusion Pitcher'),('70','74','Infusion Pitcher'),('70','75','Ideal for cold-weather training or work outdoors, the Chaz Hoodie promises superior warmth with every wear. Thick material blocks out the wind as ribbed cuffs and bottom band seal in body heat. &bull; Two-tone gray heather hoodie.&bull; Drawstring-adjustable hood. &bull; Machine wash/dry.'),('70','76','Ideal for cold-weather training or work outdoors, the Chaz Hoodie promises superior warmth with every wear. Thick material blocks out the wind as ribbed cuffs and bottom band seal in body heat. &bull; Two-tone gray heather hoodie.&bull; Drawstring-adjustable hood. &bull; Machine wash/dry.'),('70','83','Chanel'),('70','93','White'),('71','73','Totally Bamboo'),('71','74','Totally Bamboo'),('71','75','The sporty Joust Duffle Bag can\'t be beat - not in the gym, not on the luggage carousel, not anywhere. Big enough to haul a basketball or soccer ball and some sneakers with plenty of room to spare, it\'s ideal for athletes with places to go. Dual top handles. Adjustable shoulder strap. Full-length zipper. L 29\" x W 13\" x H 11\".'),('71','76','The sporty Joust Duffle Bag can\'t be beat - not in the gym, not on the luggage carousel, not anywhere. Big enough to haul a basketball or soccer ball and some sneakers with plenty of room to spare, it\'s ideal for athletes with places to go.'),('71','83','Dolce'),('71','93','Brown'),('72','73','Scanpan Spectrum'),('72','74','Scanpan Spectrum'),('72','75','Ideal for cold-weather training or work outdoors, the Chaz Hoodie promises superior warmth with every wear. Thick material blocks out the wind as ribbed cuffs and bottom band seal in body heat. &bull; Two-tone gray heather hoodie.&bull; Drawstring-adjustable hood. &bull; Machine wash/dry.'),('72','76','Ideal for cold-weather training or work outdoors, the Chaz Hoodie promises superior warmth with every wear. Thick material blocks out the wind as ribbed cuffs and bottom band seal in body heat. &bull; Two-tone gray heather hoodie.&bull; Drawstring-adjustable hood. &bull; Machine wash/dry.'),('72','83','DKNY'),('72','93','Green'),('73','73','Chasseur La Cuisson'),('73','74','Chasseur La Cuisson'),('73','75','The sporty Joust Duffle Bag can\'t be beat - not in the gym, not on the luggage carousel, not anywhere. Big enough to haul a basketball or soccer ball and some sneakers with plenty of room to spare, it\'s ideal for athletes with places to go. Dual top handles. Adjustable shoulder strap. Full-length zipper. L 29\" x W 13\" x H 11\".'),('73','76','The sporty Joust Duffle Bag can\'t be beat - not in the gym, not on the luggage carousel, not anywhere. Big enough to haul a basketball or soccer ball and some sneakers with plenty of room to spare, it\'s ideal for athletes with places to go.'),('73','83','Gabbana'),('73','93','Lavender'),('74','73','KitchenAid Pro'),('74','74','KitchenAid Pro'),('74','75','Ideal for cold-weather training or work outdoors, the Chaz Hoodie promises superior warmth with every wear. Thick material blocks out the wind as ribbed cuffs and bottom band seal in body heat. &bull; Two-tone gray heather hoodie.&bull; Drawstring-adjustable hood. &bull; Machine wash/dry.'),('74','76','Ideal for cold-weather training or work outdoors, the Chaz Hoodie promises superior warmth with every wear. Thick material blocks out the wind as ribbed cuffs and bottom band seal in body heat. &bull; Two-tone gray heather hoodie.&bull; Drawstring-adjustable hood. &bull; Machine wash/dry.'),('74','83','Gabbana'),('74','93','Red'),('75','73','Scanpan CTX Coveredr'),('75','74','Scanpan CTX Coveredr'),('75','75','Ideal for cold-weather training or work outdoors, the Chaz Hoodie promises superior warmth with every wear. Thick material blocks out the wind as ribbed cuffs and bottom band seal in body heat. &bull; Two-tone gray heather hoodie.&bull; Drawstring-adjustable hood. &bull; Machine wash/dry.'),('75','76','Ideal for cold-weather training or work outdoors, the Chaz Hoodie promises superior warmth with every wear. Thick material blocks out the wind as ribbed cuffs and bottom band seal in body heat. &bull; Two-tone gray heather hoodie.&bull; Drawstring-adjustable hood. &bull; Machine wash/dry.'),('75','83','Chanel'),('75','93','White'),('76','73','Raco Contemporaryde'),('76','74','Raco Contemporaryde'),('76','75','The sporty Joust Duffle Bag can\'t be beat - not in the gym, not on the luggage carousel, not anywhere. Big enough to haul a basketball or soccer ball and some sneakers with plenty of room to spare, it\'s ideal for athletes with places to go. Dual top handles. Adjustable shoulder strap. Full-length zipper. L 29\" x W 13\" x H 11\".'),('76','76','The sporty Joust Duffle Bag can\'t be beat - not in the gym, not on the luggage carousel, not anywhere. Big enough to haul a basketball or soccer ball and some sneakers with plenty of room to spare, it\'s ideal for athletes with places to go.'),('76','83','DKNY'),('76','93','Gray'),('77','73','Emile Henry Braiserr'),('77','74','Emile Henry Braiserr'),('77','75','The sporty Joust Duffle Bag can\'t be beat - not in the gym, not on the luggage carousel, not anywhere. Big enough to haul a basketball or soccer ball and some sneakers with plenty of room to spare, it\'s ideal for athletes with places to go. Dual top handles. Adjustable shoulder strap. Full-length zipper. L 29\" x W 13\" x H 11\".'),('77','76','Ideal for cold-weather training or work outdoors, the Chaz Hoodie promises superior warmth with every wear. Thick material blocks out the wind as ribbed cuffs and bottom band seal in body heat. &bull; Two-tone gray heather hoodie.&bull; Drawstring-adjustable hood. &bull; Machine wash/dry.'),('77','83','DKNY'),('77','93','Purple');

--
-- Table structure for table `catalogsearch_fulltext_scope10`
--

CREATE TABLE `catalogsearch_fulltext_scope10` (
  `entity_id` int(10) unsigned NOT NULL COMMENT 'Entity ID',
  `attribute_id` int(10) unsigned NOT NULL COMMENT 'Attribute_id',
  `data_index` longtext COMMENT 'Data index',
  PRIMARY KEY (`entity_id`,`attribute_id`),
  FULLTEXT KEY `FTI_FULLTEXT_DATA_INDEX` (`data_index`)
) ENGINE=InnoDB DEFAULT CHARSET=utf8 COMMENT='catalogsearch_fulltext_scope10';

--
-- Dumping data for table `catalogsearch_fulltext_scope10`
--

INSERT INTO `catalogsearch_fulltext_scope10` VALUES ('1','73','Joust Duffle Bag'),('1','74','24-MB01'),('1','75','The sporty Joust Duffle Bag can\'t be beat - not in the gym, not on the luggage carousel, not anywhere. Big enough to haul a basketball or soccer ball and some sneakers with plenty of room to spare, it\'s ideal for athletes with places to go. Dual top handles. Adjustable shoulder strap. Full-length zipper. L 29\" x W 13\" x H 11\".'),('1','76','The sporty Joust Duffle Bag can\'t be beat - not in the gym, not on the luggage carousel, not anywhere. Big enough to haul a basketball or soccer ball and some sneakers with plenty of room to spare, it\'s ideal for athletes with places to go.'),('1','83','Adidas'),('1','93','Black'),('2','73','Chaz Kangeroo Hoodie | MH01-Black | MH01-Gray'),('2','74','MH01'),('2','75','Ideal for cold-weather training or work outdoors, the Chaz Hoodie promises superior warmth with every wear. Thick material blocks out the wind as ribbed cuffs and bottom band seal in body heat. &bull; Two-tone gray heather hoodie.&bull; Drawstring-adjustable hood. &bull; Machine wash/dry. | Ideal for cold-weather training or work outdoors, the Chaz Hoodie promises superior warmth with every wear. Thick material blocks out the wind as ribbed cuffs and bottom band seal in body heat. &bull; Two-tone gray heather hoodie.&bull; Drawstring-adjustable hood. &bull; Machine wash/dry. | Ideal for cold-weather training or work outdoors, the Chaz Hoodie promises superior warmth with every wear. Thick material blocks out the wind as ribbed cuffs and bottom band seal in body heat. &bull; Two-tone gray heather hoodie.&bull; Drawstring-adjustable hood. &bull; Machine wash/dry.'),('2','76','Ideal for cold-weather training or work outdoors, the Chaz Hoodie promises superior warmth with every wear. Thick material blocks out the wind as ribbed cuffs and bottom band seal in body heat. &bull; Two-tone gray heather hoodie.&bull; Drawstring-adjustable hood. &bull; Machine wash/dry. | Ideal for cold-weather training or work outdoors, the Chaz Hoodie promises superior warmth with every wear. Thick material blocks out the wind as ribbed cuffs and bottom band seal in body heat. &bull; Two-tone gray heather hoodie.&bull; Drawstring-adjustable hood. &bull; Machine wash/dry. | Ideal for cold-weather training or work outdoors, the Chaz Hoodie promises superior warmth with every wear. Thick material blocks out the wind as ribbed cuffs and bottom band seal in body heat. &bull; Two-tone gray heather hoodie.&bull; Drawstring-adjustable hood. &bull; Machine wash/dry.'),('2','83','Other | Chanel | Other'),('2','93','Black | Gray'),('9','73','Set of Sprite Yoga Straps | Joust Duffle Bag | MH01-Black'),('9','74','24-WG085_Group'),('9','75','Great set of Sprite Yoga Straps for every stretch and hold you need. There are three straps in this set: 6\', 8\' and 10\'. 100% soft and durable cotton. Plastic cinch buckle is easy to use. Choice of three natural colors made from phthalate and heavy metal free dyes. | The sporty Joust Duffle Bag can\'t be beat - not in the gym, not on the luggage carousel, not anywhere. Big enough to haul a basketball or soccer ball and some sneakers with plenty of room to spare, it\'s ideal for athletes with places to go. Dual top handles. Adjustable shoulder strap. Full-length zipper. L 29\" x W 13\" x H 11\". | Ideal for cold-weather training or work outdoors, the Chaz Hoodie promises superior warmth with every wear. Thick material blocks out the wind as ribbed cuffs and bottom band seal in body heat. &bull; Two-tone gray heather hoodie.&bull; Drawstring-adjustable hood. &bull; Machine wash/dry.'),('9','76','Great set of Sprite Yoga Straps for every stretch and hold you need. There are three straps in this set: 6\', 8\' and 10\'. | The sporty Joust Duffle Bag can\'t be beat - not in the gym, not on the luggage carousel, not anywhere. Big enough to haul a basketball or soccer ball and some sneakers with plenty of room to spare, it\'s ideal for athletes with places to go. | Ideal for cold-weather training or work outdoors, the Chaz Hoodie promises superior warmth with every wear. Thick material blocks out the wind as ribbed cuffs and bottom band seal in body heat. &bull; Two-tone gray heather hoodie.&bull; Drawstring-adjustable hood. &bull; Machine wash/dry.'),('9','83','Dolce | Adidas | Chanel'),('9','93','Gray | Black | Black'),('10','0','Sprite Stasis Ball'),('10','73','Sprite Yoga Companion Kit | Joust Duffle Bag | MH01-Black'),('10','74','24-WG080'),('10','75','&lt;p&gt;A well-rounded yoga workout takes more than a mat. The Sprite Yoga Companion Kit helps stock your studio with the basics you need for a full-range workout. The kit is composed of four best-selling Luma Sprite accessories in one easy bundle: statis ball, foam block, yoga strap, and foam roller. Choose sizes and colors and leave the rest to us. The kit includes:&lt;/p&gt;&lt;ul&gt;&lt;li&gt;Sprite Statis Ball&lt;/li&gt;&lt;li&gt;Sprite Foam Yoga Brick&lt;/li&gt;&lt;li&gt;Sprite Yoga Strap&lt;/li&gt;&lt;li&gt;Sprite Foam Roller&lt;/li&gt;&lt;/ul&gt; | The sporty Joust Duffle Bag can\'t be beat - not in the gym, not on the luggage carousel, not anywhere. Big enough to haul a basketball or soccer ball and some sneakers with plenty of room to spare, it\'s ideal for athletes with places to go. Dual top handles. Adjustable shoulder strap. Full-length zipper. L 29\" x W 13\" x H 11\". | Ideal for cold-weather training or work outdoors, the Chaz Hoodie promises superior warmth with every wear. Thick material blocks out the wind as ribbed cuffs and bottom band seal in body heat. &bull; Two-tone gray heather hoodie.&bull; Drawstring-adjustable hood. &bull; Machine wash/dry.'),('10','76','A well-rounded yoga workout takes more than a mat. The Sprite Yoga Companion Kit helps stock your studio with the basics you need for a full-range workout. The kit is composed of four best-selling Luma Sprite accessories in one easy bundle: statis ball, foam block, yoga strap, and foam roller. Choose sizes and colors and leave the rest to us. The kit includes: | The sporty Joust Duffle Bag can\'t be beat - not in the gym, not on the luggage carousel, not anywhere. Big enough to haul a basketball or soccer ball and some sneakers with plenty of room to spare, it\'s ideal for athletes with places to go. | Ideal for cold-weather training or work outdoors, the Chaz Hoodie promises superior warmth with every wear. Thick material blocks out the wind as ribbed cuffs and bottom band seal in body heat. &bull; Two-tone gray heather hoodie.&bull; Drawstring-adjustable hood. &bull; Machine wash/dry.'),('10','83','Gabbana | Adidas | Chanel'),('10','93','Lavender | Black | Black'),('17','73','Beginner\'s Yoga'),('17','74','240-LV04'),('17','75','Beginner\'s Yoga starts you down the path toward strength, balance and mental focus. With this video download, you don\'t have to be a great athlete or gym guru to learn the best and most basic techniques for lifelong yoga foundation. Video download Five workouts. Balance, strength and endurance. Flexibility and core strength. Includes modification for novices.'),('17','76','Beginner\'s Yoga starts you down the path toward strength, balance and mental focus. With this video download, you don\'t have to be a great athlete or gym guru to learn the best and most basic techniques for lifelong yoga foundation.'),('17','83','Nike'),('17','93','Purple'),('18','73','Strive Shoulder Pack'),('18','74','24-MB04'),('18','75','Convenience is next to nothing when your day is crammed with action. So whether you\'re heading to class, gym, or the unbeaten path, make sure you\'ve got your Strive Shoulder Pack stuffed with all your essentials, and extras as well. Zippered main compartment. Front zippered pocket. Side mesh pocket. Cell phone pocket on strap. Adjustable shoulder strap and top carry handle.'),('18','76','Convenience is next to nothing when your day is crammed with action. So whether you\'re heading to class, gym, or the unbeaten path, make sure you\'ve got your Strive Shoulder Pack stuffed with all your essentials, and extras as well.'),('18','83','Dolce'),('18','93','Yellow'),('19','73','Crown Summit Backpack'),('19','74','24-MB03'),('19','75','&lt;p&gt;The Crown Summit Backpack is equally at home in a gym locker, study cube or a pup tent, so be sure yours is packed with books, a bag lunch, water bottles, yoga block, laptop, or whatever else you want in hand. Rugged enough for day hikes and camping trips, it has two large zippered compartments and padded, adjustable shoulder straps.&lt;/p&gt;&lt;ul&gt;&lt;li&gt;Top handle.&lt;/li&gt;&lt;li&gt;Grommet holes.&lt;/li&gt;&lt;li&gt;Two-way zippers.&lt;/li&gt;&lt;li&gt;H 20\" x W 14\" x D 12\".&lt;/li&gt;&lt;li&gt;Weight: 2 lbs, 8 oz. Volume: 29 L.&lt;/li&gt;&lt;ul&gt;&lt;/ul&gt;&lt;/ul&gt;'),('19','76','The Crown Summit Backpack is equally at home in a gym locker, study cube or a pup tent, so be sure yours is packed with books, a bag lunch, water bottles, yoga block, laptop, or whatever else you want in hand. Rugged enough for day hikes and camping trips, it has two large zippered compartments and padded, adjustable shoulder straps.'),('19','83','DKNY'),('19','93','Red'),('20','73','Wayfarer Messenger Bag'),('20','74','24-MB05'),('20','75','Perfect for class, work or the gym, the Wayfarer Messenger Bag is packed with pockets. The dual-buckle flap closure reveals an organizational panel, and the roomy main compartment has spaces for your laptop and a change of clothes. An adjustable shoulder strap and easy-grip handle promise easy carrying. Multiple internal zip pockets. Made of durable nylon.'),('20','76','Perfect for class, work or the gym, the Wayfarer Messenger Bag is packed with pockets. The dual-buckle flap closure reveals an organizational panel, and the roomy main compartment has spaces for your laptop and a change of clothes. An adjustable shoulder strap and easy-grip handle promise easy carrying.'),('20','83','Nike'),('20','93','Orange'),('21','73','Rival Field Messenger'),('21','74','24-MB06'),('21','75','The Rival Field Messenger packs all your campus, studio or trail essentials inside a unique design of soft, textured leather - with loads of character to spare. Two exterior pockets keep all your smaller items handy, and the roomy interior offers even more space. Leather construction. Adjustable fabric carry strap. Dimensions: 18\" x 10\" x 4\".'),('21','76','The Rival Field Messenger packs all your campus, studio or trail essentials inside a unique design of soft, textured leather - with loads of character to spare. Two exterior pockets keep all your smaller items handy, and the roomy interior offers even more space.'),('21','83','Chanel'),('21','93','Green'),('23','73','Fusion Backpack'),('23','74','Fusio24-MB02'),('23','75','With the Fusion Backpack strapped on, every trek is an adventure - even a bus ride to work. That\'s partly because two large zippered compartments store everything you need, while a front zippered pocket and side mesh pouches are perfect for stashing those little extras, in case you change your mind and take the day off. Durable nylon construction. 2 main zippered compartments. 1 exterior zippered pocket. Mesh side pouches. Padded, adjustable straps. Top carry handle. Dimensions: 18\" x 10\" x 6\".'),('23','76','With the Fusion Backpack strapped on, every trek is an adventure - even a bus ride to work. That\'s partly because two large zippered compartments store everything you need, while a front zippered pocket and side mesh pouches are perfect for stashing those little extras, in case you change your mind and take the day off.'),('23','83','Chanel'),('23','93','Lavender'),('24','73','Impulse Duffle'),('24','74','24-UB02'),('24','75','Good for beach trips, track meets, yoga retreats and more, the Impulse Duffle is the companion you\'ll want at your side. A large U-shaped opening makes packing a hassle-free affair, while a zippered interior pocket keeps jewelry and other small valuables safely tucked out of sight. Wheeled. Dual carry handles. Retractable top handle. W 14\" x H 26\" x D 11\".'),('24','76','Good for beach trips, track meets, yoga retreats and more, the Impulse Duffle is the companion you\'ll want at your side. A large U-shaped opening makes packing a hassle-free affair, while a zippered interior pocket keeps jewelry and other small valuables safely tucked out of sight.'),('24','83','Adidas'),('24','93','Red'),('25','73','Voyage Yoga Bag'),('25','74','24-WB01'),('25','75','Everything you need for a trip to the gym will fit inside this surprisingly spacious Voyage Yoga Bag. Stock it with a water bottle, change of clothes, pair of shoes, and even a few beauty products. Fits inside a locker and zips shut for security. Slip pocket on front. Contrast piping. Durable nylon construction.'),('25','76','Everything you need for a trip to the gym will fit inside this surprisingly spacious Voyage Yoga Bag. Stock it with a water bottle, change of clothes, pair of shoes, and even a few beauty products. Fits inside a locker and zips shut for security.'),('25','83','DKNY'),('25','93','Purple'),('26','73','Compete Track Tote'),('26','74','24-WB02'),('26','75','The Compete Track Tote holds a host of exercise supplies with ease. Stash your towel, jacket and street shoes inside. Tuck water bottles in easy-access external spaces. Perfect for trips to gym or yoga studio, with dual top handles for convenience to and from. Two-way zippers. Contrast detailing. W 22.0\" x H 17\" x D 10\".'),('26','76','The Compete Track Tote holds a host of exercise supplies with ease. Stash your towel, jacket and street shoes inside. Tuck water bottles in easy-access external spaces. Perfect for trips to gym or yoga studio, with dual top handles for convenience to and from.'),('26','83','Nike'),('26','93','Green'),('27','73','Savvy Shoulder Tote'),('27','74','24-WB05'),('27','75','Powerwalking to the gym or strolling to the local coffeehouse, the Savvy Shoulder Tote lets you stash your essentials in sporty style! A top-loading compartment provides quick and easy access to larger items, while zippered pockets on the front and side hold cash, credit cards and phone. Water-resistant shell. Water bottle pocket. Padded, articulating shoulder strap. Dimensions: W 21\" x H 15\" x D 10\".'),('27','76','Powerwalking to the gym or strolling to the local coffeehouse, the Savvy Shoulder Tote lets you stash your essentials in sporty style! A top-loading compartment provides quick and easy access to larger items, while zippered pockets on the front and side hold cash, credit cards and phone.'),('27','83','Dolce'),('27','93','Orange'),('28','73','Endeavor Daytrip Backpack'),('28','74','24-WB06'),('28','75','With more room than it appears, the Endeavor Daytrip Backpack will hold a whole day\'s worth of books, binders and gym clothes. The spacious main compartment includes a dedicated laptop sleeve. Two other compartments offer extra storage space. Foam-padded adjustable shoulder straps. 900D polyester. Oversized zippers. Locker loop.'),('28','76','With more room than it appears, the Endeavor Daytrip Backpack will hold a whole day\'s worth of books, binders and gym clothes. The spacious main compartment includes a dedicated laptop sleeve. Two other compartments offer extra storage space.'),('28','83','Gabbana'),('28','93','Blue'),('29','73','Driven Backpack'),('29','74','24-WB03'),('29','75','School books, camp gear and yoga clothes get along just fine in the all-purpose Driven Backpack. Crafted with tough polyester ripstop fabric, it\'s outfitted with rubberized end panels and padded, adjustable shoulder straps. The roomy main compartment features molded foam pockets that host everything you need. Large main and small zip compartments. Adjustable, padded straps. Interior foam pockets. Exterior zip compartment. Left sport bottle pocket. Survival gear sold separately.'),('29','76','School books, camp gear and yoga clothes get along just fine in the all-purpose Driven Backpack. Crafted with tough polyester ripstop fabric, it\'s outfitted with rubberized end panels and padded, adjustable shoulder straps. The roomy main compartment features molded foam pockets that host everything you need.'),('29','83','Chanel'),('29','93','Orange'),('32','73','Teton Pullover Hoodie | MH02-Black | MH02-Gray'),('32','74','MH02'),('32','75','This Teton Pullover Hoodie gives you more than laid-back style. It\'s equipped with moisture-wicking fabric to keep light and dry inside, especially in chilly-weather workouts. An elasticized hem lets you move about freely. &bull; Black pullover hoodie.&bull; Soft, brushed interior. &bull; Front hand pockets. &bull; Machine wash/dry. | This Teton Pullover Hoodie gives you more than laid-back style. It\'s equipped with moisture-wicking fabric to keep light and dry inside, especially in chilly-weather workouts. An elasticized hem lets you move about freely. &bull; Black pullover hoodie.&bull; Soft, brushed interior. &bull; Front hand pockets. &bull; Machine wash/dry. | This Teton Pullover Hoodie gives you more than laid-back style. It\'s equipped with moisture-wicking fabric to keep light and dry inside, especially in chilly-weather workouts. An elasticized hem lets you move about freely. &bull; Black pullover hoodie.&bull; Soft, brushed interior. &bull; Front hand pockets. &bull; Machine wash/dry.'),('32','76','This Teton Pullover Hoodie gives you more than laid-back style. It\'s equipped with moisture-wicking fabric to keep light and dry inside, especially in chilly-weather workouts. An elasticized hem lets you move about freely. | This Teton Pullover Hoodie gives you more than laid-back style. It\'s equipped with moisture-wicking fabric to keep light and dry inside, especially in chilly-weather workouts. An elasticized hem lets you move about freely. | This Teton Pullover Hoodie gives you more than laid-back style. It\'s equipped with moisture-wicking fabric to keep light and dry inside, especially in chilly-weather workouts. An elasticized hem lets you move about freely.'),('32','83','Chanel | Chanel | Chanel'),('32','93','Black | Gray'),('33','73','Overnight Duffle'),('33','74','25-WB07'),('33','75','For long weekends away, camping outings and business trips, the Overnight Duffle can\'t be beat. The dual handles make it a cinch to carry, while the durable waterproof exterior helps you worry less about the weather. With multiple organizational pockets inside and out, it\'s the perfect travel companion. Dual top handles. W 15\" x H 15\" x D 9\".'),('33','76','For long weekends away, camping outings and business trips, the Overnight Duffle can\'t be beat. The dual handles make it a cinch to carry, while the durable waterproof exterior helps you worry less about the weather. With multiple organizational pockets inside and out, it\'s the perfect travel companion.'),('33','83','DKNY'),('33','93','Purple'),('34','73','Push It Messenger Bag'),('34','74','25-WB04'),('34','75','The name says so, but the Push It Messenger Bag is much more than a busy commuter\'s tote. It\'s a closet away from home when you\'re pedaling from class or work to gym and back or home again. It\'s the perfect size and shape for laptop, folded clothes, even extra shoes. Adjustable crossbody strap. Top handle. Zippered interior pocket. Secure clip closures. Durable fabric construction.'),('34','76','The name says so, but the Push It Messenger Bag is much more than a busy commuter\'s tote. It\'s a closet away from home when you\'re pedaling from class or work to gym and back or home again. It\'s the perfect size and shape for laptop, folded clothes, even extra shoes.'),('34','83','Gabbana'),('34','93','Blue'),('35','73','Affirm Water Bottle'),('35','74','25-UG06'),('35','75','You\'ll stay hydrated with ease with the Affirm Water Bottle by your side or in hand. Measurements on the outside help you keep track of how much you\'re drinking, while the screw-top lid prevents spills. A metal carabiner clip allows you to attach it to the outside of a backpack or bag for easy access. Made of plastic. Grooved sides for an easy grip.'),('35','76','You\'ll stay hydrated with ease with the Affirm Water Bottle by your side or in hand. Measurements on the outside help you keep track of how much you\'re drinking, while the screw-top lid prevents spills. A metal carabiner clip allows you to attach it to the outside of a backpack or bag for easy access.'),('35','83','Dolce'),('35','93','Green'),('36','73','Dual Handle Cardio Ball'),('36','74','25-UG07'),('36','75','Make the most of your limited workout window with our Dual-Handle Cardio Ball. The 15-lb ball maximizes the effort-impact to your abdominal, upper arm and lower-body muscles. It features a handle on each side for a firm, secure grip. Durable plastic shell with sand fill. Two handles. 15 lbs.'),('36','76','Make the most of your limited workout window with our Dual-Handle Cardio Ball. The 15-lb ball maximizes the effort-impact to your abdominal, upper arm and lower-body muscles. It features a handle on each side for a firm, secure grip.'),('36','83','Chanel'),('36','93','White'),('37','73','Zing Jump Rope'),('37','74','25-UG04'),('37','75','One of the world\'s simplest and most portable exercise devices, a jump rope enables endless variations and fitness output. The Zing Jump Rope goes anywhere and can be used any time. It is adjustable in length and has contoured foam handles for a great grip. Contoured foam handles. Adjustable length.'),('37','76','One of the world\'s simplest and most portable exercise devices, a jump rope enables endless variations and fitness output. The Zing Jump Rope goes anywhere and can be used any time. It is adjustable in length and has contoured foam handles for a great grip.'),('37','83','Dolce'),('37','93','Green'),('38','73','Go-Get\'r Pushup Grips'),('38','74','25-UG05'),('38','75','The Go-Get\'r Pushup Grips safely provide the extra range of motion you need for a deep-dip routine targeting core, shoulder, chest and arm strength. Do fewer pushups using more energy, getting better results faster than the standard floor-level technique yield. Durable foam grips. Supportive base.'),('38','76','The Go-Get\'r Pushup Grips safely provide the extra range of motion you need for a deep-dip routine targeting core, shoulder, chest and arm strength. Do fewer pushups using more energy, getting better results faster than the standard floor-level technique yield.'),('38','83','Adidas'),('38','93','Purple'),('39','73','Sprite Foam Yoga Brick'),('39','74','25-WG084'),('39','75','Our top-selling yoga prop, the 4-inch, high-quality Sprite Foam Yoga Brick is popular among yoga novices and studio professionals alike. An essential yoga accessory, the yoga brick is a critical tool for finding balance and alignment in many common yoga poses. Choose from 5 color options. Standard Large Size: 4\" x 6\" x 9\". Beveled edges for ideal contour grip. Durable and soft, scratch-proof foam. Individually wrapped. Ten color choices.'),('39','76','Our top-selling yoga prop, the 4-inch, high-quality Sprite Foam Yoga Brick is popular among yoga novices and studio professionals alike. An essential yoga accessory, the yoga brick is a critical tool for finding balance and alignment in many common yoga poses. Choose from 5 color options.'),('39','83','Dolce'),('39','93','Red'),('40','73','Aim Analog'),('40','74','25-MG04'),('40','75','Stay light-years ahead of the competition with our Aim Analog Watch. The flexible, rubberized strap is contoured to conform to the shape of your wrist for a comfortable all-day fit. The face features three illuminated hands, a digital read-out of the current time, and stopwatch functions. Japanese quartz movement. Strap fits 7\" to 8.0\".'),('40','76','Stay light-years ahead of the competition with our Aim Analog Watch. The flexible, rubberized strap is contoured to conform to the shape of your wrist for a comfortable all-day fit. The face features three illuminated hands, a digital read-out of the current time, and stopwatch functions.'),('40','83','DKNY'),('40','93','Purple'),('41','73','Endurance'),('41','74','25-MG01'),('41','75','It\'s easy to track and monitor your training progress with the Endurance Watch. You\'ll see standard info like time, date and day of the week, but it also functions for the serious high-mileage athete: lap counter, stopwatch, distance, heart rate, speed/pace, cadence and altitude. Digital display. LED backlight. Strap fits 7\" to 10\". 1-year limited warranty. Comes with polished metal case.'),('41','76','It\'s easy to track and monitor your training progress with the Endurance Watch. You\'ll see standard info like time, date and day of the week, but it also functions for the serious high-mileage athete: lap counter, stopwatch, distance, heart rate, speed/pace, cadence and altitude.'),('41','83','Nike'),('41','93','Multi'),('42','73','Summit'),('42','74','25-MG03'),('42','75','Trek high and low in the attractive Summit Watch, which features a digital LED display with time and date, stopwatch, lap counter, and 3-second backlight. It can also calculate the number of steps taken and calories burned. Brushed metal case. Water resistant (100 meters). Buckle clasp. Strap fits 7\" - 10\". 1-year limited warranty.'),('42','76','Trek high and low in the attractive Summit Watch, which features a digital LED display with time and date, stopwatch, lap counter, and 3-second backlight. It can also calculate the number of steps taken and calories burned.'),('42','83','Chanel'),('42','93','Orange'),('43','73','Cruise Dual Analog'),('43','74','24-MG05'),('43','75','Whether you\'re traveling or wish you were, you\'ll never let time zones perplex you again with the Cruise Dual Analog Watch. The thick, adjustable band promises a comfortable, personalized fit to this classy, modern time piece. Two dials. Stainless steel case. Adjustable leather band.'),('43','76','Whether you\'re traveling or wish you were, you\'ll never let time zones perplex you again with the Cruise Dual Analog Watch. The thick, adjustable band promises a comfortable, personalized fit to this classy, modern time piece.'),('43','83','Adidas'),('43','93','Red'),('44','73','Dash Digital'),('44','74','25-MG02'),('44','75','The Dash Digital Watch will challenge you to push harder and longer. Log workouts by date, average, and segment times, and recharge by setting hydration and nutrition alarms. This watch is styled with a sleek, square face and durable rubber strap for a long life. Digital display. LED backlight. Rubber strap with buckle clasp. 1-year limited warranty.'),('44','76','The Dash Digital Watch will challenge you to push harder and longer. Log workouts by date, average, and segment times, and recharge by setting hydration and nutrition alarms. This watch is styled with a sleek, square face and durable rubber strap for a long life.'),('44','83','Gabbana'),('44','93','Blue'),('45','73','Luma Analog'),('45','74','25-WG09'),('45','75','Designed to stand up to your active lifestyle, this women\'s Luma Analog Watch features a tasteful brushed chrome finish and a stainless steel, water-resistant construction for lasting durability. Precision Miyota&reg; three-hand movement.'),('45','76','Designed to stand up to your active lifestyle, this women\'s Luma Analog Watch features a tasteful brushed chrome finish and a stainless steel, water-resistant construction for lasting durability.'),('45','83','Other'),('46','73','Bolo Sport'),('46','74','25-WG01'),('46','75','The Bolo Sport Watch is sleek, sporty and sized just right to fit your smaller wrist. Easy to read and set up, it features a large digital face and button-activated alarm and stopwatch. The soft-touch resin band promises no-pinch comfort, while the water-resistant design lets you take your workout to the lap pool. Displays time, day and date. Two-tone design. 12/24 hour formats. Nickel-free buckle on band. Battery included.'),('46','76','The Bolo Sport Watch is sleek, sporty and sized just right to fit your smaller wrist. Easy to read and set up, it features a large digital face and button-activated alarm and stopwatch. The soft-touch resin band promises no-pinch comfort, while the water-resistant design lets you take your workout to the lap pool.'),('46','83','Gabbana'),('46','93','Brown'),('47','73','Clamber'),('47','74','25-WG03'),('47','75','Keep track of time on the treadmill or trail with our Clamber Watch. The flexible, rubberized strap is contoured to conform to your wrist for a comfortable fit all day. The face features an illuminated digital read-out of the current time and stopwatch functions. Japanese quartz movement. Strap fits 5\" to 6.0\".'),('47','76','Keep track of time on the treadmill or trail with our Clamber Watch. The flexible, rubberized strap is contoured to conform to your wrist for a comfortable fit all day. The face features an illuminated digital read-out of the current time and stopwatch functions.'),('47','83','Adidas'),('47','93','Blue'),('50','73','Bruno Compete Hoodie | MH03-Black | MH03-Gray'),('50','74','MH03'),('50','75','Stay comfortable and stay in the race no matter what the weather\'s up to. The Bruno Compete Hoodie\'s water-repellent exterior shields you from the elements, while advanced fabric technology inside wicks moisture to keep you dry. &bull; Full zip black hoodie pullover. &bull; Adjustable drawstring hood. &bull; Ribbed cuffs/waistband. &bull; Kangaroo pocket. &bull; Machine wash/dry. | Stay comfortable and stay in the race no matter what the weather\'s up to. The Bruno Compete Hoodie\'s water-repellent exterior shields you from the elements, while advanced fabric technology inside wicks moisture to keep you dry. &bull; Full zip black hoodie pullover. &bull; Adjustable drawstring hood. &bull; Ribbed cuffs/waistband. &bull; Kangaroo pocket. &bull; Machine wash/dry. | Stay comfortable and stay in the race no matter what the weather\'s up to. The Bruno Compete Hoodie\'s water-repellent exterior shields you from the elements, while advanced fabric technology inside wicks moisture to keep you dry. &bull; Full zip black hoodie pullover. &bull; Adjustable drawstring hood. &bull; Ribbed cuffs/waistband. &bull; Kangaroo pocket. &bull; Machine wash/dry.'),('50','76','Stay comfortable and stay in the race no matter what the weather\'s up to. The Bruno Compete Hoodie\'s water-repellent exterior shields you from the elements, while advanced fabric technology inside wicks moisture to keep you dry. | Stay comfortable and stay in the race no matter what the weather\'s up to. The Bruno Compete Hoodie\'s water-repellent exterior shields you from the elements, while advanced fabric technology inside wicks moisture to keep you dry. | Stay comfortable and stay in the race no matter what the weather\'s up to. The Bruno Compete Hoodie\'s water-repellent exterior shields you from the elements, while advanced fabric technology inside wicks moisture to keep you dry.'),('50','83','DKNY | DKNY | DKNY'),('50','93','White | Black | Gray'),('51','73','Frankie Sweatshirt'),('51','74','26-MH04'),('51','75','The Frankie Sweatshirt is your best friend at long afternoon stadium stints or winter trailside campsites. The soft fleece fabric keeps you toasty as moisture-wicking technology kicks in when the sun comes out. &bull; Light green crewneck sweatshirt.&bull; Hand pockets.&bull; Relaxed fit.&bull; Machine wash/dry.'),('51','76','The Frankie Sweatshirt is your best friend at long afternoon stadium stints or winter trailside campsites. The soft fleece fabric keeps you toasty as moisture-wicking technology kicks in when the sun comes out.'),('51','83','DKNY'),('51','93','Blue'),('52','73','Hollister Backyard'),('52','74','26-MH05'),('52','75','Kick off your weekend in the Hollister Backyard Sweatshirt. Whether you\'re raking leaves or flipping burgers, this comfy layer blocks the bite of the crisp autumn air. Puffy thick from hood to hem, it traps heat against your core. &bull; Cream crewneck sweatshirt with navy sleeves/trim.&bull; Relaxed fit. &bull; Ribbed cuffs and hem. &bull; Machine wash/dry.'),('52','76','Kick off your weekend in the Hollister Backyard Sweatshirt. Whether you\'re raking leaves or flipping burgers, this comfy layer blocks the bite of the crisp autumn air. Puffy thick from hood to hem, it traps heat against your core.'),('52','83','Adidas'),('52','93','Black'),('53','73','Hero Hoodie'),('53','74','26-MH07'),('53','75','Gray and black color blocking sets you apart as the Hero Hoodie keeps you warm on the bus, campus or cold mean streets. Slanted outsize front pockets keep your style real . . . convenient. &bull; Full-zip gray and black hoodie.&bull; Ribbed hem.&bull; Standard fit.&bull; Drawcord hood cinch.&bull; Water-resistant coating.'),('53','76','Gray and black color blocking sets you apart as the Hero Hoodie keeps you warm on the bus, campus or cold mean streets. Slanted outsize front pockets keep your style real . . . convenient.'),('53','83','Dolce'),('53','93','Red'),('54','73','Oslo Trek Hoodie'),('54','74','26-GH03'),('54','75','Chilly weather is just an excuse to throw on your toasty, handsome new Oslo Trek Hoodie. It features an adjustable drawstring hood and a kangaroo pocket for extra hand warmth. The ultra-soft, cozy lining will have you wishing for more brisk days. &bull; Brown hoodie with black detail.&bull; Pullover. &bull; Adjustable drawstring hood. &bull; Ribbed cuffs/waistband. &bull; Machine wash/dry.'),('54','76','Chilly weather is just an excuse to throw on your toasty, handsome new Oslo Trek Hoodie. It features an adjustable drawstring hood and a kangaroo pocket for extra hand warmth. The ultra-soft, cozy lining will have you wishing for more brisk days.'),('54','83','Gabbana'),('54','93','Lavender'),('55','73','Mach Street'),('55','74','26-MK10'),('55','75','From hard streets to asphalt track, the Mach Street Sweatshirt holds up to wear and wind and rain. An infusion of performance and stylish comfort, with moisture-wicking LumaTech&trade; fabric, it\'s bound to become an everyday part of your active lifestyle &bull; Navy heather crewneck sweatshirt.&bull; LumaTech&trade; moisture-wicking fabric.&bull; Antimicrobial, odor-resistant.&bull; Zip hand pockets.&bull; Chafe-resistant flatlock seams.&bull; Rib-knit cuffs and hem.'),('55','76','From hard streets to asphalt track, the Mach Street Sweatshirt holds up to wear and wind and rain. An infusion of performance and stylish comfort, with moisture-wicking LumaTech&trade; fabric, it\'s bound to become an everyday part of your active lifestyle'),('55','83','Chanel'),('55','93','White'),('57','73','Grayson Crewneck'),('57','74','26-AH11'),('57','75','The Grayson Crewneck Sweatshirt gives you that ageless, classic look &ndash; a style that comes back around nearly every season. What\'s more, its performance and temp-control values are always in vogue. &bull; Cream crewneck sweatshirt with black accents.&bull; 80% cotton/20% polyester fleece. &bull; Patterned knit hood lining. &bull; Knit cuffs and waist. &bull; Pouch pocket. &bull; Curl edged seam detail'),('57','76','The Grayson Crewneck Sweatshirt gives you that ageless, classic look &ndash; a style that comes back around nearly every season. What\'s more, its performance and temp-control values are always in vogue.'),('57','83','Nike'),('57','93','Orange'),('58','73','Ajax Full-Zip'),('58','74','26-MH12'),('58','75','The Ajax Full-Zip Sweatshirt makes the optimal layering or outer piece for archers, golfers, hikers and virtually any other sportsmen. Not only does it have top-notch moisture-wicking abilities, but the tight-weave fabric also prevents pilling from repeated wash-and-wear cycles. &bull; Mint striped full zip hoodie.&bull; 100% bonded polyester fleece.&bull; Pouch pocket.&bull; Rib cuffs and hem. &bull; Machine washable.'),('58','76','The Ajax Full-Zip Sweatshirt makes the optimal layering or outer piece for archers, golfers, hikers and virtually any other sportsmen. Not only does it have top-notch moisture-wicking abilities, but the tight-weave fabric also prevents pilling from repeated wash-and-wear cycles.'),('58','83','Gabbana'),('58','93','Gray'),('59','73','Marco Lightweight'),('59','74','26-MH13'),('59','75','For cold-weather training or post-game layering, you need something more than a basic fleece. Our Marco Lightweight Active Hoodie brings both style and performance to the plate, court, or touchline. The smooth-faced, brushed-back fabric blocks wind and traps body heat, while integrated Cocona&reg; fibers pull moisture away. &bull; Light blue heather full zip hoodie.&bull; Fitted flatlock seams.&bull; Matching lining and drawstring. &bull; Machine wash/dry.'),('59','76','For cold-weather training or post-game layering, you need something more than a basic fleece. Our Marco Lightweight Active Hoodie brings both style and performance to the plate, court, or touchline. The smooth-faced, brushed-back fabric blocks wind and traps body heat, while integrated Cocona&reg; fibers pull moisture away.'),('59','83','DKNY'),('59','93','Blue'),('60','73','Beaumont Summit'),('60','74','26-MJ01'),('60','75','The smooth nylon shell around the Beaumont Summit Kit combats wind, reinforced with a cold-fighting brushed fleece layer. The jacket is reversible, giving you a new look for the return trek. Ample pocket space rounds out this hiker\'s paradise package. &bull; Yellow full zip rain jacket.&bull; Full-zip front. &bull; Stand-up collar. &bull; Elasticized cuffs. &bull; Machine wash/dry.'),('60','76','The smooth nylon shell around the Beaumont Summit Kit combats wind, reinforced with a cold-fighting brushed fleece layer. The jacket is reversible, giving you a new look for the return trek. Ample pocket space rounds out this hiker\'s paradise package.'),('60','83','Nike'),('60','93','Green'),('61','73','Hyperion Elements'),('61','74','26-MJ02'),('61','75','Boldly face high winds, frigid temps and stormy weather the whole winter through in the Hyperion Elements Jacket. LumaTech&trade; insulating technology helps maintain your core temperature and wick sweat. The smooth shell is water repellent and quilted to retain body heat. &bull; Lime 1/4 zip pullover.&bull; Split pocket. &bull; Thumb holes. &bull; Machine wash/hang to dry.'),('61','76','Boldly face high winds, frigid temps and stormy weather the whole winter through in the Hyperion Elements Jacket. LumaTech&trade; insulating technology helps maintain your core temperature and wick sweat. The smooth shell is water repellent and quilted to retain body heat.'),('61','83','Chanel'),('61','93','Brown'),('62','73','Kenobi Trail'),('62','74','26-MJ04'),('62','75','Aside from sealed seams to keep moisture out and body heat in, the Kenobi Trail Vest is all about media convenience. Use your phone and music player without ever taking it out of its cozy compartment: an attached remote on the left chest lets you change songs, pause and raise/lower volume. &bull; Black 1/4 zip pullover with royal zipper. &bull; Adjustable hood and sleeve cuffs. &bull; Machine wash/air dry.'),('62','76','Aside from sealed seams to keep moisture out and body heat in, the Kenobi Trail Vest is all about media convenience. Use your phone and music player without ever taking it out of its cozy compartment: an attached remote on the left chest lets you change songs, pause and raise/lower volume.'),('62','83','Chanel'),('62','93','Orange'),('63','73','Orion Two-Tone Fitted'),('63','74','26-MJ07'),('63','75','While you\'re getting fit, you need a fitted jacket to match. Striking color blocking patterns on hood, shoulders and arms are hallmarks of the Orion Two-Tone Fitted Jacket. They provide eye-catching contrast against the rich, torso tones of this 100% polyester, moisture-wicking essential. &bull; Red full zip fleece with gray insets.&bull; Double-knit construction.&bull; Full athletic cut.&bull; Set in sleeves.&bull; Front pouch pocket.'),('63','76','While you\'re getting fit, you need a fitted jacket to match. Striking color blocking patterns on hood, shoulders and arms are hallmarks of the Orion Two-Tone Fitted Jacket. They provide eye-catching contrast against the rich, torso tones of this 100% polyester, moisture-wicking essential.'),('63','83','Nike'),('63','93','Yellow'),('64','73','Taurus Elements'),('64','74','26-MJ09'),('64','75','What\'s a little rain or snow when you\'re inside the Taurus Elements Shell? This specially engineered Cocona&reg; jacket lets you enjoy the great outdoors and brave the elements, thanks to the all-waterproof, breathable exterior. &bull; Yellow 1/4 zip pullover. &bull; Two chest pockets.&bull; Standard fit. &bull; Waterproof, breathable, seam sealed. &bull; Cocona&reg; performance fabric. &bull; Machine wash/dry.'),('64','76','What\'s a little rain or snow when you\'re inside the Taurus Elements Shell? This specially engineered Cocona&reg; jacket lets you enjoy the great outdoors and brave the elements, thanks to the all-waterproof, breathable exterior.'),('64','83','Adidas'),('64','93','Multi'),('65','73','Helios EverCool&trade'),('65','74','26-MS05'),('65','75','Pumping iron or dialing the track, you\'ve got cool comfort on your side in our short-sleeve Helios EverCool&trade; Tee. The fabric is infused with moisture-wicking technology that pulls sweat off your skin for speedy evaporation. Stretchy fabric gussets encourage ventilation while increasing your range of motion. &bull; Teal quick dry tee.&bull; Relaxed fit. &bull; Crew neckline. &bull; Machine wash/dry.'),('65','76','Pumping iron or dialing the track, you\'ve got cool comfort on your side in our short-sleeve Helios EverCool&trade; Tee. The fabric is infused with moisture-wicking technology that pulls sweat off your skin for speedy evaporation. Stretchy fabric gussets encourage ventilation while increasing your range of motion.'),('65','83','Gabbana'),('65','93','Orange'),('66','73','Typhon Performance'),('66','74','26-MJ11'),('66','75','Ironmen and couch warriors both reach for the Typhon Performance Fleece-lined Jacket. After all, no man can resist ultra-soft microfleece lining. Flatlock seams make it ideal for wearing over everything from tanks and tees to high-tech base layers. &bull; Black full-zip flight jacket.&bull; Cocona&reg; wicking fiber.&bull; Machine wash/dry.'),('66','76','Ironmen and couch warriors both reach for the Typhon Performance Fleece-lined Jacket. After all, no man can resist ultra-soft microfleece lining. Flatlock seams make it ideal for wearing over everything from tanks and tees to high-tech base layers.'),('66','83','Adidas'),('66','93','White');

--
